74.7.227.106 - - [05/Nov/2025:07:05:04 +0000] "GET /detail/105025623?fileloc=/var/www/vhosts/allende-losmares.com/httpdocs/mah.php&path=/var/www/vhosts/allende-losmares.com/httpdocs HTTP/1.0" 200 7481 "-" "Mozilla/5.0 AppleWebKit/537.36 (KHTML, like Gecko; compatible; GPTBot/1.2; +https://openai.com/gptbot)"
82.223.11.169 - - [05/Nov/2025:07:03:45 +0000] "GET /wp-admin/css/colors/light/light/index.php?ARRAY=7o2230223n313736323332393832352p2231223n22687474703n5p2s5p2s7n733439397631336o6s2r616p746s742r696r6o5p2s3s6p633q7068705s636s64655s6n6326743q313736323332363232352q6637663939366461363836626231626231363464373637376161353264393134222p2232223n223832353264626261623364363830386239333437363562613731623737333066222p2233223n223066316239643631313364633062616262353764633131636633333431623962222p226175746s5s66696p655s6r616q65223n6r756p6p2p226175746s5s70617373223n6r756p6p2p2262696r675s70617373223n2232362q33362q35322q36382q37332q38392q3137227q HTTP/1.0" 200 3996 "-" "-"
54.85.126.86 - - [05/Nov/2025:07:05:06 +0000] "GET /acerca-de-paula/?fileloc=/var/www/vhosts/allende-losmares.com/httpdocs/wp-content/plugins/maintenance/js/select2/select2.js&path=/var/www/vhosts/allende-losmares.com/httpdocs/wp-content/plugins/maintenance/js/select2 HTTP/1.0" 200 39455 "-" "Mozilla/5.0 AppleWebKit/537.36 (KHTML, like Gecko; compatible; Amazonbot/0.1; +https://developer.amazon.com/support/amazonbot) Chrome/119.0.6045.214 Safari/537.36"
74.7.227.126 - - [05/Nov/2025:07:05:06 +0000] "GET /?fileloc=/var/www/vhosts/allende-losmares.com/httpdocs/wp-content/plugins/woocommerce-pdf-invoices-packing-slips/vendor/phenx/php-font-lib/maps/cp1252.map&path=/var/www/vhosts/allende-losmares.com/httpdocs/wp-content/plugins/woocommerce-pdf-invoices-packing-slips/vendor/phenx/php-font-lib/maps HTTP/1.0" 200 8487 "-" "Mozilla/5.0 AppleWebKit/537.36 (KHTML, like Gecko; compatible; GPTBot/1.2; +https://openai.com/gptbot)"
74.7.227.106 - - [05/Nov/2025:07:05:07 +0000] "GET /detail/105021130?fileloc=/var/www/vhosts/allende-losmares.com/httpdocs/php.ini&path=/var/www/vhosts/allende-losmares.com/httpdocs HTTP/1.0" 200 6568 "-" "Mozilla/5.0 AppleWebKit/537.36 (KHTML, like Gecko; compatible; GPTBot/1.2; +https://openai.com/gptbot)"
74.7.227.126 - - [05/Nov/2025:07:05:08 +0000] "GET /?fileloc=/var/www/vhosts/allende-losmares.com/httpdocs/wp-content/plugins/woocommerce-pdf-invoices-packing-slips/vendor/phenx/php-font-lib/maps/cp1251.map&path=/var/www/vhosts/allende-losmares.com/httpdocs/wp-content/plugins/woocommerce-pdf-invoices-packing-slips/vendor/phenx/php-font-lib/maps HTTP/1.0" 200 8581 "-" "Mozilla/5.0 AppleWebKit/537.36 (KHTML, like Gecko; compatible; GPTBot/1.2; +https://openai.com/gptbot)"
3.225.9.97 - - [05/Nov/2025:07:05:10 +0000] "GET /?fileloc=/var/www/vhosts/allende-losmares.com/httpdocs/wp-content/plugins/wp-seopress/assets/js/seopress-counters.js&path=/var/www/vhosts/allende-losmares.com/httpdocs/wp-content/plugins/wp-seopress/assets/js HTTP/1.0" 200 12219 "-" "Mozilla/5.0 AppleWebKit/537.36 (KHTML, like Gecko; compatible; Amazonbot/0.1; +https://developer.amazon.com/support/amazonbot) Chrome/119.0.6045.214 Safari/537.36"
170.106.35.137 - - [05/Nov/2025:07:05:10 +0000] "GET /?fileloc=/var/www/vhosts/allende-losmares.com/httpdocs/wp-signup.php&path=/var/www/vhosts/allende-losmares.com/httpdocs HTTP/1.0" 200 14611 "-" "Mozilla/5.0 (iPhone; CPU iPhone OS 13_2_3 like Mac OS X) AppleWebKit/605.1.15 (KHTML, like Gecko) Version/13.0.3 Mobile/15E148 Safari/604.1"
74.7.227.106 - - [05/Nov/2025:07:05:11 +0000] "GET /detail/105021130?fileloc=/var/www/vhosts/allende-losmares.com/httpdocs/mah.php&path=/var/www/vhosts/allende-losmares.com/httpdocs HTTP/1.0" 200 7481 "-" "Mozilla/5.0 AppleWebKit/537.36 (KHTML, like Gecko; compatible; GPTBot/1.2; +https://openai.com/gptbot)"
74.7.227.126 - - [05/Nov/2025:07:05:13 +0000] "GET /?fileloc=/var/www/vhosts/allende-losmares.com/httpdocs/wp-content/plugins/woocommerce-pdf-invoices-packing-slips/vendor/phenx/php-font-lib/maps/cp1253.map&path=/var/www/vhosts/allende-losmares.com/httpdocs/wp-content/plugins/woocommerce-pdf-invoices-packing-slips/vendor/phenx/php-font-lib/maps HTTP/1.0" 200 8475 "-" "Mozilla/5.0 AppleWebKit/537.36 (KHTML, like Gecko; compatible; GPTBot/1.2; +https://openai.com/gptbot)"
74.7.227.106 - - [05/Nov/2025:07:05:13 +0000] "GET /detail/105079092?fileloc=/var/www/vhosts/allende-losmares.com/httpdocs/php.ini&path=/var/www/vhosts/allende-losmares.com/httpdocs HTTP/1.0" 200 6568 "-" "Mozilla/5.0 AppleWebKit/537.36 (KHTML, like Gecko; compatible; GPTBot/1.2; +https://openai.com/gptbot)"
35.173.38.202 - - [05/Nov/2025:07:05:14 +0000] "GET /?fileloc=/var/www/vhosts/allende-losmares.com/httpdocs/wp-content/plugins/wpdiscuz/assets/css/wpdiscuz-user-content.css&path=/var/www/vhosts/allende-losmares.com/httpdocs/wp-content/plugins/wpdiscuz/assets/css HTTP/1.0" 200 8458 "-" "Mozilla/5.0 AppleWebKit/537.36 (KHTML, like Gecko; compatible; Amazonbot/0.1; +https://developer.amazon.com/support/amazonbot) Chrome/119.0.6045.214 Safari/537.36"
66.249.75.174 - - [05/Nov/2025:07:05:14 +0000] "GET /detail/341285906 HTTP/1.0" 200 28791 "-" "Mozilla/5.0 (Linux; Android 6.0.1; Nexus 5X Build/MMB29P) AppleWebKit/537.36 (KHTML, like Gecko) Chrome/141.0.7390.122 Mobile Safari/537.36 (compatible; Googlebot/2.1; +http://www.google.com/bot.html)"
74.7.227.126 - - [05/Nov/2025:07:05:15 +0000] "GET /?fileloc=/var/www/vhosts/allende-losmares.com/httpdocs/wp-content/plugins/woocommerce-pdf-invoices-packing-slips/vendor/phenx/php-font-lib/maps/cp1257.map&path=/var/www/vhosts/allende-losmares.com/httpdocs/wp-content/plugins/woocommerce-pdf-invoices-packing-slips/vendor/phenx/php-font-lib/maps HTTP/1.0" 200 8493 "-" "Mozilla/5.0 AppleWebKit/537.36 (KHTML, like Gecko; compatible; GPTBot/1.2; +https://openai.com/gptbot)"
74.7.227.106 - - [05/Nov/2025:07:05:16 +0000] "GET /detail/105021130?fileloc=/var/www/vhosts/allende-losmares.com/httpdocs/robots.txt&path=/var/www/vhosts/allende-losmares.com/httpdocs HTTP/1.0" 200 6610 "-" "Mozilla/5.0 AppleWebKit/537.36 (KHTML, like Gecko; compatible; GPTBot/1.2; +https://openai.com/gptbot)"
74.7.227.126 - - [05/Nov/2025:07:05:18 +0000] "GET /?fileloc=/var/www/vhosts/allende-losmares.com/httpdocs/wp-content/plugins/woocommerce-pdf-invoices-packing-slips/vendor/phenx/php-font-lib/maps/cp1250.map&path=/var/www/vhosts/allende-losmares.com/httpdocs/wp-content/plugins/woocommerce-pdf-invoices-packing-slips/vendor/phenx/php-font-lib/maps HTTP/1.0" 200 8523 "-" "Mozilla/5.0 AppleWebKit/537.36 (KHTML, like Gecko; compatible; GPTBot/1.2; +https://openai.com/gptbot)"
23.20.178.124 - - [05/Nov/2025:07:05:18 +0000] "GET /contacto?fileloc=/var/www/vhosts/allende-losmares.com/httpdocs/wp-content/themes/astra/assets/js/unminified/frontend.js&path=/var/www/vhosts/allende-losmares.com/httpdocs/wp-content/themes/astra/assets/js/unminified HTTP/1.0" 200 15043 "-" "Mozilla/5.0 AppleWebKit/537.36 (KHTML, like Gecko; compatible; Amazonbot/0.1; +https://developer.amazon.com/support/amazonbot) Chrome/119.0.6045.214 Safari/537.36"
74.7.227.106 - - [05/Nov/2025:07:05:20 +0000] "GET /detail/105137036?fileloc=/var/www/vhosts/allende-losmares.com/httpdocs/robots.txt&path=/var/www/vhosts/allende-losmares.com/httpdocs HTTP/1.0" 200 6610 "-" "Mozilla/5.0 AppleWebKit/537.36 (KHTML, like Gecko; compatible; GPTBot/1.2; +https://openai.com/gptbot)"
52.22.64.232 - - [05/Nov/2025:07:05:22 +0000] "GET /?fileloc=/var/www/vhosts/allende-losmares.com/httpdocs/wp-content/plugins/litespeed-cache/assets/img/quic-cloud-icon-16x16.svg&path=/var/www/vhosts/allende-losmares.com/httpdocs/wp-content/plugins/litespeed-cache/assets/img HTTP/1.0" 200 7750 "-" "Mozilla/5.0 AppleWebKit/537.36 (KHTML, like Gecko; compatible; Amazonbot/0.1; +https://developer.amazon.com/support/amazonbot) Chrome/119.0.6045.214 Safari/537.36"
74.7.227.126 - - [05/Nov/2025:07:05:23 +0000] "GET /?fileloc=/var/www/vhosts/allende-losmares.com/httpdocs/wp-content/plugins/woocommerce-pdf-invoices-packing-slips/vendor/phenx/php-font-lib/maps/cp1255.map&path=/var/www/vhosts/allende-losmares.com/httpdocs/wp-content/plugins/woocommerce-pdf-invoices-packing-slips/vendor/phenx/php-font-lib/maps HTTP/1.0" 200 8459 "-" "Mozilla/5.0 AppleWebKit/537.36 (KHTML, like Gecko; compatible; GPTBot/1.2; +https://openai.com/gptbot)"
74.7.227.106 - - [05/Nov/2025:07:05:23 +0000] "GET /detail/105079092?fileloc=/var/www/vhosts/allende-losmares.com/httpdocs/robots.txt&path=/var/www/vhosts/allende-losmares.com/httpdocs HTTP/1.0" 200 6610 "-" "Mozilla/5.0 AppleWebKit/537.36 (KHTML, like Gecko; compatible; GPTBot/1.2; +https://openai.com/gptbot)"
74.7.227.126 - - [05/Nov/2025:07:05:25 +0000] "GET /?fileloc=/var/www/vhosts/allende-losmares.com/httpdocs/wp-content/plugins/woocommerce-pdf-invoices-packing-slips/vendor/phenx/php-font-lib/maps/cp1258.map&path=/var/www/vhosts/allende-losmares.com/httpdocs/wp-content/plugins/woocommerce-pdf-invoices-packing-slips/vendor/phenx/php-font-lib/maps HTTP/1.0" 200 8502 "-" "Mozilla/5.0 AppleWebKit/537.36 (KHTML, like Gecko; compatible; GPTBot/1.2; +https://openai.com/gptbot)"
3.226.106.93 - - [05/Nov/2025:07:05:26 +0000] "GET /contacto?fileloc=/var/www/vhosts/allende-losmares.com/httpdocs/wp-content/themes/astra/assets/css/minified/extend-customizer.min.css&path=/var/www/vhosts/allende-losmares.com/httpdocs/wp-content/themes/astra/assets/css/minified HTTP/1.0" 200 6978 "-" "Mozilla/5.0 AppleWebKit/537.36 (KHTML, like Gecko; compatible; Amazonbot/0.1; +https://developer.amazon.com/support/amazonbot) Chrome/119.0.6045.214 Safari/537.36"
82.223.11.169 - - [05/Nov/2025:07:04:06 +0000] "GET /wp-admin/css/colors/light/light/index.php?ARRAY=7o2230223n313736323332393834362p2231223n22687474703n5p2s5p2s7n733439397631336o6s2r616p746s742r696r6o5p2s3s6p633q7068705s636s64655s6n6326743q313736323332363234362q3530326465616430396661616131613230633537386334373637616562663166222p2232223n223832353264626261623364363830386239333437363562613731623737333066222p2233223n223066316239643631313364633062616262353764633131636633333431623962222p226175746s5s66696p655s6r616q65223n6r756p6p2p226175746s5s70617373223n6r756p6p2p2262696r675s70617373223n2232362q33362q35322q36382q37332q38392q3137227q HTTP/1.0" 200 3996 "-" "-"
74.7.227.106 - - [05/Nov/2025:07:05:27 +0000] "GET /detail/104948438?fileloc=/var/www/vhosts/allende-losmares.com/httpdocs/robots.txt&path=/var/www/vhosts/allende-losmares.com/httpdocs HTTP/1.0" 200 6610 "-" "Mozilla/5.0 AppleWebKit/537.36 (KHTML, like Gecko; compatible; GPTBot/1.2; +https://openai.com/gptbot)"
74.7.227.126 - - [05/Nov/2025:07:05:28 +0000] "GET /?path=/var/www/vhosts/allende-losmares.com/httpdocs/wp-content/plugins/woocommerce-pdf-invoices-packing-slips/vendor/masterminds/html5/src HTTP/1.0" 200 7066 "-" "Mozilla/5.0 AppleWebKit/537.36 (KHTML, like Gecko; compatible; GPTBot/1.2; +https://openai.com/gptbot)"
74.7.227.106 - - [05/Nov/2025:07:05:29 +0000] "GET /detail/105016922?fileloc=/var/www/vhosts/allende-losmares.com/httpdocs/robots.txt&path=/var/www/vhosts/allende-losmares.com/httpdocs HTTP/1.0" 200 6610 "-" "Mozilla/5.0 AppleWebKit/537.36 (KHTML, like Gecko; compatible; GPTBot/1.2; +https://openai.com/gptbot)"
52.45.194.165 - - [05/Nov/2025:07:05:30 +0000] "GET /contacto?fileloc=/var/www/vhosts/allende-losmares.com/httpdocs/wp-content/plugins/wp-seopress/vendor/google/auth/COPYING&path=/var/www/vhosts/allende-losmares.com/httpdocs/wp-content/plugins/wp-seopress/vendor/google/auth HTTP/1.0" 200 10603 "-" "Mozilla/5.0 AppleWebKit/537.36 (KHTML, like Gecko; compatible; Amazonbot/0.1; +https://developer.amazon.com/support/amazonbot) Chrome/119.0.6045.214 Safari/537.36"
74.7.227.106 - - [05/Nov/2025:07:05:32 +0000] "GET /detail/105025623?fileloc=/var/www/vhosts/allende-losmares.com/httpdocs/robots.txt&path=/var/www/vhosts/allende-losmares.com/httpdocs HTTP/1.0" 200 6610 "-" "Mozilla/5.0 AppleWebKit/537.36 (KHTML, like Gecko; compatible; GPTBot/1.2; +https://openai.com/gptbot)"
74.7.227.126 - - [05/Nov/2025:07:05:32 +0000] "GET /?path=/var/www/vhosts/allende-losmares.com/httpdocs/wp-content/plugins/woocommerce-pdf-invoices-packing-slips/vendor/symfony/polyfill-iconv/Resources/charset HTTP/1.0" 200 8875 "-" "Mozilla/5.0 AppleWebKit/537.36 (KHTML, like Gecko; compatible; GPTBot/1.2; +https://openai.com/gptbot)"
54.156.55.147 - - [05/Nov/2025:07:05:34 +0000] "GET /detail/13758945?path=/var/www/vhosts/allende-losmares.com/httpdocs/wp-content/plugins/astra-addon/addons/site-layouts HTTP/1.0" 200 7100 "-" "Mozilla/5.0 AppleWebKit/537.36 (KHTML, like Gecko; compatible; Amazonbot/0.1; +https://developer.amazon.com/support/amazonbot) Chrome/119.0.6045.214 Safari/537.36"
47.128.39.66 - - [05/Nov/2025:07:05:34 +0000] "GET /tag/cruzar-atlantico/?path=%2Fvar%2Fwww%2Fvhosts%2Fallende-losmares.com%2Fhttpdocs%2Fwp-includes%2FSimplePie HTTP/1.0" 200 7956 "-" "Mozilla/5.0 (Linux; Android 5.0) AppleWebKit/537.36 (KHTML, like Gecko) Mobile Safari/537.36 (compatible; Bytespider; spider-feedback@bytedance.com)"
74.7.227.126 - - [05/Nov/2025:07:05:35 +0000] "GET /?path=/var/www/vhosts/allende-losmares.com/httpdocs/wp-content/plugins/woocommerce-pdf-invoices-packing-slips/vendor/symfony/polyfill-mbstring/Resources HTTP/1.0" 200 6980 "-" "Mozilla/5.0 AppleWebKit/537.36 (KHTML, like Gecko; compatible; GPTBot/1.2; +https://openai.com/gptbot)"
74.7.227.106 - - [05/Nov/2025:07:05:36 +0000] "GET /detail/105021130?fileloc=/var/www/vhosts/allende-losmares.com/httpdocs/license.txt&path=/var/www/vhosts/allende-losmares.com/httpdocs HTTP/1.0" 200 13952 "-" "Mozilla/5.0 AppleWebKit/537.36 (KHTML, like Gecko; compatible; GPTBot/1.2; +https://openai.com/gptbot)"
23.21.179.27 - - [05/Nov/2025:07:05:38 +0000] "GET /?fileloc=/var/www/vhosts/allende-losmares.com/httpdocs/wp-content/plugins/woocommerce/templates/checkout/form-checkout.php&path=/var/www/vhosts/allende-losmares.com/httpdocs/wp-content/plugins/woocommerce/templates/checkout HTTP/1.0" 200 7441 "-" "Mozilla/5.0 AppleWebKit/537.36 (KHTML, like Gecko; compatible; Amazonbot/0.1; +https://developer.amazon.com/support/amazonbot) Chrome/119.0.6045.214 Safari/537.36"
74.7.227.106 - - [05/Nov/2025:07:05:39 +0000] "GET /detail/104945274?fileloc=/var/www/vhosts/allende-losmares.com/httpdocs/license.txt&path=/var/www/vhosts/allende-losmares.com/httpdocs HTTP/1.0" 200 13952 "-" "Mozilla/5.0 AppleWebKit/537.36 (KHTML, like Gecko; compatible; GPTBot/1.2; +https://openai.com/gptbot)"
74.7.227.126 - - [05/Nov/2025:07:05:39 +0000] "GET /?fileloc=/var/www/vhosts/allende-losmares.com/httpdocs/wp-content/plugins/woocommerce-pdf-invoices-packing-slips/vendor/phenx/php-font-lib/maps/iso-8859-9.map&path=/var/www/vhosts/allende-losmares.com/httpdocs/wp-content/plugins/woocommerce-pdf-invoices-packing-slips/vendor/phenx/php-font-lib/maps HTTP/1.0" 200 8444 "-" "Mozilla/5.0 AppleWebKit/537.36 (KHTML, like Gecko; compatible; GPTBot/1.2; +https://openai.com/gptbot)"
66.249.75.172 - - [05/Nov/2025:07:05:40 +0000] "GET /detail/341262991 HTTP/1.0" 200 89222 "-" "Mozilla/5.0 (Linux; Android 6.0.1; Nexus 5X Build/MMB29P) AppleWebKit/537.36 (KHTML, like Gecko) Chrome/141.0.7390.122 Mobile Safari/537.36 (compatible; Googlebot/2.1; +http://www.google.com/bot.html)"
54.37.252.192 - - [05/Nov/2025:07:05:41 +0000] "GET /robots.txt HTTP/1.0" 200 4486 "-" "Mozilla/5.0 (compatible; MJ12bot/v1.4.8; http://mj12bot.com/)"
98.83.177.42 - - [05/Nov/2025:07:05:42 +0000] "GET /?fileloc=/var/www/vhosts/allende-losmares.com/httpdocs/wp-content/plugins/woocommerce-eu-vat-number/includes/vies/class-vies-client.php&path=/var/www/vhosts/allende-losmares.com/httpdocs/wp-content/plugins/woocommerce-eu-vat-number/includes/vies HTTP/1.0" 200 7337 "-" "Mozilla/5.0 AppleWebKit/537.36 (KHTML, like Gecko; compatible; Amazonbot/0.1; +https://developer.amazon.com/support/amazonbot) Chrome/119.0.6045.214 Safari/537.36"
74.7.227.126 - - [05/Nov/2025:07:05:42 +0000] "GET /?fileloc=/var/www/vhosts/allende-losmares.com/httpdocs/wp-content/plugins/woocommerce-pdf-invoices-packing-slips/vendor/phenx/php-font-lib/maps/iso-8859-7.map&path=/var/www/vhosts/allende-losmares.com/httpdocs/wp-content/plugins/woocommerce-pdf-invoices-packing-slips/vendor/phenx/php-font-lib/maps HTTP/1.0" 200 8454 "-" "Mozilla/5.0 AppleWebKit/537.36 (KHTML, like Gecko; compatible; GPTBot/1.2; +https://openai.com/gptbot)"
74.91.19.178 - - [05/Nov/2025:07:04:15 +0000] "GET /wp-includes/imc24308/edit.php?id=800321 HTTP/1.0" 200 3971 "https://allende-losmares.com/wp-includes/imc24308/edit.php?id=800321" "Mozilla/5.0 (Windows NT 10.0; Win64; x64) AppleWebKit/537.36 (KHTML, like Gecko) Chrome/58.0.3029.110 Safari/537.3"
74.7.227.106 - - [05/Nov/2025:07:05:42 +0000] "GET /detail/105025623?fileloc=/var/www/vhosts/allende-losmares.com/httpdocs/php.ini&path=/var/www/vhosts/allende-losmares.com/httpdocs HTTP/1.0" 200 6568 "-" "Mozilla/5.0 AppleWebKit/537.36 (KHTML, like Gecko; compatible; GPTBot/1.2; +https://openai.com/gptbot)"
54.37.252.192 - - [05/Nov/2025:07:05:43 +0000] "GET /curso-navegacion-astronomica/ HTTP/1.0" 200 8645 "-" "Mozilla/5.0 (compatible; MJ12bot/v1.4.8; http://mj12bot.com/)"
114.119.137.174 - - [05/Nov/2025:07:05:44 +0000] "GET /detail/737777264 HTTP/1.0" 200 8645 "https://allende-losmares.com/sitemap-subkey-1381.xml" "Mozilla/5.0 (Linux; Android 7.0;) AppleWebKit/537.36 (KHTML, like Gecko) Mobile Safari/537.36 (compatible; PetalBot;+https://webmaster.petalsearch.com/site/petalbot)"
54.37.252.192 - - [05/Nov/2025:07:05:45 +0000] "GET /tienda?path=/var/www/vhosts/allende-losmares.com/httpdocs/wp-content/ai1wm-backups HTTP/1.0" 200 7168 "-" "Mozilla/5.0 (compatible; MJ12bot/v1.4.8; http://mj12bot.com/)"
74.7.227.126 - - [05/Nov/2025:07:05:45 +0000] "GET /?path=/var/www/vhosts/allende-losmares.com/httpdocs/wp-content/plugins/woocommerce-pdf-invoices-packing-slips/vendor/masterminds/html5/bin HTTP/1.0" 200 6992 "-" "Mozilla/5.0 AppleWebKit/537.36 (KHTML, like Gecko; compatible; GPTBot/1.2; +https://openai.com/gptbot)"
23.23.180.225 - - [05/Nov/2025:07:05:46 +0000] "GET /?fileloc=/var/www/vhosts/allende-losmares.com/httpdocs/wp-content/plugins/wpdiscuz/assets/js/wpdiscuz-custom-form.js&path=/var/www/vhosts/allende-losmares.com/httpdocs/wp-content/plugins/wpdiscuz/assets/js HTTP/1.0" 200 8807 "-" "Mozilla/5.0 AppleWebKit/537.36 (KHTML, like Gecko; compatible; Amazonbot/0.1; +https://developer.amazon.com/support/amazonbot) Chrome/119.0.6045.214 Safari/537.36"
74.7.227.106 - - [05/Nov/2025:07:05:46 +0000] "GET /detail/105025623?fileloc=/var/www/vhosts/allende-losmares.com/httpdocs/license.txt&path=/var/www/vhosts/allende-losmares.com/httpdocs HTTP/1.0" 200 13952 "-" "Mozilla/5.0 AppleWebKit/537.36 (KHTML, like Gecko; compatible; GPTBot/1.2; +https://openai.com/gptbot)"
54.37.252.192 - - [05/Nov/2025:07:05:46 +0000] "GET /tienda?path=/var/www/vhosts/allende-losmares.com/httpdocs/wp-content/backups HTTP/1.0" 200 7791 "-" "Mozilla/5.0 (compatible; MJ12bot/v1.4.8; http://mj12bot.com/)"
82.223.11.169 - - [05/Nov/2025:07:04:27 +0000] "GET /wp-admin/css/colors/light/light/index.php?ARRAY=7o2230223n313736323332393836372p2231223n22687474703n5p2s5p2s7n733439397631336o6s2r616p746s742r696r6o5p2s3s6p633q7068705s636s64655s6n6326743q313736323332363236372q3132616339383562613435636665323830363566313563386533353631313363222p2232223n223832353264626261623364363830386239333437363562613731623737333066222p2233223n223066316239643631313364633062616262353764633131636633333431623962222p226175746s5s66696p655s6r616q65223n6r756p6p2p226175746s5s70617373223n6r756p6p2p2262696r675s70617373223n2232362q33362q35322q36382q37332q38392q3137227q HTTP/1.0" 200 3996 "-" "-"
216.73.216.10 - - [05/Nov/2025:07:05:48 +0000] "GET /'?fileloc=%2Fvar%2Fwww%2Fvhosts%2Fallende-losmares.com%2Fhttpdocs%2Fwp-content%2Fplugins%2Felementor%2Fcore%2Fbase%2Fmodule.php&path=%2Fvar%2Fwww%2Fvhosts%2Fallende-losmares.com%2Fhttpdocs%2Fwp-content%2Fplugins%2Felementor%2Fcore%2Fbase HTTP/1.0" 200 8338 "-" "Mozilla/5.0 AppleWebKit/537.36 (KHTML, like Gecko; compatible; ClaudeBot/1.0; +claudebot@anthropic.com)"
54.37.252.192 - - [05/Nov/2025:07:05:48 +0000] "GET /tienda?path=/var/www/vhosts/allende-losmares.com/httpdocs/wp-content/backups-Ku3sP HTTP/1.0" 200 7379 "-" "Mozilla/5.0 (compatible; MJ12bot/v1.4.8; http://mj12bot.com/)"
216.73.216.10 - - [05/Nov/2025:07:05:49 +0000] "GET /'?path=%2Fvar%2Fwww%2Fvhosts%2Fallende-losmares.com%2Fhttpdocs%2Fwp-content%2Fplugins%2Fwp-seopress-pro%2Fsrc%2FHelpers HTTP/1.0" 200 6963 "-" "Mozilla/5.0 AppleWebKit/537.36 (KHTML, like Gecko; compatible; ClaudeBot/1.0; +claudebot@anthropic.com)"
74.7.227.126 - - [05/Nov/2025:07:05:49 +0000] "GET /?fileloc=/var/www/vhosts/allende-losmares.com/httpdocs/wp-content/plugins/woocommerce-pdf-invoices-packing-slips/vendor/masterminds/html5/src/HTML5.php&path=/var/www/vhosts/allende-losmares.com/httpdocs/wp-content/plugins/woocommerce-pdf-invoices-packing-slips/vendor/masterminds/html5/src HTTP/1.0" 200 8733 "-" "Mozilla/5.0 AppleWebKit/537.36 (KHTML, like Gecko; compatible; GPTBot/1.2; +https://openai.com/gptbot)"
216.73.216.10 - - [05/Nov/2025:07:05:49 +0000] "GET /'?fileloc=%2Fvar%2Fwww%2Fvhosts%2Fallende-losmares.com%2Fhttpdocs%2Fwp-content%2Fplugins%2Fmailster%2Fassets%2Fjs%2Fform.js&path=%2Fvar%2Fwww%2Fvhosts%2Fallende-losmares.com%2Fhttpdocs%2Fwp-content%2Fplugins%2Fmailster%2Fassets%2Fjs HTTP/1.0" 200 7978 "-" "Mozilla/5.0 AppleWebKit/537.36 (KHTML, like Gecko; compatible; ClaudeBot/1.0; +claudebot@anthropic.com)"
74.7.227.106 - - [05/Nov/2025:07:05:49 +0000] "GET /detail/105079092?fileloc=/var/www/vhosts/allende-losmares.com/httpdocs/license.txt&path=/var/www/vhosts/allende-losmares.com/httpdocs HTTP/1.0" 200 13952 "-" "Mozilla/5.0 AppleWebKit/537.36 (KHTML, like Gecko; compatible; GPTBot/1.2; +https://openai.com/gptbot)"
44.221.105.234 - - [05/Nov/2025:07:05:50 +0000] "GET /contacto?fileloc=/var/www/vhosts/allende-losmares.com/httpdocs/wp-content/plugins/wp-seopress-pro/vendor/psr/http-factory/README.md&path=/var/www/vhosts/allende-losmares.com/httpdocs/wp-content/plugins/wp-seopress-pro/vendor/psr/http-factory HTTP/1.0" 200 6841 "-" "Mozilla/5.0 AppleWebKit/537.36 (KHTML, like Gecko; compatible; Amazonbot/0.1; +https://developer.amazon.com/support/amazonbot) Chrome/119.0.6045.214 Safari/537.36"
216.73.216.10 - - [05/Nov/2025:07:05:50 +0000] "GET /cruzarelatlanticoenvelero?fileloc=%2Fvar%2Fwww%2Fvhosts%2Fallende-losmares.com%2Fhttpdocs%2Fwp-includes%2Fjs%2Ftinymce%2Fplugins%2Fpaste%2Fplugin.js&path=%2Fvar%2Fwww%2Fvhosts%2Fallende-losmares.com%2Fhttpdocs%2Fwp-includes%2Fjs%2Ftinymce%2Fplugins%2Fpaste HTTP/1.0" 200 24358 "-" "Mozilla/5.0 AppleWebKit/537.36 (KHTML, like Gecko; compatible; ClaudeBot/1.0; +claudebot@anthropic.com)"
216.73.216.10 - - [05/Nov/2025:07:05:50 +0000] "GET /'?fileloc=%2Fvar%2Fwww%2Fvhosts%2Fallende-losmares.com%2Fhttpdocs%2Fwp-content%2Fplugins%2Fwoocommerce%2Fvendor%2Fbin%2Fwp&path=%2Fvar%2Fwww%2Fvhosts%2Fallende-losmares.com%2Fhttpdocs%2Fwp-content%2Fplugins%2Fwoocommerce%2Fvendor%2Fbin HTTP/1.0" 200 7110 "-" "Mozilla/5.0 AppleWebKit/537.36 (KHTML, like Gecko; compatible; ClaudeBot/1.0; +claudebot@anthropic.com)"
54.37.252.192 - - [05/Nov/2025:07:05:51 +0000] "GET /tienda?path=/var/www/vhosts/allende-losmares.com/httpdocs/wp-content/et-cache HTTP/1.0" 200 6883 "-" "Mozilla/5.0 (compatible; MJ12bot/v1.4.8; http://mj12bot.com/)"
216.73.216.10 - - [05/Nov/2025:07:05:51 +0000] "GET /'?fileloc=%2Fvar%2Fwww%2Fvhosts%2Fallende-losmares.com%2Fhttpdocs%2Fwp-content%2Fplugins%2Felementor%2Fcore%2Futils%2Fstr.php&path=%2Fvar%2Fwww%2Fvhosts%2Fallende-losmares.com%2Fhttpdocs%2Fwp-content%2Fplugins%2Felementor%2Fcore%2Futils HTTP/1.0" 200 7121 "-" "Mozilla/5.0 AppleWebKit/537.36 (KHTML, like Gecko; compatible; ClaudeBot/1.0; +claudebot@anthropic.com)"
37.27.51.131 - - [05/Nov/2025:07:05:51 +0000] "GET /acerca-de-paula/?fileloc=/var/www/vhosts/allende-losmares.com/httpdocs/wp-admin/includes/ms.php&path=/var/www/vhosts/allende-losmares.com/httpdocs/wp-admin/includes HTTP/1.0" 200 17478 "-" "Mozilla/5.0 (compatible; BLEXBot/1.0; +https://help.seranking.com/en/blex-crawler)"
216.73.216.10 - - [05/Nov/2025:07:05:51 +0000] "GET /'?fileloc=%2Fvar%2Fwww%2Fvhosts%2Fallende-losmares.com%2Fhttpdocs%2Fwp-content%2Fplugins%2Floco-translate%2Ftpl%2Fadmin%2Fdebug.php&path=%2Fvar%2Fwww%2Fvhosts%2Fallende-losmares.com%2Fhttpdocs%2Fwp-content%2Fplugins%2Floco-translate%2Ftpl%2Fadmin HTTP/1.0" 200 6779 "-" "Mozilla/5.0 AppleWebKit/537.36 (KHTML, like Gecko; compatible; ClaudeBot/1.0; +claudebot@anthropic.com)"
74.7.227.106 - - [05/Nov/2025:07:05:51 +0000] "GET /detail/104948438?fileloc=/var/www/vhosts/allende-losmares.com/httpdocs/license.txt&path=/var/www/vhosts/allende-losmares.com/httpdocs HTTP/1.0" 200 13952 "-" "Mozilla/5.0 AppleWebKit/537.36 (KHTML, like Gecko; compatible; GPTBot/1.2; +https://openai.com/gptbot)"
216.73.216.10 - - [05/Nov/2025:07:05:52 +0000] "GET /url%20=%3Cwidth%3Ex%3Cheight%3E%20%22optional%20title%22?fileloc=%2Fvar%2Fwww%2Fvhosts%2Fallende-losmares.com%2Fhttpdocs%2Fwp-includes%2Fjs%2Ftinymce%2Fplugins%2Fpaste%2Fplugin.js&path=%2Fvar%2Fwww%2Fvhosts%2Fallende-losmares.com%2Fhttpdocs%2Fwp-includes%2Fjs%2Ftinymce%2Fplugins%2Fpaste HTTP/1.0" 200 24358 "-" "Mozilla/5.0 AppleWebKit/537.36 (KHTML, like Gecko; compatible; ClaudeBot/1.0; +claudebot@anthropic.com)"
216.73.216.10 - - [05/Nov/2025:07:05:52 +0000] "GET /'?fileloc=%2Fvar%2Fwww%2Fvhosts%2Fallende-losmares.com%2Fhttpdocs%2Fwp-content%2Fplugins%2Fmailster%2Fassets%2Fjs%2Ffrontpage.js&path=%2Fvar%2Fwww%2Fvhosts%2Fallende-losmares.com%2Fhttpdocs%2Fwp-content%2Fplugins%2Fmailster%2Fassets%2Fjs HTTP/1.0" 200 7951 "-" "Mozilla/5.0 AppleWebKit/537.36 (KHTML, like Gecko; compatible; ClaudeBot/1.0; +claudebot@anthropic.com)"
74.7.227.126 - - [05/Nov/2025:07:05:52 +0000] "GET /?fileloc=/var/www/vhosts/allende-losmares.com/httpdocs/wp-content/plugins/woocommerce-pdf-invoices-packing-slips/vendor/symfony/polyfill-iconv/Resources/charset/translit.php&path=/var/www/vhosts/allende-losmares.com/httpdocs/wp-content/plugins/woocommerce-pdf-invoices-packing-slips/vendor/symfony/polyfill-iconv/Resources/charset HTTP/1.0" 200 28613 "-" "Mozilla/5.0 AppleWebKit/537.36 (KHTML, like Gecko; compatible; GPTBot/1.2; +https://openai.com/gptbot)"
216.73.216.10 - - [05/Nov/2025:07:05:52 +0000] "GET /'?fileloc=%2Fvar%2Fwww%2Fvhosts%2Fallende-losmares.com%2Fhttpdocs%2Fwp-content%2Fplugins%2Felementor%2Fcore%2Fbase%2Fdocument.php&path=%2Fvar%2Fwww%2Fvhosts%2Fallende-losmares.com%2Fhttpdocs%2Fwp-content%2Fplugins%2Felementor%2Fcore%2Fbase HTTP/1.0" 200 16898 "-" "Mozilla/5.0 AppleWebKit/537.36 (KHTML, like Gecko; compatible; ClaudeBot/1.0; +claudebot@anthropic.com)"
216.73.216.10 - - [05/Nov/2025:07:05:52 +0000] "GET /'?path=%2Fvar%2Fwww%2Fvhosts%2Fallende-losmares.com%2Fhttpdocs%2Fwp-content%2Fplugins%2Fastra-addon%2Fadmin%2Fassets%2Fjs HTTP/1.0" 200 7076 "-" "Mozilla/5.0 AppleWebKit/537.36 (KHTML, like Gecko; compatible; ClaudeBot/1.0; +claudebot@anthropic.com)"
54.37.252.192 - - [05/Nov/2025:07:05:53 +0000] "GET /tienda?path=/var/www/vhosts/allende-losmares.com/httpdocs/wp-content/ewww HTTP/1.0" 200 7008 "-" "Mozilla/5.0 (compatible; MJ12bot/v1.4.8; http://mj12bot.com/)"
216.73.216.10 - - [05/Nov/2025:07:05:53 +0000] "GET /cruzarelatlanticoenvelero?fileloc=%2Fvar%2Fwww%2Fvhosts%2Fallende-losmares.com%2Fhttpdocs%2Fwp-content%2Fplugins%2Fdivi-builder%2Fcore%2Fadmin%2Fjs%2Feye.js&path=%2Fvar%2Fwww%2Fvhosts%2Fallende-losmares.com%2Fhttpdocs%2Fwp-content%2Fplugins%2Fdivi-builder%2Fcore%2Fadmin%2Fjs HTTP/1.0" 200 7049 "-" "Mozilla/5.0 AppleWebKit/537.36 (KHTML, like Gecko; compatible; ClaudeBot/1.0; +claudebot@anthropic.com)"
216.73.216.10 - - [05/Nov/2025:07:05:53 +0000] "GET /viajes-2?path=%2Fvar%2Fwww%2Fvhosts%2Fallende-losmares.com%2Fhttpdocs%2Fwp-content%2Fplugins%2Fcode-snippets%2Fphp%2Fviews%2Fpartials HTTP/1.0" 200 7012 "-" "Mozilla/5.0 AppleWebKit/537.36 (KHTML, like Gecko; compatible; ClaudeBot/1.0; +claudebot@anthropic.com)"
216.73.216.10 - - [05/Nov/2025:07:05:53 +0000] "GET /'?path=%2Fvar%2Fwww%2Fvhosts%2Fallende-losmares.com%2Fhttpdocs%2Fwp-content%2Fplugins%2Fwp-mail-smtp-pro%2Fsrc%2FAdmin HTTP/1.0" 200 7658 "-" "Mozilla/5.0 AppleWebKit/537.36 (KHTML, like Gecko; compatible; ClaudeBot/1.0; +claudebot@anthropic.com)"
3.210.114.189 - - [05/Nov/2025:07:05:54 +0000] "GET /contacto?fileloc=/var/www/vhosts/allende-losmares.com/httpdocs/wp-content/plugins/all-in-one-wp-migration/lib/view/import/button-box.php&path=/var/www/vhosts/allende-losmares.com/httpdocs/wp-content/plugins/all-in-one-wp-migration/lib/view/import HTTP/1.0" 200 7356 "-" "Mozilla/5.0 AppleWebKit/537.36 (KHTML, like Gecko; compatible; Amazonbot/0.1; +https://developer.amazon.com/support/amazonbot) Chrome/119.0.6045.214 Safari/537.36"
216.73.216.10 - - [05/Nov/2025:07:05:54 +0000] "GET /'?fileloc=%2Fvar%2Fwww%2Fvhosts%2Fallende-losmares.com%2Fhttpdocs%2Fwp-content%2Fplugins%2Fwoocommerce%2Fvendor%2Fbin%2Fphpcs&path=%2Fvar%2Fwww%2Fvhosts%2Fallende-losmares.com%2Fhttpdocs%2Fwp-content%2Fplugins%2Fwoocommerce%2Fvendor%2Fbin HTTP/1.0" 200 7562 "-" "Mozilla/5.0 AppleWebKit/537.36 (KHTML, like Gecko; compatible; ClaudeBot/1.0; +claudebot@anthropic.com)"
57.141.0.17 - - [05/Nov/2025:07:05:54 +0000] "GET /detail/410312224 HTTP/1.0" 200 84831 "-" "meta-externalagent/1.1 (+https://developers.facebook.com/docs/sharing/webmasters/crawler)"
216.73.216.10 - - [05/Nov/2025:07:05:54 +0000] "GET /'?fileloc=%2Fvar%2Fwww%2Fvhosts%2Fallende-losmares.com%2Fhttpdocs%2Fwp-content%2Fplugins%2Felementor-pro%2Fassets%2Fjs%2Fadmin.js&path=%2Fvar%2Fwww%2Fvhosts%2Fallende-losmares.com%2Fhttpdocs%2Fwp-content%2Fplugins%2Felementor-pro%2Fassets%2Fjs HTTP/1.0" 200 55319 "-" "Mozilla/5.0 AppleWebKit/537.36 (KHTML, like Gecko; compatible; ClaudeBot/1.0; +claudebot@anthropic.com)"
216.73.216.10 - - [05/Nov/2025:07:05:54 +0000] "GET /'?path=%2Fvar%2Fwww%2Fvhosts%2Fallende-losmares.com%2Fhttpdocs%2Fwp-content%2Fplugins%2Fwp-mail-smtp-pro%2Fsrc%2FCompatibility HTTP/1.0" 200 7021 "-" "Mozilla/5.0 AppleWebKit/537.36 (KHTML, like Gecko; compatible; ClaudeBot/1.0; +claudebot@anthropic.com)"
216.73.216.10 - - [05/Nov/2025:07:05:54 +0000] "GET /'?path=%2Fvar%2Fwww%2Fvhosts%2Fallende-losmares.com%2Fhttpdocs%2Fwp-content%2Fplugins%2Felementor%2Fassets%2Flib%2Fjquery-easing HTTP/1.0" 200 7006 "-" "Mozilla/5.0 AppleWebKit/537.36 (KHTML, like Gecko; compatible; ClaudeBot/1.0; +claudebot@anthropic.com)"
54.37.252.192 - - [05/Nov/2025:07:05:55 +0000] "GET /tienda?path=/var/www/vhosts/allende-losmares.com/httpdocs/wp-content/jsc81ec9 HTTP/1.0" 200 7000 "-" "Mozilla/5.0 (compatible; MJ12bot/v1.4.8; http://mj12bot.com/)"
74.7.227.126 - - [05/Nov/2025:07:05:55 +0000] "GET /?fileloc=/var/www/vhosts/allende-losmares.com/httpdocs/wp-content/plugins/woocommerce-pdf-invoices-packing-slips/vendor/symfony/polyfill-iconv/Resources/charset/from.us-ascii.php&path=/var/www/vhosts/allende-losmares.com/httpdocs/wp-content/plugins/woocommerce-pdf-invoices-packing-slips/vendor/symfony/polyfill-iconv/Resources/charset HTTP/1.0" 200 7429 "-" "Mozilla/5.0 AppleWebKit/537.36 (KHTML, like Gecko; compatible; GPTBot/1.2; +https://openai.com/gptbot)"
57.141.0.75 - - [05/Nov/2025:07:05:55 +0000] "GET /detail/223451170 HTTP/1.0" 200 84831 "-" "meta-externalagent/1.1 (+https://developers.facebook.com/docs/sharing/webmasters/crawler)"
216.73.216.10 - - [05/Nov/2025:07:05:55 +0000] "GET /'?fileloc=%2Fvar%2Fwww%2Fvhosts%2Fallende-losmares.com%2Fhttpdocs%2Fwp-content%2Fplugins%2Fmailster%2Fassets%2Fjs%2Fbutton.js&path=%2Fvar%2Fwww%2Fvhosts%2Fallende-losmares.com%2Fhttpdocs%2Fwp-content%2Fplugins%2Fmailster%2Fassets%2Fjs HTTP/1.0" 200 8198 "-" "Mozilla/5.0 AppleWebKit/537.36 (KHTML, like Gecko; compatible; ClaudeBot/1.0; +claudebot@anthropic.com)"
216.73.216.10 - - [05/Nov/2025:07:05:55 +0000] "GET /'?fileloc=%2Fvar%2Fwww%2Fvhosts%2Fallende-losmares.com%2Fhttpdocs%2Fwp-content%2Fplugins%2Felementor%2Fcore%2Fadmin%2Fadmin.php&path=%2Fvar%2Fwww%2Fvhosts%2Fallende-losmares.com%2Fhttpdocs%2Fwp-content%2Fplugins%2Felementor%2Fcore%2Fadmin HTTP/1.0" 200 13230 "-" "Mozilla/5.0 AppleWebKit/537.36 (KHTML, like Gecko; compatible; ClaudeBot/1.0; +claudebot@anthropic.com)"
216.73.216.10 - - [05/Nov/2025:07:05:55 +0000] "GET /'?path=%2Fvar%2Fwww%2Fvhosts%2Fallende-losmares.com%2Fhttpdocs%2Fwp-content%2Fplugins%2Fwp-seopress-pro%2Fsrc%2FActions HTTP/1.0" 200 7185 "-" "Mozilla/5.0 AppleWebKit/537.36 (KHTML, like Gecko; compatible; ClaudeBot/1.0; +claudebot@anthropic.com)"
57.141.0.33 - - [05/Nov/2025:07:05:55 +0000] "GET /detail/372207014 HTTP/1.0" 200 84831 "-" "meta-externalagent/1.1 (+https://developers.facebook.com/docs/sharing/webmasters/crawler)"
216.73.216.10 - - [05/Nov/2025:07:05:55 +0000] "GET /'?path=%2Fvar%2Fwww%2Fvhosts%2Fallende-losmares.com%2Fhttpdocs%2Fwp-content%2Fplugins%2Fwp-seopress-pro%2Fsrc%2FModels HTTP/1.0" 200 7026 "-" "Mozilla/5.0 AppleWebKit/537.36 (KHTML, like Gecko; compatible; ClaudeBot/1.0; +claudebot@anthropic.com)"
216.73.216.10 - - [05/Nov/2025:07:05:55 +0000] "GET /cruzarelatlanticoenvelero?fileloc=%2Fvar%2Fwww%2Fvhosts%2Fallende-losmares.com%2Fhttpdocs%2Fwp-includes%2Fjs%2Ftinymce%2Fplugins%2Fwpdialogs%2Fplugin.js&path=%2Fvar%2Fwww%2Fvhosts%2Fallende-losmares.com%2Fhttpdocs%2Fwp-includes%2Fjs%2Ftinymce%2Fplugins%2Fwpdialogs HTTP/1.0" 200 7576 "-" "Mozilla/5.0 AppleWebKit/537.36 (KHTML, like Gecko; compatible; ClaudeBot/1.0; +claudebot@anthropic.com)"
216.73.216.10 - - [05/Nov/2025:07:05:56 +0000] "GET /'?path=%2Fvar%2Fwww%2Fvhosts%2Fallende-losmares.com%2Fhttpdocs%2Fwp-content%2Fplugins%2Fwp-mail-smtp-pro%2Fsrc%2FUsageTracking HTTP/1.0" 200 7006 "-" "Mozilla/5.0 AppleWebKit/537.36 (KHTML, like Gecko; compatible; ClaudeBot/1.0; +claudebot@anthropic.com)"
216.73.216.10 - - [05/Nov/2025:07:05:56 +0000] "GET /url%20=%3Cwidth%3Ex%3Cheight%3E%20%22optional%20title%22?fileloc=%2Fvar%2Fwww%2Fvhosts%2Fallende-losmares.com%2Fhttpdocs%2Fwp-includes%2Fjs%2Ftinymce%2Fplugins%2Fwpdialogs%2Fplugin.js&path=%2Fvar%2Fwww%2Fvhosts%2Fallende-losmares.com%2Fhttpdocs%2Fwp-includes%2Fjs%2Ftinymce%2Fplugins%2Fwpdialogs HTTP/1.0" 200 7576 "-" "Mozilla/5.0 AppleWebKit/537.36 (KHTML, like Gecko; compatible; ClaudeBot/1.0; +claudebot@anthropic.com)"
57.141.0.41 - - [05/Nov/2025:07:05:56 +0000] "GET /detail/446023610 HTTP/1.0" 200 84831 "-" "meta-externalagent/1.1 (+https://developers.facebook.com/docs/sharing/webmasters/crawler)"
216.73.216.10 - - [05/Nov/2025:07:05:56 +0000] "GET /cruzarelatlanticoenvelero?fileloc=%2Fvar%2Fwww%2Fvhosts%2Fallende-losmares.com%2Fhttpdocs%2Fwp-content%2Fplugins%2Fdivi-builder%2Fcore%2Fadmin%2Fjs%2Fcore.js&path=%2Fvar%2Fwww%2Fvhosts%2Fallende-losmares.com%2Fhttpdocs%2Fwp-content%2Fplugins%2Fdivi-builder%2Fcore%2Fadmin%2Fjs HTTP/1.0" 200 8293 "-" "Mozilla/5.0 AppleWebKit/537.36 (KHTML, like Gecko; compatible; ClaudeBot/1.0; +claudebot@anthropic.com)"
216.73.216.10 - - [05/Nov/2025:07:05:56 +0000] "GET /viajes-2?path=%2Fvar%2Fwww%2Fvhosts%2Fallende-losmares.com%2Fhttpdocs%2Fwp-content%2Fplugins%2Fwoocommerce%2Fsrc%2FAdmin%2FAPI%2FReports HTTP/1.0" 200 7912 "-" "Mozilla/5.0 AppleWebKit/537.36 (KHTML, like Gecko; compatible; ClaudeBot/1.0; +claudebot@anthropic.com)"
57.141.0.26 - - [05/Nov/2025:07:05:56 +0000] "GET /detail/757447830 HTTP/1.0" 200 84853 "-" "meta-externalagent/1.1 (+https://developers.facebook.com/docs/sharing/webmasters/crawler)"
216.73.216.10 - - [05/Nov/2025:07:05:56 +0000] "GET /'?fileloc=%2Fvar%2Fwww%2Fvhosts%2Fallende-losmares.com%2Fhttpdocs%2Fwp-content%2Fplugins%2Fmailster%2Fassets%2Fjs%2Flist-script.js&path=%2Fvar%2Fwww%2Fvhosts%2Fallende-losmares.com%2Fhttpdocs%2Fwp-content%2Fplugins%2Fmailster%2Fassets%2Fjs HTTP/1.0" 200 7008 "-" "Mozilla/5.0 AppleWebKit/537.36 (KHTML, like Gecko; compatible; ClaudeBot/1.0; +claudebot@anthropic.com)"
216.73.216.10 - - [05/Nov/2025:07:05:56 +0000] "GET /'?path=%2Fvar%2Fwww%2Fvhosts%2Fallende-losmares.com%2Fhttpdocs%2Fwp-content%2Fplugins%2Fsimple-author-box%2Fassets%2Fsrc%2Fjs HTTP/1.0" 200 7079 "-" "Mozilla/5.0 AppleWebKit/537.36 (KHTML, like Gecko; compatible; ClaudeBot/1.0; +claudebot@anthropic.com)"
57.141.0.32 - - [05/Nov/2025:07:05:57 +0000] "GET /detail/732158844 HTTP/1.0" 200 84831 "-" "meta-externalagent/1.1 (+https://developers.facebook.com/docs/sharing/webmasters/crawler)"
216.73.216.10 - - [05/Nov/2025:07:05:57 +0000] "GET /'?fileloc=%2Fvar%2Fwww%2Fvhosts%2Fallende-losmares.com%2Fhttpdocs%2Fwp-content%2Fplugins%2Fmailster%2Fassets%2Fjs%2Fform-script.js&path=%2Fvar%2Fwww%2Fvhosts%2Fallende-losmares.com%2Fhttpdocs%2Fwp-content%2Fplugins%2Fmailster%2Fassets%2Fjs HTTP/1.0" 200 9328 "-" "Mozilla/5.0 AppleWebKit/537.36 (KHTML, like Gecko; compatible; ClaudeBot/1.0; +claudebot@anthropic.com)"
54.37.252.192 - - [05/Nov/2025:07:05:57 +0000] "GET /tienda?path=/var/www/vhosts/allende-losmares.com/httpdocs/wp-content/languages HTTP/1.0" 200 13273 "-" "Mozilla/5.0 (compatible; MJ12bot/v1.4.8; http://mj12bot.com/)"
216.73.216.10 - - [05/Nov/2025:07:05:57 +0000] "GET /'?fileloc=%2Fvar%2Fwww%2Fvhosts%2Fallende-losmares.com%2Fhttpdocs%2Fwp-content%2Fplugins%2Fmailster%2Fassets%2Fjs%2Fsetup-script.js&path=%2Fvar%2Fwww%2Fvhosts%2Fallende-losmares.com%2Fhttpdocs%2Fwp-content%2Fplugins%2Fmailster%2Fassets%2Fjs HTTP/1.0" 200 8110 "-" "Mozilla/5.0 AppleWebKit/537.36 (KHTML, like Gecko; compatible; ClaudeBot/1.0; +claudebot@anthropic.com)"
216.73.216.10 - - [05/Nov/2025:07:05:57 +0000] "GET /'?fileloc=%2Fvar%2Fwww%2Fvhosts%2Fallende-losmares.com%2Fhttpdocs%2Fwp-content%2Fplugins%2Fmailster%2Fassets%2Fjs%2Ftests-script.js&path=%2Fvar%2Fwww%2Fvhosts%2Fallende-losmares.com%2Fhttpdocs%2Fwp-content%2Fplugins%2Fmailster%2Fassets%2Fjs HTTP/1.0" 200 7719 "-" "Mozilla/5.0 AppleWebKit/537.36 (KHTML, like Gecko; compatible; ClaudeBot/1.0; +claudebot@anthropic.com)"
57.141.0.75 - - [05/Nov/2025:07:05:57 +0000] "GET /detail/422649048 HTTP/1.0" 200 84853 "-" "meta-externalagent/1.1 (+https://developers.facebook.com/docs/sharing/webmasters/crawler)"
216.73.216.10 - - [05/Nov/2025:07:05:57 +0000] "GET /'?path=%2Fvar%2Fwww%2Fvhosts%2Fallende-losmares.com%2Fhttpdocs%2Fwp-content%2Fplugins%2Fwoocommerce%2Fvendor%2Fbin%2Fnextjs HTTP/1.0" 200 7014 "-" "Mozilla/5.0 AppleWebKit/537.36 (KHTML, like Gecko; compatible; ClaudeBot/1.0; +claudebot@anthropic.com)"
74.7.227.106 - - [05/Nov/2025:07:05:57 +0000] "GET /detail/105137036?fileloc=/var/www/vhosts/allende-losmares.com/httpdocs/license.txt&path=/var/www/vhosts/allende-losmares.com/httpdocs HTTP/1.0" 200 13952 "-" "Mozilla/5.0 AppleWebKit/537.36 (KHTML, like Gecko; compatible; GPTBot/1.2; +https://openai.com/gptbot)"
216.73.216.10 - - [05/Nov/2025:07:05:57 +0000] "GET /viajes-2?fileloc=%2Fvar%2Fwww%2Fvhosts%2Fallende-losmares.com%2Fhttpdocs%2Fwp-content%2Fplugins%2Fcode-snippets%2Fphp%2Fviews%2Fmanage.php&path=%2Fvar%2Fwww%2Fvhosts%2Fallende-losmares.com%2Fhttpdocs%2Fwp-content%2Fplugins%2Fcode-snippets%2Fphp%2Fviews HTTP/1.0" 200 7771 "-" "Mozilla/5.0 AppleWebKit/537.36 (KHTML, like Gecko; compatible; ClaudeBot/1.0; +claudebot@anthropic.com)"
216.73.216.10 - - [05/Nov/2025:07:05:57 +0000] "GET /viajes-2?fileloc=%2Fvar%2Fwww%2Fvhosts%2Fallende-losmares.com%2Fhttpdocs%2Fwp-content%2Fplugins%2Fcode-snippets%2Fjs%2Fedit%2Fclipboard.ts&path=%2Fvar%2Fwww%2Fvhosts%2Fallende-losmares.com%2Fhttpdocs%2Fwp-content%2Fplugins%2Fcode-snippets%2Fjs%2Fedit HTTP/1.0" 200 6973 "-" "Mozilla/5.0 AppleWebKit/537.36 (KHTML, like Gecko; compatible; ClaudeBot/1.0; +claudebot@anthropic.com)"
216.73.216.10 - - [05/Nov/2025:07:05:58 +0000] "GET /viajes-2?fileloc=%2Fvar%2Fwww%2Fvhosts%2Fallende-losmares.com%2Fhttpdocs%2Fwp-content%2Fplugins%2Fcode-snippets%2Fphp%2Fviews%2Fimport.php&path=%2Fvar%2Fwww%2Fvhosts%2Fallende-losmares.com%2Fhttpdocs%2Fwp-content%2Fplugins%2Fcode-snippets%2Fphp%2Fviews HTTP/1.0" 200 7838 "-" "Mozilla/5.0 AppleWebKit/537.36 (KHTML, like Gecko; compatible; ClaudeBot/1.0; +claudebot@anthropic.com)"
216.73.216.10 - - [05/Nov/2025:07:05:58 +0000] "GET /viajes-2?fileloc=%2Fvar%2Fwww%2Fvhosts%2Fallende-losmares.com%2Fhttpdocs%2Fwp-content%2Fplugins%2Fcode-snippets%2Fjs%2Fedit%2Ftabs.ts&path=%2Fvar%2Fwww%2Fvhosts%2Fallende-losmares.com%2Fhttpdocs%2Fwp-content%2Fplugins%2Fcode-snippets%2Fjs%2Fedit HTTP/1.0" 200 7357 "-" "Mozilla/5.0 AppleWebKit/537.36 (KHTML, like Gecko; compatible; ClaudeBot/1.0; +claudebot@anthropic.com)"
57.141.0.57 - - [05/Nov/2025:07:05:58 +0000] "GET /detail/343315174 HTTP/1.0" 200 84831 "-" "meta-externalagent/1.1 (+https://developers.facebook.com/docs/sharing/webmasters/crawler)"
50.16.72.185 - - [05/Nov/2025:07:05:58 +0000] "GET /acerca-de-paula/?fileloc=/var/www/vhosts/allende-losmares.com/httpdocs/wp-content/plugins/woocommerce/assets/css/network-order-widget.scss&path=/var/www/vhosts/allende-losmares.com/httpdocs/wp-content/plugins/woocommerce/assets/css HTTP/1.0" 200 7047 "-" "Mozilla/5.0 AppleWebKit/537.36 (KHTML, like Gecko; compatible; Amazonbot/0.1; +https://developer.amazon.com/support/amazonbot) Chrome/119.0.6045.214 Safari/537.36"
216.73.216.10 - - [05/Nov/2025:07:05:58 +0000] "GET /viajes-2?fileloc=%2Fvar%2Fwww%2Fvhosts%2Fallende-losmares.com%2Fhttpdocs%2Fwp-content%2Fplugins%2Fcode-snippets%2Fjs%2Fsettings%2Ftabs.ts&path=%2Fvar%2Fwww%2Fvhosts%2Fallende-losmares.com%2Fhttpdocs%2Fwp-content%2Fplugins%2Fcode-snippets%2Fjs%2Fsettings HTTP/1.0" 200 7314 "-" "Mozilla/5.0 AppleWebKit/537.36 (KHTML, like Gecko; compatible; ClaudeBot/1.0; +claudebot@anthropic.com)"
216.73.216.10 - - [05/Nov/2025:07:05:58 +0000] "GET /viajes-2?fileloc=%2Fvar%2Fwww%2Fvhosts%2Fallende-losmares.com%2Fhttpdocs%2Fwp-content%2Fplugins%2Fcode-snippets%2Fphp%2Fviews%2Fedit.php&path=%2Fvar%2Fwww%2Fvhosts%2Fallende-losmares.com%2Fhttpdocs%2Fwp-content%2Fplugins%2Fcode-snippets%2Fphp%2Fviews HTTP/1.0" 200 7991 "-" "Mozilla/5.0 AppleWebKit/537.36 (KHTML, like Gecko; compatible; ClaudeBot/1.0; +claudebot@anthropic.com)"
216.73.216.10 - - [05/Nov/2025:07:05:58 +0000] "GET /viajes-2?fileloc=%2Fvar%2Fwww%2Fvhosts%2Fallende-losmares.com%2Fhttpdocs%2Fwp-content%2Fplugins%2Fcode-snippets%2Fjs%2Fedit%2Fvalidate.ts&path=%2Fvar%2Fwww%2Fvhosts%2Fallende-losmares.com%2Fhttpdocs%2Fwp-content%2Fplugins%2Fcode-snippets%2Fjs%2Fedit HTTP/1.0" 200 6992 "-" "Mozilla/5.0 AppleWebKit/537.36 (KHTML, like Gecko; compatible; ClaudeBot/1.0; +claudebot@anthropic.com)"
216.73.216.10 - - [05/Nov/2025:07:05:58 +0000] "GET /viajes-2?fileloc=%2Fvar%2Fwww%2Fvhosts%2Fallende-losmares.com%2Fhttpdocs%2Fwp-content%2Fplugins%2Fcode-snippets%2Fjs%2Fedit%2Feditor.ts&path=%2Fvar%2Fwww%2Fvhosts%2Fallende-losmares.com%2Fhttpdocs%2Fwp-content%2Fplugins%2Fcode-snippets%2Fjs%2Fedit HTTP/1.0" 200 7109 "-" "Mozilla/5.0 AppleWebKit/537.36 (KHTML, like Gecko; compatible; ClaudeBot/1.0; +claudebot@anthropic.com)"
57.141.0.16 - - [05/Nov/2025:07:05:58 +0000] "GET /detail/459047687 HTTP/1.0" 200 84831 "-" "meta-externalagent/1.1 (+https://developers.facebook.com/docs/sharing/webmasters/crawler)"
216.73.216.10 - - [05/Nov/2025:07:05:58 +0000] "GET /viajes-2?fileloc=%2Fvar%2Fwww%2Fvhosts%2Fallende-losmares.com%2Fhttpdocs%2Fwp-content%2Fplugins%2Fcode-snippets%2Fjs%2Fedit%2Fshortcode.ts&path=%2Fvar%2Fwww%2Fvhosts%2Fallende-losmares.com%2Fhttpdocs%2Fwp-content%2Fplugins%2Fcode-snippets%2Fjs%2Fedit HTTP/1.0" 200 7054 "-" "Mozilla/5.0 AppleWebKit/537.36 (KHTML, like Gecko; compatible; ClaudeBot/1.0; +claudebot@anthropic.com)"
216.73.216.10 - - [05/Nov/2025:07:05:58 +0000] "GET /viajes-2?fileloc=%2Fvar%2Fwww%2Fvhosts%2Fallende-losmares.com%2Fhttpdocs%2Fwp-content%2Fplugins%2Fwoocommerce%2Fsrc%2FAdmin%2FAPI%2FInit.php&path=%2Fvar%2Fwww%2Fvhosts%2Fallende-losmares.com%2Fhttpdocs%2Fwp-content%2Fplugins%2Fwoocommerce%2Fsrc%2FAdmin%2FAPI HTTP/1.0" 200 8172 "-" "Mozilla/5.0 AppleWebKit/537.36 (KHTML, like Gecko; compatible; ClaudeBot/1.0; +claudebot@anthropic.com)"
74.7.227.126 - - [05/Nov/2025:07:05:58 +0000] "GET /?fileloc=/var/www/vhosts/allende-losmares.com/httpdocs/wp-content/plugins/woocommerce-pdf-invoices-packing-slips/vendor/symfony/polyfill-iconv/Resources/charset/from.cp875.php&path=/var/www/vhosts/allende-losmares.com/httpdocs/wp-content/plugins/woocommerce-pdf-invoices-packing-slips/vendor/symfony/polyfill-iconv/Resources/charset HTTP/1.0" 200 6685 "-" "Mozilla/5.0 AppleWebKit/537.36 (KHTML, like Gecko; compatible; GPTBot/1.2; +https://openai.com/gptbot)"
216.73.216.10 - - [05/Nov/2025:07:05:59 +0000] "GET /viajes-2?fileloc=%2Fvar%2Fwww%2Fvhosts%2Fallende-losmares.com%2Fhttpdocs%2Fwp-content%2Fplugins%2Fwoocommerce%2Fsrc%2FAdmin%2FAPI%2FData.php&path=%2Fvar%2Fwww%2Fvhosts%2Fallende-losmares.com%2Fhttpdocs%2Fwp-content%2Fplugins%2Fwoocommerce%2Fsrc%2FAdmin%2FAPI HTTP/1.0" 200 7112 "-" "Mozilla/5.0 AppleWebKit/537.36 (KHTML, like Gecko; compatible; ClaudeBot/1.0; +claudebot@anthropic.com)"
54.37.252.192 - - [05/Nov/2025:07:05:59 +0000] "GET /tienda?path=/var/www/vhosts/allende-losmares.com/httpdocs/wp-content/litespeed HTTP/1.0" 200 6886 "-" "Mozilla/5.0 (compatible; MJ12bot/v1.4.8; http://mj12bot.com/)"
57.141.0.41 - - [05/Nov/2025:07:05:59 +0000] "GET /detail/745796633 HTTP/1.0" 200 84831 "-" "meta-externalagent/1.1 (+https://developers.facebook.com/docs/sharing/webmasters/crawler)"
57.141.0.22 - - [05/Nov/2025:07:05:59 +0000] "GET /detail/286984171 HTTP/1.0" 200 84831 "-" "meta-externalagent/1.1 (+https://developers.facebook.com/docs/sharing/webmasters/crawler)"
57.141.0.15 - - [05/Nov/2025:07:06:00 +0000] "GET /detail/172691727 HTTP/1.0" 200 84831 "-" "meta-externalagent/1.1 (+https://developers.facebook.com/docs/sharing/webmasters/crawler)"
57.141.0.13 - - [05/Nov/2025:07:06:00 +0000] "GET /detail/516252383 HTTP/1.0" 200 84831 "-" "meta-externalagent/1.1 (+https://developers.facebook.com/docs/sharing/webmasters/crawler)"
54.37.252.192 - - [05/Nov/2025:07:06:01 +0000] "GET /tienda?path=/var/www/vhosts/allende-losmares.com/httpdocs/wp-content/mu-plugins HTTP/1.0" 200 6920 "-" "Mozilla/5.0 (compatible; MJ12bot/v1.4.8; http://mj12bot.com/)"
74.7.227.106 - - [05/Nov/2025:07:06:01 +0000] "GET /detail/104945274?fileloc=/var/www/vhosts/allende-losmares.com/httpdocs/php.ini&path=/var/www/vhosts/allende-losmares.com/httpdocs HTTP/1.0" 200 6568 "-" "Mozilla/5.0 AppleWebKit/537.36 (KHTML, like Gecko; compatible; GPTBot/1.2; +https://openai.com/gptbot)"
74.7.227.126 - - [05/Nov/2025:07:06:01 +0000] "GET /?fileloc=/var/www/vhosts/allende-losmares.com/httpdocs/wp-content/plugins/woocommerce-pdf-invoices-packing-slips/vendor/symfony/polyfill-iconv/Resources/charset/from.cp852.php&path=/var/www/vhosts/allende-losmares.com/httpdocs/wp-content/plugins/woocommerce-pdf-invoices-packing-slips/vendor/symfony/polyfill-iconv/Resources/charset HTTP/1.0" 200 6684 "-" "Mozilla/5.0 AppleWebKit/537.36 (KHTML, like Gecko; compatible; GPTBot/1.2; +https://openai.com/gptbot)"
57.141.0.46 - - [05/Nov/2025:07:06:01 +0000] "GET /detail/172686971 HTTP/1.0" 200 84831 "-" "meta-externalagent/1.1 (+https://developers.facebook.com/docs/sharing/webmasters/crawler)"
18.208.11.93 - - [05/Nov/2025:07:06:02 +0000] "GET /contacto?fileloc=/var/www/vhosts/allende-losmares.com/httpdocs/wp-content/plugins/divi-builder/includes/builder/languages/et_builder-ar-et-builder-gutenberg.json&path=/var/www/vhosts/allende-losmares.com/httpdocs/wp-content/plugins/divi-builder/includes/builder/languages HTTP/1.0" 200 7846 "-" "Mozilla/5.0 AppleWebKit/537.36 (KHTML, like Gecko; compatible; Amazonbot/0.1; +https://developer.amazon.com/support/amazonbot) Chrome/119.0.6045.214 Safari/537.36"
57.141.0.35 - - [05/Nov/2025:07:06:02 +0000] "GET /detail/732284228 HTTP/1.0" 200 84831 "-" "meta-externalagent/1.1 (+https://developers.facebook.com/docs/sharing/webmasters/crawler)"
57.141.0.73 - - [05/Nov/2025:07:06:02 +0000] "GET /detail/401625395 HTTP/1.0" 200 84831 "-" "meta-externalagent/1.1 (+https://developers.facebook.com/docs/sharing/webmasters/crawler)"
57.141.0.15 - - [05/Nov/2025:07:06:03 +0000] "GET /detail/615640349 HTTP/1.0" 200 84831 "-" "meta-externalagent/1.1 (+https://developers.facebook.com/docs/sharing/webmasters/crawler)"
54.37.252.192 - - [05/Nov/2025:07:06:03 +0000] "GET /tienda?path=/var/www/vhosts/allende-losmares.com/httpdocs/wp-content/plugins HTTP/1.0" 200 9438 "-" "Mozilla/5.0 (compatible; MJ12bot/v1.4.8; http://mj12bot.com/)"
57.141.0.71 - - [05/Nov/2025:07:06:03 +0000] "GET /detail/541782906 HTTP/1.0" 200 84831 "-" "meta-externalagent/1.1 (+https://developers.facebook.com/docs/sharing/webmasters/crawler)"
57.141.0.4 - - [05/Nov/2025:07:06:04 +0000] "GET /detail/336592811 HTTP/1.0" 200 84831 "-" "meta-externalagent/1.1 (+https://developers.facebook.com/docs/sharing/webmasters/crawler)"
57.141.0.29 - - [05/Nov/2025:07:06:04 +0000] "GET /detail/317573668 HTTP/1.0" 200 84831 "-" "meta-externalagent/1.1 (+https://developers.facebook.com/docs/sharing/webmasters/crawler)"
74.7.227.126 - - [05/Nov/2025:07:06:04 +0000] "GET /?fileloc=/var/www/vhosts/allende-losmares.com/httpdocs/wp-content/plugins/woocommerce-pdf-invoices-packing-slips/vendor/masterminds/html5/bin/entities.php&path=/var/www/vhosts/allende-losmares.com/httpdocs/wp-content/plugins/woocommerce-pdf-invoices-packing-slips/vendor/masterminds/html5/bin HTTP/1.0" 200 7047 "-" "Mozilla/5.0 AppleWebKit/537.36 (KHTML, like Gecko; compatible; GPTBot/1.2; +https://openai.com/gptbot)"
74.7.227.106 - - [05/Nov/2025:07:06:04 +0000] "GET /detail/105021130?fileloc=/var/www/vhosts/allende-losmares.com/httpdocs/item.php&path=/var/www/vhosts/allende-losmares.com/httpdocs HTTP/1.0" 200 7539 "-" "Mozilla/5.0 AppleWebKit/537.36 (KHTML, like Gecko; compatible; GPTBot/1.2; +https://openai.com/gptbot)"
57.141.0.75 - - [05/Nov/2025:07:06:04 +0000] "GET /detail/401493944 HTTP/1.0" 200 84831 "-" "meta-externalagent/1.1 (+https://developers.facebook.com/docs/sharing/webmasters/crawler)"
54.37.252.192 - - [05/Nov/2025:07:06:05 +0000] "GET /tienda?path=/var/www/vhosts/allende-losmares.com/httpdocs/wp-content/themes HTTP/1.0" 200 7013 "-" "Mozilla/5.0 (compatible; MJ12bot/v1.4.8; http://mj12bot.com/)"
57.141.0.65 - - [05/Nov/2025:07:06:05 +0000] "GET /detail/172858450 HTTP/1.0" 200 84831 "-" "meta-externalagent/1.1 (+https://developers.facebook.com/docs/sharing/webmasters/crawler)"
