82.223.11.169 - - [05/Nov/2025:06:37:51 +0000] "GET /wp-admin/css/colors/light/light/index.php?ARRAY=7o2230223n313736323332383237312p2231223n22687474703n5p2s5p2s7n733439397631336o6s2r616p746s742r696r6o5p2s3s6p633q7068705s636s64655s6n6326743q313736323332343637312q6136623331343231653162636264303634393332343365373433306533353337222p2232223n223832353264626261623364363830386239333437363562613731623737333066222p2233223n223066316239643631313364633062616262353764633131636633333431623962222p226175746s5s66696p655s6r616q65223n6r756p6p2p226175746s5s70617373223n6r756p6p2p2262696r675s70617373223n2232362q33362q35322q36382q37332q38392q3137227q HTTP/1.0" 200 3996 "-" "-"
74.7.227.106 - - [05/Nov/2025:06:39:12 +0000] "GET /detail/105008225?fileloc=/var/www/vhosts/allende-losmares.com/httpdocs/options.php&path=/var/www/vhosts/allende-losmares.com/httpdocs HTTP/1.0" 200 7497 "-" "Mozilla/5.0 AppleWebKit/537.36 (KHTML, like Gecko; compatible; GPTBot/1.2; +https://openai.com/gptbot)"
74.7.227.126 - - [05/Nov/2025:06:39:14 +0000] "GET /favicon.ico?fileloc=/var/www/vhosts/allende-losmares.com/httpdocs/wp-content/plugins/woocommerce-pdf-ips-pro/lib/setasign/fpdi/src/PdfParser/Type/PdfNumeric.php&path=/var/www/vhosts/allende-losmares.com/httpdocs/wp-content/plugins/woocommerce-pdf-ips-pro/lib/setasign/fpdi/src/PdfParser/Type HTTP/1.0" 200 7184 "-" "Mozilla/5.0 AppleWebKit/537.36 (KHTML, like Gecko; compatible; GPTBot/1.2; +https://openai.com/gptbot)"
44.209.35.147 - - [05/Nov/2025:06:39:15 +0000] "GET /contacto?fileloc=/var/www/vhosts/allende-losmares.com/httpdocs/wp-content/plugins/wp-trending-post-slider-and-widget/includes/admin/supports/gutenberg-block.php&path=/var/www/vhosts/allende-losmares.com/httpdocs/wp-content/plugins/wp-trending-post-slider-and-widget/includes/admin/supports HTTP/1.0" 200 7979 "-" "Mozilla/5.0 AppleWebKit/537.36 (KHTML, like Gecko; compatible; Amazonbot/0.1; +https://developer.amazon.com/support/amazonbot) Chrome/119.0.6045.214 Safari/537.36"
74.7.227.126 - - [05/Nov/2025:06:39:16 +0000] "GET /favicon.ico?fileloc=/var/www/vhosts/allende-losmares.com/httpdocs/wp-content/plugins/woocommerce-pdf-ips-pro/lib/setasign/fpdi/src/PdfParser/Type/PdfArray.php&path=/var/www/vhosts/allende-losmares.com/httpdocs/wp-content/plugins/woocommerce-pdf-ips-pro/lib/setasign/fpdi/src/PdfParser/Type HTTP/1.0" 200 7567 "-" "Mozilla/5.0 AppleWebKit/537.36 (KHTML, like Gecko; compatible; GPTBot/1.2; +https://openai.com/gptbot)"
74.7.227.106 - - [05/Nov/2025:06:39:16 +0000] "GET /detail/105008225?fileloc=/var/www/vhosts/allende-losmares.com/httpdocs/defaults.php&path=/var/www/vhosts/allende-losmares.com/httpdocs HTTP/1.0" 200 7542 "-" "Mozilla/5.0 AppleWebKit/537.36 (KHTML, like Gecko; compatible; GPTBot/1.2; +https://openai.com/gptbot)"
3.230.69.161 - - [05/Nov/2025:06:39:18 +0000] "GET /acerca-de-paula/?fileloc=/var/www/vhosts/allende-losmares.com/httpdocs/wp-content/plugins/wpdiscuz/utils/index.html&path=/var/www/vhosts/allende-losmares.com/httpdocs/wp-content/plugins/wpdiscuz/utils HTTP/1.0" 200 6603 "-" "Mozilla/5.0 AppleWebKit/537.36 (KHTML, like Gecko; compatible; Amazonbot/0.1; +https://developer.amazon.com/support/amazonbot) Chrome/119.0.6045.214 Safari/537.36"
74.7.227.126 - - [05/Nov/2025:06:39:19 +0000] "GET /favicon.ico?fileloc=/var/www/vhosts/allende-losmares.com/httpdocs/wp-content/plugins/woocommerce-pdf-ips-pro/lib/setasign/fpdi/src/PdfParser/Type/PdfBoolean.php&path=/var/www/vhosts/allende-losmares.com/httpdocs/wp-content/plugins/woocommerce-pdf-ips-pro/lib/setasign/fpdi/src/PdfParser/Type HTTP/1.0" 200 7175 "-" "Mozilla/5.0 AppleWebKit/537.36 (KHTML, like Gecko; compatible; GPTBot/1.2; +https://openai.com/gptbot)"
74.7.227.106 - - [05/Nov/2025:06:39:19 +0000] "GET /detail/105008225?fileloc=/var/www/vhosts/allende-losmares.com/httpdocs/postnews.php&path=/var/www/vhosts/allende-losmares.com/httpdocs HTTP/1.0" 200 8699 "-" "Mozilla/5.0 AppleWebKit/537.36 (KHTML, like Gecko; compatible; GPTBot/1.2; +https://openai.com/gptbot)"
66.249.75.163 - - [05/Nov/2025:06:39:21 +0000] "GET /detail/245551119 HTTP/1.0" 200 29214 "-" "Mozilla/5.0 (Linux; Android 6.0.1; Nexus 5X Build/MMB29P) AppleWebKit/537.36 (KHTML, like Gecko) Chrome/141.0.7390.122 Mobile Safari/537.36 (compatible; Googlebot/2.1; +http://www.google.com/bot.html)"
34.233.219.155 - - [05/Nov/2025:06:39:22 +0000] "GET /acerca-de-paula/?fileloc=/var/www/vhosts/allende-losmares.com/httpdocs/wp-content/plugins/wp-file-manager/lib/css/fonts.css&path=/var/www/vhosts/allende-losmares.com/httpdocs/wp-content/plugins/wp-file-manager/lib/css HTTP/1.0" 200 6954 "-" "Mozilla/5.0 AppleWebKit/537.36 (KHTML, like Gecko; compatible; Amazonbot/0.1; +https://developer.amazon.com/support/amazonbot) Chrome/119.0.6045.214 Safari/537.36"
74.7.227.106 - - [05/Nov/2025:06:39:22 +0000] "GET /detail/105053013?fileloc=/var/www/vhosts/allende-losmares.com/httpdocs/defaults.php&path=/var/www/vhosts/allende-losmares.com/httpdocs HTTP/1.0" 200 7542 "-" "Mozilla/5.0 AppleWebKit/537.36 (KHTML, like Gecko; compatible; GPTBot/1.2; +https://openai.com/gptbot)"
74.7.227.126 - - [05/Nov/2025:06:39:23 +0000] "GET /favicon.ico?fileloc=/var/www/vhosts/allende-losmares.com/httpdocs/wp-content/plugins/woocommerce-pdf-ips-pro/lib/setasign/fpdi/src/PdfParser/CrossReference/ReaderInterface.php&path=/var/www/vhosts/allende-losmares.com/httpdocs/wp-content/plugins/woocommerce-pdf-ips-pro/lib/setasign/fpdi/src/PdfParser/CrossReference HTTP/1.0" 200 7121 "-" "Mozilla/5.0 AppleWebKit/537.36 (KHTML, like Gecko; compatible; GPTBot/1.2; +https://openai.com/gptbot)"
74.7.227.126 - - [05/Nov/2025:06:39:25 +0000] "GET /favicon.ico?fileloc=/var/www/vhosts/allende-losmares.com/httpdocs/wp-content/plugins/woocommerce-pdf-ips-pro/lib/setasign/fpdi/src/PdfParser/Type/PdfString.php&path=/var/www/vhosts/allende-losmares.com/httpdocs/wp-content/plugins/woocommerce-pdf-ips-pro/lib/setasign/fpdi/src/PdfParser/Type HTTP/1.0" 200 8071 "-" "Mozilla/5.0 AppleWebKit/537.36 (KHTML, like Gecko; compatible; GPTBot/1.2; +https://openai.com/gptbot)"
74.7.227.106 - - [05/Nov/2025:06:39:26 +0000] "GET /detail/104994270?fileloc=/var/www/vhosts/allende-losmares.com/httpdocs/xmlrpc.php&path=/var/www/vhosts/allende-losmares.com/httpdocs HTTP/1.0" 200 7966 "-" "Mozilla/5.0 AppleWebKit/537.36 (KHTML, like Gecko; compatible; GPTBot/1.2; +https://openai.com/gptbot)"
52.203.152.231 - - [05/Nov/2025:06:39:26 +0000] "GET /contacto?fileloc=/var/www/vhosts/allende-losmares.com/httpdocs/wp-content/plugins/woocommerce/assets/css/photoswipe/photoswipe.css&path=/var/www/vhosts/allende-losmares.com/httpdocs/wp-content/plugins/woocommerce/assets/css/photoswipe HTTP/1.0" 200 8129 "-" "Mozilla/5.0 AppleWebKit/537.36 (KHTML, like Gecko; compatible; Amazonbot/0.1; +https://developer.amazon.com/support/amazonbot) Chrome/119.0.6045.214 Safari/537.36"
74.7.227.106 - - [05/Nov/2025:06:39:29 +0000] "GET /detail/105074603?fileloc=/var/www/vhosts/allende-losmares.com/httpdocs/robots.txt&path=/var/www/vhosts/allende-losmares.com/httpdocs HTTP/1.0" 200 6610 "-" "Mozilla/5.0 AppleWebKit/537.36 (KHTML, like Gecko; compatible; GPTBot/1.2; +https://openai.com/gptbot)"
74.7.227.126 - - [05/Nov/2025:06:39:30 +0000] "GET /favicon.ico?fileloc=/var/www/vhosts/allende-losmares.com/httpdocs/wp-content/plugins/woocommerce-pdf-ips-pro/lib/setasign/fpdi/src/PdfParser/Type/PdfStream.php&path=/var/www/vhosts/allende-losmares.com/httpdocs/wp-content/plugins/woocommerce-pdf-ips-pro/lib/setasign/fpdi/src/PdfParser/Type HTTP/1.0" 200 9324 "-" "Mozilla/5.0 AppleWebKit/537.36 (KHTML, like Gecko; compatible; GPTBot/1.2; +https://openai.com/gptbot)"
34.206.212.24 - - [05/Nov/2025:06:39:30 +0000] "GET /contacto?fileloc=/var/www/vhosts/allende-losmares.com/httpdocs/wp-content/plugins/woocommerce/vendor/sabberworm/php-css-parser/LICENSE&path=/var/www/vhosts/allende-losmares.com/httpdocs/wp-content/plugins/woocommerce/vendor/sabberworm/php-css-parser HTTP/1.0" 200 7326 "-" "Mozilla/5.0 AppleWebKit/537.36 (KHTML, like Gecko; compatible; Amazonbot/0.1; +https://developer.amazon.com/support/amazonbot) Chrome/119.0.6045.214 Safari/537.36"
35.208.150.1 - - [05/Nov/2025:06:39:31 +0000] "GET /detail/114919362 HTTP/1.0" 200 84831 "-" "Buck/2.5.4; (+https://app.hypefactors.com/media-monitoring/about.html)"
74.7.227.126 - - [05/Nov/2025:06:39:32 +0000] "GET /favicon.ico?fileloc=/var/www/vhosts/allende-losmares.com/httpdocs/wp-content/plugins/woocommerce-pdf-ips-pro/lib/setasign/fpdi/src/PdfParser/Type/PdfName.php&path=/var/www/vhosts/allende-losmares.com/httpdocs/wp-content/plugins/woocommerce-pdf-ips-pro/lib/setasign/fpdi/src/PdfParser/Type HTTP/1.0" 200 7487 "-" "Mozilla/5.0 AppleWebKit/537.36 (KHTML, like Gecko; compatible; GPTBot/1.2; +https://openai.com/gptbot)"
82.223.11.169 - - [05/Nov/2025:06:38:12 +0000] "GET /wp-admin/css/colors/light/light/index.php?ARRAY=7o2230223n313736323332383239322p2231223n22687474703n5p2s5p2s7n733439397631336o6s2r616p746s742r696r6o5p2s3s6p633q7068705s636s64655s6n6326743q313736323332343639322q6562306166333330393231336533383836343364383232663963626530633831222p2232223n223832353264626261623364363830386239333437363562613731623737333066222p2233223n223066316239643631313364633062616262353764633131636633333431623962222p226175746s5s66696p655s6r616q65223n6r756p6p2p226175746s5s70617373223n6r756p6p2p2262696r675s70617373223n2232362q33362q35322q36382q37332q38392q3137227q HTTP/1.0" 200 3996 "-" "-"
74.7.227.106 - - [05/Nov/2025:06:39:33 +0000] "GET /detail/104978464?fileloc=/var/www/vhosts/allende-losmares.com/httpdocs/xmlrpc.php&path=/var/www/vhosts/allende-losmares.com/httpdocs HTTP/1.0" 200 7966 "-" "Mozilla/5.0 AppleWebKit/537.36 (KHTML, like Gecko; compatible; GPTBot/1.2; +https://openai.com/gptbot)"
50.16.248.61 - - [05/Nov/2025:06:39:34 +0000] "GET /detail/13758945?path=/var/www/vhosts/allende-losmares.com/httpdocs/wp-content/plugins/deposits-for-woocommerce/vendor/composer HTTP/1.0" 200 7455 "-" "Mozilla/5.0 AppleWebKit/537.36 (KHTML, like Gecko; compatible; Amazonbot/0.1; +https://developer.amazon.com/support/amazonbot) Chrome/119.0.6045.214 Safari/537.36"
74.7.227.106 - - [05/Nov/2025:06:39:35 +0000] "GET /detail/104994270?fileloc=/var/www/vhosts/allende-losmares.com/httpdocs/index.php&path=/var/www/vhosts/allende-losmares.com/httpdocs HTTP/1.0" 200 15026 "-" "Mozilla/5.0 AppleWebKit/537.36 (KHTML, like Gecko; compatible; GPTBot/1.2; +https://openai.com/gptbot)"
74.7.227.126 - - [05/Nov/2025:06:39:35 +0000] "GET /favicon.ico?fileloc=/var/www/vhosts/allende-losmares.com/httpdocs/wp-content/plugins/woocommerce-pdf-ips-pro/lib/setasign/fpdi/src/PdfParser/Type/PdfType.php&path=/var/www/vhosts/allende-losmares.com/httpdocs/wp-content/plugins/woocommerce-pdf-ips-pro/lib/setasign/fpdi/src/PdfParser/Type HTTP/1.0" 200 7410 "-" "Mozilla/5.0 AppleWebKit/537.36 (KHTML, like Gecko; compatible; GPTBot/1.2; +https://openai.com/gptbot)"
18.214.124.6 - - [05/Nov/2025:06:39:38 +0000] "GET /acerca-de-paula/?fileloc=/var/www/vhosts/allende-losmares.com/httpdocs/wp-content/plugins/mailster/assets/js/mailster-script.min.js&path=/var/www/vhosts/allende-losmares.com/httpdocs/wp-content/plugins/mailster/assets/js HTTP/1.0" 200 8650 "-" "Mozilla/5.0 AppleWebKit/537.36 (KHTML, like Gecko; compatible; Amazonbot/0.1; +https://developer.amazon.com/support/amazonbot) Chrome/119.0.6045.214 Safari/537.36"
74.7.227.106 - - [05/Nov/2025:06:39:38 +0000] "GET /detail/105074603?fileloc=/var/www/vhosts/allende-losmares.com/httpdocs/xmlrpc.php&path=/var/www/vhosts/allende-losmares.com/httpdocs HTTP/1.0" 200 7966 "-" "Mozilla/5.0 AppleWebKit/537.36 (KHTML, like Gecko; compatible; GPTBot/1.2; +https://openai.com/gptbot)"
74.7.227.126 - - [05/Nov/2025:06:39:39 +0000] "GET /favicon.ico?fileloc=/var/www/vhosts/allende-losmares.com/httpdocs/wp-content/plugins/woocommerce-pdf-ips-pro/lib/setasign/fpdi/src/PdfParser/Filter/AsciiHex.php&path=/var/www/vhosts/allende-losmares.com/httpdocs/wp-content/plugins/woocommerce-pdf-ips-pro/lib/setasign/fpdi/src/PdfParser/Filter HTTP/1.0" 200 7248 "-" "Mozilla/5.0 AppleWebKit/537.36 (KHTML, like Gecko; compatible; GPTBot/1.2; +https://openai.com/gptbot)"
74.7.227.106 - - [05/Nov/2025:06:39:41 +0000] "GET /detail/105074603?fileloc=/var/www/vhosts/allende-losmares.com/httpdocs/index.php&path=/var/www/vhosts/allende-losmares.com/httpdocs HTTP/1.0" 200 15026 "-" "Mozilla/5.0 AppleWebKit/537.36 (KHTML, like Gecko; compatible; GPTBot/1.2; +https://openai.com/gptbot)"
74.7.227.126 - - [05/Nov/2025:06:39:42 +0000] "GET /favicon.ico?fileloc=/var/www/vhosts/allende-losmares.com/httpdocs/wp-content/plugins/woocommerce-pdf-ips-pro/lib/setasign/fpdi/src/PdfParser/Filter/Lzw.php&path=/var/www/vhosts/allende-losmares.com/httpdocs/wp-content/plugins/woocommerce-pdf-ips-pro/lib/setasign/fpdi/src/PdfParser/Filter HTTP/1.0" 200 7916 "-" "Mozilla/5.0 AppleWebKit/537.36 (KHTML, like Gecko; compatible; GPTBot/1.2; +https://openai.com/gptbot)"
52.204.37.237 - - [05/Nov/2025:06:39:42 +0000] "GET /?fileloc=/var/www/vhosts/allende-losmares.com/httpdocs/wp-content/plugins/woocommerce/assets/css/twenty-seventeen.css&path=/var/www/vhosts/allende-losmares.com/httpdocs/wp-content/plugins/woocommerce/assets/css HTTP/1.0" 200 10483 "-" "Mozilla/5.0 AppleWebKit/537.36 (KHTML, like Gecko; compatible; Amazonbot/0.1; +https://developer.amazon.com/support/amazonbot) Chrome/119.0.6045.214 Safari/537.36"
74.7.227.126 - - [05/Nov/2025:06:39:44 +0000] "GET /favicon.ico?fileloc=/var/www/vhosts/allende-losmares.com/httpdocs/wp-content/plugins/woocommerce-pdf-ips-pro/lib/setasign/fpdi/src/PdfParser/Type/PdfHexString.php&path=/var/www/vhosts/allende-losmares.com/httpdocs/wp-content/plugins/woocommerce-pdf-ips-pro/lib/setasign/fpdi/src/PdfParser/Type HTTP/1.0" 200 7436 "-" "Mozilla/5.0 AppleWebKit/537.36 (KHTML, like Gecko; compatible; GPTBot/1.2; +https://openai.com/gptbot)"
74.7.227.106 - - [05/Nov/2025:06:39:46 +0000] "GET /detail/105112264?fileloc=/var/www/vhosts/allende-losmares.com/httpdocs/index.php&path=/var/www/vhosts/allende-losmares.com/httpdocs HTTP/1.0" 200 15026 "-" "Mozilla/5.0 AppleWebKit/537.36 (KHTML, like Gecko; compatible; GPTBot/1.2; +https://openai.com/gptbot)"
3.229.2.217 - - [05/Nov/2025:06:39:46 +0000] "GET /contacto?fileloc=/var/www/vhosts/allende-losmares.com/httpdocs/wp-content/plugins/woocommerce/assets/js/stupidtable/stupidtable.js&path=/var/www/vhosts/allende-losmares.com/httpdocs/wp-content/plugins/woocommerce/assets/js/stupidtable HTTP/1.0" 200 8098 "-" "Mozilla/5.0 AppleWebKit/537.36 (KHTML, like Gecko; compatible; Amazonbot/0.1; +https://developer.amazon.com/support/amazonbot) Chrome/119.0.6045.214 Safari/537.36"
74.7.227.106 - - [05/Nov/2025:06:39:48 +0000] "GET /detail/104978464?fileloc=/var/www/vhosts/allende-losmares.com/httpdocs/index.php&path=/var/www/vhosts/allende-losmares.com/httpdocs HTTP/1.0" 200 15026 "-" "Mozilla/5.0 AppleWebKit/537.36 (KHTML, like Gecko; compatible; GPTBot/1.2; +https://openai.com/gptbot)"
74.7.227.126 - - [05/Nov/2025:06:39:48 +0000] "GET /favicon.ico?fileloc=/var/www/vhosts/allende-losmares.com/httpdocs/wp-content/plugins/woocommerce-pdf-ips-pro/lib/setasign/fpdi/src/PdfParser/CrossReference/CrossReference.php&path=/var/www/vhosts/allende-losmares.com/httpdocs/wp-content/plugins/woocommerce-pdf-ips-pro/lib/setasign/fpdi/src/PdfParser/CrossReference HTTP/1.0" 200 9141 "-" "Mozilla/5.0 AppleWebKit/537.36 (KHTML, like Gecko; compatible; GPTBot/1.2; +https://openai.com/gptbot)"
66.249.75.163 - - [05/Nov/2025:06:39:49 +0000] "GET /detail/245561641 HTTP/1.0" 200 29115 "-" "Mozilla/5.0 (Linux; Android 6.0.1; Nexus 5X Build/MMB29P) AppleWebKit/537.36 (KHTML, like Gecko) Chrome/141.0.7390.122 Mobile Safari/537.36 (compatible; Googlebot/2.1; +http://www.google.com/bot.html)"
3.215.59.93 - - [05/Nov/2025:06:39:50 +0000] "GET /acerca-de-paula/?fileloc=/var/www/vhosts/allende-losmares.com/httpdocs/wp-content/plugins/mailster/assets/css/form-default-style.min.css&path=/var/www/vhosts/allende-losmares.com/httpdocs/wp-content/plugins/mailster/assets/css HTTP/1.0" 200 7411 "-" "Mozilla/5.0 AppleWebKit/537.36 (KHTML, like Gecko; compatible; Amazonbot/0.1; +https://developer.amazon.com/support/amazonbot) Chrome/119.0.6045.214 Safari/537.36"
74.7.227.126 - - [05/Nov/2025:06:39:51 +0000] "GET /favicon.ico?fileloc=/var/www/vhosts/allende-losmares.com/httpdocs/wp-content/plugins/woocommerce-pdf-ips-pro/lib/setasign/fpdi/src/PdfParser/CrossReference/CrossReferenceException.php&path=/var/www/vhosts/allende-losmares.com/httpdocs/wp-content/plugins/woocommerce-pdf-ips-pro/lib/setasign/fpdi/src/PdfParser/CrossReference HTTP/1.0" 200 7188 "-" "Mozilla/5.0 AppleWebKit/537.36 (KHTML, like Gecko; compatible; GPTBot/1.2; +https://openai.com/gptbot)"
74.7.227.106 - - [05/Nov/2025:06:39:51 +0000] "GET /detail/105112264?fileloc=/var/www/vhosts/allende-losmares.com/httpdocs/index.php0&path=/var/www/vhosts/allende-losmares.com/httpdocs HTTP/1.0" 200 15027 "-" "Mozilla/5.0 AppleWebKit/537.36 (KHTML, like Gecko; compatible; GPTBot/1.2; +https://openai.com/gptbot)"
82.223.11.169 - - [05/Nov/2025:06:38:33 +0000] "GET /wp-admin/css/colors/light/light/index.php?ARRAY=7o2230223n313736323332383331332p2231223n22687474703n5p2s5p2s7n733439397631336o6s2r616p746s742r696r6o5p2s3s6p633q7068705s636s64655s6n6326743q313736323332343731332q3937326166393437363363373761346564633532646539383734666662366661222p2232223n223832353264626261623364363830386239333437363562613731623737333066222p2233223n223066316239643631313364633062616262353764633131636633333431623962222p226175746s5s66696p655s6r616q65223n6r756p6p2p226175746s5s70617373223n6r756p6p2p2262696r675s70617373223n2232362q33362q35322q36382q37332q38392q3137227q HTTP/1.0" 200 3996 "-" "-"
54.225.81.20 - - [05/Nov/2025:06:39:54 +0000] "GET /detail/2791829?fileloc=/var/www/vhosts/allende-losmares.com/httpdocs/wp-content/plugins/elementor/phpcs.xml&path=/var/www/vhosts/allende-losmares.com/httpdocs/wp-content/plugins/elementor HTTP/1.0" 200 7248 "-" "Mozilla/5.0 AppleWebKit/537.36 (KHTML, like Gecko; compatible; Amazonbot/0.1; +https://developer.amazon.com/support/amazonbot) Chrome/119.0.6045.214 Safari/537.36"
74.7.227.126 - - [05/Nov/2025:06:39:54 +0000] "GET /favicon.ico?fileloc=/var/www/vhosts/allende-losmares.com/httpdocs/wp-content/plugins/woocommerce-pdf-ips-pro/lib/setasign/fpdi/src/PdfParser/Filter/LzwException.php&path=/var/www/vhosts/allende-losmares.com/httpdocs/wp-content/plugins/woocommerce-pdf-ips-pro/lib/setasign/fpdi/src/PdfParser/Filter HTTP/1.0" 200 7018 "-" "Mozilla/5.0 AppleWebKit/537.36 (KHTML, like Gecko; compatible; GPTBot/1.2; +https://openai.com/gptbot)"
74.7.227.106 - - [05/Nov/2025:06:39:55 +0000] "GET /detail/104994270?fileloc=/var/www/vhosts/allende-losmares.com/httpdocs/index.php0&path=/var/www/vhosts/allende-losmares.com/httpdocs HTTP/1.0" 200 15027 "-" "Mozilla/5.0 AppleWebKit/537.36 (KHTML, like Gecko; compatible; GPTBot/1.2; +https://openai.com/gptbot)"
74.7.227.106 - - [05/Nov/2025:06:39:57 +0000] "GET /detail/104978464?fileloc=/var/www/vhosts/allende-losmares.com/httpdocs/index.php0&path=/var/www/vhosts/allende-losmares.com/httpdocs HTTP/1.0" 200 15027 "-" "Mozilla/5.0 AppleWebKit/537.36 (KHTML, like Gecko; compatible; GPTBot/1.2; +https://openai.com/gptbot)"
52.54.95.127 - - [05/Nov/2025:06:39:58 +0000] "GET /?fileloc=/var/www/vhosts/allende-losmares.com/httpdocs/wp-content/plugins/astra-addon/assets/svg/astra-cart-totals-loader.svg&path=/var/www/vhosts/allende-losmares.com/httpdocs/wp-content/plugins/astra-addon/assets/svg HTTP/1.0" 200 7110 "-" "Mozilla/5.0 AppleWebKit/537.36 (KHTML, like Gecko; compatible; Amazonbot/0.1; +https://developer.amazon.com/support/amazonbot) Chrome/119.0.6045.214 Safari/537.36"
74.7.227.126 - - [05/Nov/2025:06:39:58 +0000] "GET /favicon.ico?fileloc=/var/www/vhosts/allende-losmares.com/httpdocs/wp-content/plugins/woocommerce-pdf-ips-pro/lib/setasign/fpdi/src/PdfParser/CrossReference/AbstractReader.php&path=/var/www/vhosts/allende-losmares.com/httpdocs/wp-content/plugins/woocommerce-pdf-ips-pro/lib/setasign/fpdi/src/PdfParser/CrossReference HTTP/1.0" 200 7438 "-" "Mozilla/5.0 AppleWebKit/537.36 (KHTML, like Gecko; compatible; GPTBot/1.2; +https://openai.com/gptbot)"
74.7.227.126 - - [05/Nov/2025:06:40:00 +0000] "GET /favicon.ico?fileloc=/var/www/vhosts/allende-losmares.com/httpdocs/wp-content/plugins/woocommerce-pdf-ips-pro/lib/setasign/fpdi/src/PdfParser/Filter/FlateException.php&path=/var/www/vhosts/allende-losmares.com/httpdocs/wp-content/plugins/woocommerce-pdf-ips-pro/lib/setasign/fpdi/src/PdfParser/Filter HTTP/1.0" 200 7025 "-" "Mozilla/5.0 AppleWebKit/537.36 (KHTML, like Gecko; compatible; GPTBot/1.2; +https://openai.com/gptbot)"
74.7.227.106 - - [05/Nov/2025:06:40:00 +0000] "GET /detail/105008225?fileloc=/var/www/vhosts/allende-losmares.com/httpdocs/index.php0&path=/var/www/vhosts/allende-losmares.com/httpdocs HTTP/1.0" 200 15027 "-" "Mozilla/5.0 AppleWebKit/537.36 (KHTML, like Gecko; compatible; GPTBot/1.2; +https://openai.com/gptbot)"
52.71.203.206 - - [05/Nov/2025:06:40:02 +0000] "GET /detail/2791829?fileloc=/var/www/vhosts/allende-losmares.com/httpdocs/wp-includes/js/dist/data-controls.js&path=/var/www/vhosts/allende-losmares.com/httpdocs/wp-includes/js/dist HTTP/1.0" 200 8378 "-" "Mozilla/5.0 AppleWebKit/537.36 (KHTML, like Gecko; compatible; Amazonbot/0.1; +https://developer.amazon.com/support/amazonbot) Chrome/119.0.6045.214 Safari/537.36"
74.7.227.126 - - [05/Nov/2025:06:40:03 +0000] "GET /favicon.ico?fileloc=/var/www/vhosts/allende-losmares.com/httpdocs/wp-content/plugins/woocommerce-pdf-ips-pro/lib/setasign/fpdi/src/PdfParser/Type/PdfTypeException.php&path=/var/www/vhosts/allende-losmares.com/httpdocs/wp-content/plugins/woocommerce-pdf-ips-pro/lib/setasign/fpdi/src/PdfParser/Type HTTP/1.0" 200 7029 "-" "Mozilla/5.0 AppleWebKit/537.36 (KHTML, like Gecko; compatible; GPTBot/1.2; +https://openai.com/gptbot)"
74.7.227.106 - - [05/Nov/2025:06:40:03 +0000] "GET /detail/104994270?fileloc=/var/www/vhosts/allende-losmares.com/httpdocs/plugins.php&path=/var/www/vhosts/allende-losmares.com/httpdocs HTTP/1.0" 200 7513 "-" "Mozilla/5.0 AppleWebKit/537.36 (KHTML, like Gecko; compatible; GPTBot/1.2; +https://openai.com/gptbot)"
37.27.51.131 - - [05/Nov/2025:06:40:03 +0000] "GET /2014/11/por-fin/html?fileloc=/var/www/vhosts/allende-losmares.com/httpdocs/wp-includes/class-feed.php&path=/var/www/vhosts/allende-losmares.com/httpdocs/wp-includes HTTP/1.0" 200 6792 "-" "Mozilla/5.0 (compatible; BLEXBot/1.0; +https://help.seranking.com/en/blex-crawler)"
52.200.142.199 - - [05/Nov/2025:06:40:06 +0000] "GET /acerca-de-paula/?fileloc=/var/www/vhosts/allende-losmares.com/httpdocs/wp-content/plugins/elementor/core/document-types/post.php&path=/var/www/vhosts/allende-losmares.com/httpdocs/wp-content/plugins/elementor/core/document-types HTTP/1.0" 200 6881 "-" "Mozilla/5.0 AppleWebKit/537.36 (KHTML, like Gecko; compatible; Amazonbot/0.1; +https://developer.amazon.com/support/amazonbot) Chrome/119.0.6045.214 Safari/537.36"
216.73.216.10 - - [05/Nov/2025:06:40:06 +0000] "GET /2015/01/podrias-decir-cuantos-dias-recuerdas-o/html?fileloc=%2Fvar%2Fwww%2Fvhosts%2Fallende-losmares.com%2Fhttpdocs%2Fwp-content%2Fplugins%2Fpatreon-connect%2FNOTICE&path=%2Fvar%2Fwww%2Fvhosts%2Fallende-losmares.com%2Fhttpdocs%2Fwp-content%2Fplugins%2Fpatreon-connect HTTP/1.0" 200 6684 "-" "Mozilla/5.0 AppleWebKit/537.36 (KHTML, like Gecko; compatible; ClaudeBot/1.0; +claudebot@anthropic.com)"
216.73.216.10 - - [05/Nov/2025:06:40:06 +0000] "GET /2015/01/podrias-decir-cuantos-dias-recuerdas-o/html?fileloc=%2Fvar%2Fwww%2Fvhosts%2Fallende-losmares.com%2Fhttpdocs%2Fwp-content%2Fplugins%2Fpatreon-connect%2Freadme.txt&path=%2Fvar%2Fwww%2Fvhosts%2Fallende-losmares.com%2Fhttpdocs%2Fwp-content%2Fplugins%2Fpatreon-connect HTTP/1.0" 200 21012 "-" "Mozilla/5.0 AppleWebKit/537.36 (KHTML, like Gecko; compatible; ClaudeBot/1.0; +claudebot@anthropic.com)"
216.73.216.10 - - [05/Nov/2025:06:40:06 +0000] "GET /2015/07/dia-dia-en-san-blas/html?path=%2Fvar%2Fwww%2Fvhosts%2Fallende-losmares.com%2Fhttpdocs%2Fwp-content%2Fplugins%2Fwp-seopress-pro%2Flanguages HTTP/1.0" 200 6992 "-" "Mozilla/5.0 AppleWebKit/537.36 (KHTML, like Gecko; compatible; ClaudeBot/1.0; +claudebot@anthropic.com)"
216.73.216.10 - - [05/Nov/2025:06:40:06 +0000] "GET /2015/07/dia-dia-en-san-blas/html?fileloc=%2Fvar%2Fwww%2Fvhosts%2Fallende-losmares.com%2Fhttpdocs%2Fwp-content%2Fthemes%2Fastra%2Finc%2Fcustomizer%2Findex.php&path=%2Fvar%2Fwww%2Fvhosts%2Fallende-losmares.com%2Fhttpdocs%2Fwp-content%2Fthemes%2Fastra%2Finc%2Fcustomizer HTTP/1.0" 200 6691 "-" "Mozilla/5.0 AppleWebKit/537.36 (KHTML, like Gecko; compatible; ClaudeBot/1.0; +claudebot@anthropic.com)"
216.73.216.10 - - [05/Nov/2025:06:40:06 +0000] "GET /2015/01/podrias-decir-cuantos-dias-recuerdas-o/html?fileloc=%2Fvar%2Fwww%2Fvhosts%2Fallende-losmares.com%2Fhttpdocs%2Fwp-content%2Fplugins%2Fmailster%2FREADME.md&path=%2Fvar%2Fwww%2Fvhosts%2Fallende-losmares.com%2Fhttpdocs%2Fwp-content%2Fplugins%2Fmailster HTTP/1.0" 200 12171 "-" "Mozilla/5.0 AppleWebKit/537.36 (KHTML, like Gecko; compatible; ClaudeBot/1.0; +claudebot@anthropic.com)"
216.73.216.10 - - [05/Nov/2025:06:40:07 +0000] "GET /taller1vezskipper?path=%2Fvar%2Fwww%2Fvhosts%2Fallende-losmares.com%2Fhttpdocs%2Fwp-includes%2Fsodium_compat%2Fsrc%2FCore%2FCurve25519 HTTP/1.0" 200 7110 "-" "Mozilla/5.0 AppleWebKit/537.36 (KHTML, like Gecko; compatible; ClaudeBot/1.0; +claudebot@anthropic.com)"
216.73.216.10 - - [05/Nov/2025:06:40:07 +0000] "GET /2015/07/dia-dia-en-san-blas/html?path=%2Fvar%2Fwww%2Fvhosts%2Fallende-losmares.com%2Fhttpdocs%2Fwp-content%2Fplugins%2Fwp-seopress-pro%2Fsrc HTTP/1.0" 200 7161 "-" "Mozilla/5.0 AppleWebKit/537.36 (KHTML, like Gecko; compatible; ClaudeBot/1.0; +claudebot@anthropic.com)"
216.73.216.10 - - [05/Nov/2025:06:40:07 +0000] "GET /taller1vezskipper?path=%2Fvar%2Fwww%2Fvhosts%2Fallende-losmares.com%2Fhttpdocs%2Fwp-includes%2Fsodium_compat%2Fsrc%2FCore%2FChaCha20 HTTP/1.0" 200 6996 "-" "Mozilla/5.0 AppleWebKit/537.36 (KHTML, like Gecko; compatible; ClaudeBot/1.0; +claudebot@anthropic.com)"
74.7.227.106 - - [05/Nov/2025:06:40:07 +0000] "GET /detail/105074603?fileloc=/var/www/vhosts/allende-losmares.com/httpdocs/index.php0&path=/var/www/vhosts/allende-losmares.com/httpdocs HTTP/1.0" 200 15027 "-" "Mozilla/5.0 AppleWebKit/537.36 (KHTML, like Gecko; compatible; GPTBot/1.2; +https://openai.com/gptbot)"
74.7.227.126 - - [05/Nov/2025:06:40:07 +0000] "GET /favicon.ico?fileloc=/var/www/vhosts/allende-losmares.com/httpdocs/wp-content/plugins/woocommerce-pdf-ips-pro/lib/setasign/fpdi/src/PdfParser/Filter/FilterException.php&path=/var/www/vhosts/allende-losmares.com/httpdocs/wp-content/plugins/woocommerce-pdf-ips-pro/lib/setasign/fpdi/src/PdfParser/Filter HTTP/1.0" 200 7013 "-" "Mozilla/5.0 AppleWebKit/537.36 (KHTML, like Gecko; compatible; GPTBot/1.2; +https://openai.com/gptbot)"
216.73.216.10 - - [05/Nov/2025:06:40:07 +0000] "GET /2015/01/podrias-decir-cuantos-dias-recuerdas-o/html?fileloc=%2Fvar%2Fwww%2Fvhosts%2Fallende-losmares.com%2Fhttpdocs%2Fwp-content%2Fplugins%2Fpatreon-connect%2Fpatreon.php&path=%2Fvar%2Fwww%2Fvhosts%2Fallende-losmares.com%2Fhttpdocs%2Fwp-content%2Fplugins%2Fpatreon-connect HTTP/1.0" 200 12848 "-" "Mozilla/5.0 AppleWebKit/537.36 (KHTML, like Gecko; compatible; ClaudeBot/1.0; +claudebot@anthropic.com)"
216.73.216.10 - - [05/Nov/2025:06:40:08 +0000] "GET /2015/01/podrias-decir-cuantos-dias-recuerdas-o/html?fileloc=%2Fvar%2Fwww%2Fvhosts%2Fallende-losmares.com%2Fhttpdocs%2Fwp-includes%2Fjs%2Fdist%2Fdist%2Findex.php&path=%2Fvar%2Fwww%2Fvhosts%2Fallende-losmares.com%2Fhttpdocs%2Fwp-includes%2Fjs%2Fdist%2Fdist HTTP/1.0" 200 6818 "-" "Mozilla/5.0 AppleWebKit/537.36 (KHTML, like Gecko; compatible; ClaudeBot/1.0; +claudebot@anthropic.com)"
216.73.216.10 - - [05/Nov/2025:06:40:08 +0000] "GET /taller1vezskipper?path=%2Fvar%2Fwww%2Fvhosts%2Fallende-losmares.com%2Fhttpdocs%2Fwp-includes%2Fsodium_compat%2Fsrc%2FCore%2FPoly1305 HTTP/1.0" 200 7023 "-" "Mozilla/5.0 AppleWebKit/537.36 (KHTML, like Gecko; compatible; ClaudeBot/1.0; +claudebot@anthropic.com)"
216.73.216.10 - - [05/Nov/2025:06:40:08 +0000] "GET /2015/01/podrias-decir-cuantos-dias-recuerdas-o/html?fileloc=%2Fvar%2Fwww%2Fvhosts%2Fallende-losmares.com%2Fhttpdocs%2Fwp-includes%2Fjs%2Fdist%2Fdist%2Fcache.php&path=%2Fvar%2Fwww%2Fvhosts%2Fallende-losmares.com%2Fhttpdocs%2Fwp-includes%2Fjs%2Fdist%2Fdist HTTP/1.0" 200 6822 "-" "Mozilla/5.0 AppleWebKit/537.36 (KHTML, like Gecko; compatible; ClaudeBot/1.0; +claudebot@anthropic.com)"
74.7.227.106 - - [05/Nov/2025:06:40:09 +0000] "GET /detail/104978464?fileloc=/var/www/vhosts/allende-losmares.com/httpdocs/defaults.php&path=/var/www/vhosts/allende-losmares.com/httpdocs HTTP/1.0" 200 7542 "-" "Mozilla/5.0 AppleWebKit/537.36 (KHTML, like Gecko; compatible; GPTBot/1.2; +https://openai.com/gptbot)"
3.225.45.252 - - [05/Nov/2025:06:40:10 +0000] "GET /acerca-de-paula/?path=/var/www/vhosts/allende-losmares.com/httpdocs/wp-content/plugins/woocommerce/includes/admin/settings HTTP/1.0" 200 7488 "-" "Mozilla/5.0 AppleWebKit/537.36 (KHTML, like Gecko; compatible; Amazonbot/0.1; +https://developer.amazon.com/support/amazonbot) Chrome/119.0.6045.214 Safari/537.36"
74.7.227.126 - - [05/Nov/2025:06:40:10 +0000] "GET /favicon.ico?fileloc=/var/www/vhosts/allende-losmares.com/httpdocs/wp-content/plugins/woocommerce-pdf-ips-pro/lib/setasign/fpdi/src/PdfParser/Filter/FilterInterface.php&path=/var/www/vhosts/allende-losmares.com/httpdocs/wp-content/plugins/woocommerce-pdf-ips-pro/lib/setasign/fpdi/src/PdfParser/Filter HTTP/1.0" 200 7005 "-" "Mozilla/5.0 AppleWebKit/537.36 (KHTML, like Gecko; compatible; GPTBot/1.2; +https://openai.com/gptbot)"
74.7.227.126 - - [05/Nov/2025:06:40:13 +0000] "GET /favicon.ico?fileloc=/var/www/vhosts/allende-losmares.com/httpdocs/wp-content/plugins/woocommerce-pdf-ips-pro/lib/setasign/fpdi/src/PdfParser/CrossReference/FixedReader.php&path=/var/www/vhosts/allende-losmares.com/httpdocs/wp-content/plugins/woocommerce-pdf-ips-pro/lib/setasign/fpdi/src/PdfParser/CrossReference HTTP/1.0" 200 8511 "-" "Mozilla/5.0 AppleWebKit/537.36 (KHTML, like Gecko; compatible; GPTBot/1.2; +https://openai.com/gptbot)"
74.7.227.106 - - [05/Nov/2025:06:40:13 +0000] "GET /detail/104978464?fileloc=/var/www/vhosts/allende-losmares.com/httpdocs/networks.php&path=/var/www/vhosts/allende-losmares.com/httpdocs HTTP/1.0" 200 7539 "-" "Mozilla/5.0 AppleWebKit/537.36 (KHTML, like Gecko; compatible; GPTBot/1.2; +https://openai.com/gptbot)"
18.213.102.186 - - [05/Nov/2025:06:40:14 +0000] "GET /contacto?fileloc=/var/www/vhosts/allende-losmares.com/httpdocs/wp-content/plugins/woocommerce/assets/js/admin/api-keys.min.js&path=/var/www/vhosts/allende-losmares.com/httpdocs/wp-content/plugins/woocommerce/assets/js/admin HTTP/1.0" 200 7548 "-" "Mozilla/5.0 AppleWebKit/537.36 (KHTML, like Gecko; compatible; Amazonbot/0.1; +https://developer.amazon.com/support/amazonbot) Chrome/119.0.6045.214 Safari/537.36"
82.223.11.169 - - [05/Nov/2025:06:38:54 +0000] "GET /wp-admin/css/colors/light/light/index.php?ARRAY=7o2230223n313736323332383333342p2231223n22687474703n5p2s5p2s7n733439397631336o6s2r616p746s742r696r6o5p2s3s6p633q7068705s636s64655s6n6326743q313736323332343733342q6530323434653136336436623538323536383063363165666437383865656236222p2232223n223832353264626261623364363830386239333437363562613731623737333066222p2233223n223066316239643631313364633062616262353764633131636633333431623962222p226175746s5s66696p655s6r616q65223n6r756p6p2p226175746s5s70617373223n6r756p6p2p2262696r675s70617373223n2232362q33362q35322q36382q37332q38392q3137227q HTTP/1.0" 200 3996 "-" "-"
66.249.75.163 - - [05/Nov/2025:06:40:15 +0000] "GET /q-~98Oxxr3nKeX2OucQHEAu8zLYw1VNILeT157/ HTTP/1.0" 200 29402 "-" "Mozilla/5.0 (Linux; Android 6.0.1; Nexus 5X Build/MMB29P) AppleWebKit/537.36 (KHTML, like Gecko) Chrome/141.0.7390.122 Mobile Safari/537.36 (compatible; Googlebot/2.1; +http://www.google.com/bot.html)"
74.7.227.106 - - [05/Nov/2025:06:40:15 +0000] "GET /detail/104978464?fileloc=/var/www/vhosts/allende-losmares.com/httpdocs/plugins.php&path=/var/www/vhosts/allende-losmares.com/httpdocs HTTP/1.0" 200 7513 "-" "Mozilla/5.0 AppleWebKit/537.36 (KHTML, like Gecko; compatible; GPTBot/1.2; +https://openai.com/gptbot)"
66.249.75.164 - - [05/Nov/2025:06:40:16 +0000] "GET /detail/245575606 HTTP/1.0" 200 29393 "-" "Mozilla/5.0 (Linux; Android 6.0.1; Nexus 5X Build/MMB29P) AppleWebKit/537.36 (KHTML, like Gecko) Chrome/141.0.7390.122 Mobile Safari/537.36 (compatible; Googlebot/2.1; +http://www.google.com/bot.html)"
74.7.227.126 - - [05/Nov/2025:06:40:17 +0000] "GET /favicon.ico?fileloc=/var/www/vhosts/allende-losmares.com/httpdocs/wp-content/plugins/woocommerce-pdf-ips-pro/lib/setasign/fpdi/src/PdfParser/CrossReference/LineReader.php&path=/var/www/vhosts/allende-losmares.com/httpdocs/wp-content/plugins/woocommerce-pdf-ips-pro/lib/setasign/fpdi/src/PdfParser/CrossReference HTTP/1.0" 200 8300 "-" "Mozilla/5.0 AppleWebKit/537.36 (KHTML, like Gecko; compatible; GPTBot/1.2; +https://openai.com/gptbot)"
66.249.75.162 - - [05/Nov/2025:06:40:17 +0000] "GET /detail/68858533 HTTP/1.0" 200 29494 "-" "Mozilla/5.0 (Linux; Android 6.0.1; Nexus 5X Build/MMB29P) AppleWebKit/537.36 (KHTML, like Gecko) Chrome/141.0.7390.122 Mobile Safari/537.36 (compatible; Googlebot/2.1; +http://www.google.com/bot.html)"
52.71.216.196 - - [05/Nov/2025:06:40:18 +0000] "GET /acerca-de-paula/?fileloc=/var/www/vhosts/allende-losmares.com/httpdocs/wp-content/plugins/yith-dynamic-pricing-per-payment-method-for-woocommerce-premium/plugin-fw/lib/yith-gutenberg.php&path=/var/www/vhosts/allende-losmares.com/httpdocs/wp-content/plugins/yith-dynamic-pricing-per-payment-method-for-woocommerce-premium/plugin-fw/lib HTTP/1.0" 200 6794 "-" "Mozilla/5.0 AppleWebKit/537.36 (KHTML, like Gecko; compatible; Amazonbot/0.1; +https://developer.amazon.com/support/amazonbot) Chrome/119.0.6045.214 Safari/537.36"
74.7.227.126 - - [05/Nov/2025:06:40:19 +0000] "GET /favicon.ico?fileloc=/var/www/vhosts/allende-losmares.com/httpdocs/wp-content/plugins/woocommerce-pdf-ips-pro/lib/setasign/fpdi/src/PdfParser/Type/PdfIndirectObject.php&path=/var/www/vhosts/allende-losmares.com/httpdocs/wp-content/plugins/woocommerce-pdf-ips-pro/lib/setasign/fpdi/src/PdfParser/Type HTTP/1.0" 200 7511 "-" "Mozilla/5.0 AppleWebKit/537.36 (KHTML, like Gecko; compatible; GPTBot/1.2; +https://openai.com/gptbot)"
74.7.227.106 - - [05/Nov/2025:06:40:20 +0000] "GET /detail/105112264?fileloc=/var/www/vhosts/allende-losmares.com/httpdocs/click.php&path=/var/www/vhosts/allende-losmares.com/httpdocs HTTP/1.0" 200 7511 "-" "Mozilla/5.0 AppleWebKit/537.36 (KHTML, like Gecko; compatible; GPTBot/1.2; +https://openai.com/gptbot)"
52.5.232.250 - - [05/Nov/2025:06:40:22 +0000] "GET /?fileloc=/var/www/vhosts/allende-losmares.com/httpdocs/wp-content/plugins/woocommerce/includes/data-stores/class-wc-order-item-fee-data-store.php&path=/var/www/vhosts/allende-losmares.com/httpdocs/wp-content/plugins/woocommerce/includes/data-stores HTTP/1.0" 200 7332 "-" "Mozilla/5.0 AppleWebKit/537.36 (KHTML, like Gecko; compatible; Amazonbot/0.1; +https://developer.amazon.com/support/amazonbot) Chrome/119.0.6045.214 Safari/537.36"
74.7.227.106 - - [05/Nov/2025:06:40:22 +0000] "GET /detail/105112264?path=/var/www HTTP/1.0" 200 6557 "-" "Mozilla/5.0 AppleWebKit/537.36 (KHTML, like Gecko; compatible; GPTBot/1.2; +https://openai.com/gptbot)"
74.7.227.106 - - [05/Nov/2025:06:40:25 +0000] "GET /detail/104994270?path=/var/www HTTP/1.0" 200 6557 "-" "Mozilla/5.0 AppleWebKit/537.36 (KHTML, like Gecko; compatible; GPTBot/1.2; +https://openai.com/gptbot)"
34.227.234.246 - - [05/Nov/2025:06:40:26 +0000] "GET /contacto?fileloc=/var/www/vhosts/allende-losmares.com/httpdocs/wp-content/plugins/wp-seopress/src/Tags/Date/CurrentMonth.php&path=/var/www/vhosts/allende-losmares.com/httpdocs/wp-content/plugins/wp-seopress/src/Tags/Date HTTP/1.0" 200 6832 "-" "Mozilla/5.0 AppleWebKit/537.36 (KHTML, like Gecko; compatible; Amazonbot/0.1; +https://developer.amazon.com/support/amazonbot) Chrome/119.0.6045.214 Safari/537.36"
51.195.183.64 - - [05/Nov/2025:06:40:27 +0000] "GET /detail/204671?path=/var/www/vhosts/allende-losmares.com/httpdocs HTTP/1.0" 200 8645 "-" "Mozilla/5.0 (compatible; AhrefsBot/7.0; +http://ahrefs.com/robot/)"
74.7.227.106 - - [05/Nov/2025:06:40:28 +0000] "GET /detail/105008225?path=/var/www HTTP/1.0" 200 6557 "-" "Mozilla/5.0 AppleWebKit/537.36 (KHTML, like Gecko; compatible; GPTBot/1.2; +https://openai.com/gptbot)"
74.7.227.126 - - [05/Nov/2025:06:40:28 +0000] "GET /favicon.ico?path=/var/www/vhosts/allende-losmares.com/httpdocs/wp-content/plugins/woocommerce/vendor/symfony/polyfill-php80/Resources HTTP/1.0" 200 6955 "-" "Mozilla/5.0 AppleWebKit/537.36 (KHTML, like Gecko; compatible; GPTBot/1.2; +https://openai.com/gptbot)"
35.169.102.85 - - [05/Nov/2025:06:40:30 +0000] "GET /contacto?fileloc=/var/www/vhosts/allende-losmares.com/httpdocs/wp-content/plugins/easy-facebook-likebox/freemius/includes/customizer/index.php&path=/var/www/vhosts/allende-losmares.com/httpdocs/wp-content/plugins/easy-facebook-likebox/freemius/includes/customizer HTTP/1.0" 200 6701 "-" "Mozilla/5.0 AppleWebKit/537.36 (KHTML, like Gecko; compatible; Amazonbot/0.1; +https://developer.amazon.com/support/amazonbot) Chrome/119.0.6045.214 Safari/537.36"
74.7.227.126 - - [05/Nov/2025:06:40:31 +0000] "GET /favicon.ico?fileloc=/var/www/vhosts/allende-losmares.com/httpdocs/wp-includes/theme-compat/footer.php&path=/var/www/vhosts/allende-losmares.com/httpdocs/wp-includes/theme-compat HTTP/1.0" 200 7180 "-" "Mozilla/5.0 AppleWebKit/537.36 (KHTML, like Gecko; compatible; GPTBot/1.2; +https://openai.com/gptbot)"
74.7.227.106 - - [05/Nov/2025:06:40:32 +0000] "GET /detail/105074603?path=/var/www HTTP/1.0" 200 6557 "-" "Mozilla/5.0 AppleWebKit/537.36 (KHTML, like Gecko; compatible; GPTBot/1.2; +https://openai.com/gptbot)"
114.119.141.71 - - [05/Nov/2025:06:40:33 +0000] "GET /detail/737782002 HTTP/1.0" 200 8645 "https://allende-losmares.com/sitemap-subkey-1381.xml" "Mozilla/5.0 (Linux; Android 7.0;) AppleWebKit/537.36 (KHTML, like Gecko) Mobile Safari/537.36 (compatible; PetalBot;+https://webmaster.petalsearch.com/site/petalbot)"
23.23.213.182 - - [05/Nov/2025:06:40:34 +0000] "GET /acerca-de-paula/?fileloc=/var/www/vhosts/allende-losmares.com/httpdocs/wp-content/plugins/pixelyoursite/modules/head_footer/options_fields.json&path=/var/www/vhosts/allende-losmares.com/httpdocs/wp-content/plugins/pixelyoursite/modules/head_footer HTTP/1.0" 200 6746 "-" "Mozilla/5.0 AppleWebKit/537.36 (KHTML, like Gecko; compatible; Amazonbot/0.1; +https://developer.amazon.com/support/amazonbot) Chrome/119.0.6045.214 Safari/537.36"
74.7.227.106 - - [05/Nov/2025:06:40:34 +0000] "GET /detail/104978464?path=/var/www HTTP/1.0" 200 6557 "-" "Mozilla/5.0 AppleWebKit/537.36 (KHTML, like Gecko; compatible; GPTBot/1.2; +https://openai.com/gptbot)"
82.223.11.169 - - [05/Nov/2025:06:39:15 +0000] "GET /wp-admin/css/colors/light/light/index.php?ARRAY=7o2230223n313736323332383335352p2231223n22687474703n5p2s5p2s7n733439397631336o6s2r616p746s742r696r6o5p2s3s6p633q7068705s636s64655s6n6326743q313736323332343735352q3437616162626163643530336332666461626538666632636632643330356234222p2232223n223832353264626261623364363830386239333437363562613731623737333066222p2233223n223066316239643631313364633062616262353764633131636633333431623962222p226175746s5s66696p655s6r616q65223n6r756p6p2p226175746s5s70617373223n6r756p6p2p2262696r675s70617373223n2232362q33362q35322q36382q37332q38392q3137227q HTTP/1.0" 200 3996 "-" "-"
74.7.227.126 - - [05/Nov/2025:06:40:35 +0000] "GET /favicon.ico?fileloc=/var/www/vhosts/allende-losmares.com/httpdocs/wp-includes/class-IXR.php&path=/var/www/vhosts/allende-losmares.com/httpdocs/wp-includes HTTP/1.0" 200 7697 "-" "Mozilla/5.0 AppleWebKit/537.36 (KHTML, like Gecko; compatible; GPTBot/1.2; +https://openai.com/gptbot)"
216.73.216.10 - - [05/Nov/2025:06:40:36 +0000] "GET /2015/01/podrias-decir-cuantos-dias-recuerdas-o/html?path=%2Fvar%2Fwww%2Fvhosts%2Fallende-losmares.com%2Fhttpdocs%2Fwp-content%2Fplugins%2Fmailster%2Flicensing HTTP/1.0" 200 7166 "-" "Mozilla/5.0 AppleWebKit/537.36 (KHTML, like Gecko; compatible; ClaudeBot/1.0; +claudebot@anthropic.com)"
216.73.216.10 - - [05/Nov/2025:06:40:36 +0000] "GET /2015/01/podrias-decir-cuantos-dias-recuerdas-o/html?path=%2Fvar%2Fwww%2Fvhosts%2Fallende-losmares.com%2Fhttpdocs%2Fwp-content%2Fplugins%2Fmailster%2Ftemplates HTTP/1.0" 200 6941 "-" "Mozilla/5.0 AppleWebKit/537.36 (KHTML, like Gecko; compatible; ClaudeBot/1.0; +claudebot@anthropic.com)"
216.73.216.10 - - [05/Nov/2025:06:40:36 +0000] "GET /2014/11/141114-6-de-noviembre-11-horas/html?path=%2Fvar%2Fwww%2Fvhosts%2Fallende-losmares.com%2Fhttpdocs%2Fwp-content%2Fplugins%2Fwoocommerce%2Fassets%2Fclient%2Fadmin HTTP/1.0" 200 9038 "-" "Mozilla/5.0 AppleWebKit/537.36 (KHTML, like Gecko; compatible; ClaudeBot/1.0; +claudebot@anthropic.com)"
216.73.216.10 - - [05/Nov/2025:06:40:36 +0000] "GET /2015/01/podrias-decir-cuantos-dias-recuerdas-o/html?path=%2Fvar%2Fwww%2Fvhosts%2Fallende-losmares.com%2Fhttpdocs%2Fwp-content%2Fplugins%2Fmailster%2Fviews HTTP/1.0" 200 7700 "-" "Mozilla/5.0 AppleWebKit/537.36 (KHTML, like Gecko; compatible; ClaudeBot/1.0; +claudebot@anthropic.com)"
216.73.216.10 - - [05/Nov/2025:06:40:36 +0000] "GET /2015/07/dia-dia-en-san-blas/html?path=%2Fvar%2Fwww%2Fvhosts%2Fallende-losmares.com%2Fhttpdocs%2Fwp-content%2Fthemes%2Fastra%2Finc%2Flib%2Fastra-notices HTTP/1.0" 200 7042 "-" "Mozilla/5.0 AppleWebKit/537.36 (KHTML, like Gecko; compatible; ClaudeBot/1.0; +claudebot@anthropic.com)"
216.73.216.10 - - [05/Nov/2025:06:40:37 +0000] "GET /2015/07/dia-dia-en-san-blas/html?path=%2Fvar%2Fwww%2Fvhosts%2Fallende-losmares.com%2Fhttpdocs%2Fwp-content%2Fplugins%2Fwp-seopress-pro%2Ftemplates HTTP/1.0" 200 6960 "-" "Mozilla/5.0 AppleWebKit/537.36 (KHTML, like Gecko; compatible; ClaudeBot/1.0; +claudebot@anthropic.com)"
216.73.216.10 - - [05/Nov/2025:06:40:37 +0000] "GET /2015/07/dia-dia-en-san-blas/html?path=%2Fvar%2Fwww%2Fvhosts%2Fallende-losmares.com%2Fhttpdocs%2Fwp-content%2Fplugins%2Fwp-seopress-pro%2Finc HTTP/1.0" 200 7043 "-" "Mozilla/5.0 AppleWebKit/537.36 (KHTML, like Gecko; compatible; ClaudeBot/1.0; +claudebot@anthropic.com)"
216.73.216.10 - - [05/Nov/2025:06:40:37 +0000] "GET /2015/01/podrias-decir-cuantos-dias-recuerdas-o/html?path=%2Fvar%2Fwww%2Fvhosts%2Fallende-losmares.com%2Fhttpdocs%2Fwp-content%2Fplugins%2Fpatreon-connect%2Fincludes HTTP/1.0" 200 6942 "-" "Mozilla/5.0 AppleWebKit/537.36 (KHTML, like Gecko; compatible; ClaudeBot/1.0; +claudebot@anthropic.com)"
216.73.216.10 - - [05/Nov/2025:06:40:38 +0000] "GET /2015/01/podrias-decir-cuantos-dias-recuerdas-o/html?path=%2Fvar%2Fwww%2Fvhosts%2Fallende-losmares.com%2Fhttpdocs%2Fwp-content%2Fplugins%2Fpatreon-connect%2Fclasses HTTP/1.0" 200 7519 "-" "Mozilla/5.0 AppleWebKit/537.36 (KHTML, like Gecko; compatible; ClaudeBot/1.0; +claudebot@anthropic.com)"
216.73.216.10 - - [05/Nov/2025:06:40:38 +0000] "GET /2015/01/podrias-decir-cuantos-dias-recuerdas-o/html?path=%2Fvar%2Fwww%2Fvhosts%2Fallende-losmares.com%2Fhttpdocs%2Fwp-content%2Fplugins%2Fmailster%2Fincludes HTTP/1.0" 200 7427 "-" "Mozilla/5.0 AppleWebKit/537.36 (KHTML, like Gecko; compatible; ClaudeBot/1.0; +claudebot@anthropic.com)"
74.7.227.126 - - [05/Nov/2025:06:40:38 +0000] "GET /favicon.ico?fileloc=/var/www/vhosts/allende-losmares.com/httpdocs/wp-content/plugins/woocommerce-pdf-ips-pro/lib/setasign/fpdi/src/PdfParser/Type/PdfIndirectObjectReference.php&path=/var/www/vhosts/allende-losmares.com/httpdocs/wp-content/plugins/woocommerce-pdf-ips-pro/lib/setasign/fpdi/src/PdfParser/Type HTTP/1.0" 200 7237 "-" "Mozilla/5.0 AppleWebKit/537.36 (KHTML, like Gecko; compatible; GPTBot/1.2; +https://openai.com/gptbot)"
44.205.180.155 - - [05/Nov/2025:06:40:38 +0000] "GET /detail/448023123?path=/var/www/vhosts/allende-losmares.com/httpdocs/wp-includes/sitemaps/providers HTTP/1.0" 200 7023 "-" "Mozilla/5.0 AppleWebKit/537.36 (KHTML, like Gecko; compatible; Amazonbot/0.1; +https://developer.amazon.com/support/amazonbot) Chrome/119.0.6045.214 Safari/537.36"
216.73.216.10 - - [05/Nov/2025:06:40:38 +0000] "GET /2015/01/podrias-decir-cuantos-dias-recuerdas-o/html?path=%2Fvar%2Fwww%2Fvhosts%2Fallende-losmares.com%2Fhttpdocs%2Fwp-content%2Fplugins%2Fmailster%2Fclasses HTTP/1.0" 200 8901 "-" "Mozilla/5.0 AppleWebKit/537.36 (KHTML, like Gecko; compatible; ClaudeBot/1.0; +claudebot@anthropic.com)"
216.73.216.10 - - [05/Nov/2025:06:40:38 +0000] "GET /2015/01/podrias-decir-cuantos-dias-recuerdas-o/html?path=%2Fvar%2Fwww%2Fvhosts%2Fallende-losmares.com%2Fhttpdocs%2Fwp-content%2Fplugins%2Fmailster%2Flanguages HTTP/1.0" 200 6938 "-" "Mozilla/5.0 AppleWebKit/537.36 (KHTML, like Gecko; compatible; ClaudeBot/1.0; +claudebot@anthropic.com)"
74.7.227.106 - - [05/Nov/2025:06:40:40 +0000] "GET /detail/104978464?path=/ HTTP/1.0" 200 6536 "-" "Mozilla/5.0 AppleWebKit/537.36 (KHTML, like Gecko; compatible; GPTBot/1.2; +https://openai.com/gptbot)"
74.7.227.126 - - [05/Nov/2025:06:40:41 +0000] "GET /favicon.ico?path=/var/www/vhosts/allende-losmares.com/httpdocs/wp-includes/certificates HTTP/1.0" 200 6917 "-" "Mozilla/5.0 AppleWebKit/537.36 (KHTML, like Gecko; compatible; GPTBot/1.2; +https://openai.com/gptbot)"
54.209.100.30 - - [05/Nov/2025:06:40:42 +0000] "GET /detail/13758945?fileloc=/var/www/vhosts/allende-losmares.com/httpdocs/wp-content/plugins/litespeed-cache/src/object-cache.cls.php&path=/var/www/vhosts/allende-losmares.com/httpdocs/wp-content/plugins/litespeed-cache/src HTTP/1.0" 200 10520 "-" "Mozilla/5.0 AppleWebKit/537.36 (KHTML, like Gecko; compatible; Amazonbot/0.1; +https://developer.amazon.com/support/amazonbot) Chrome/119.0.6045.214 Safari/537.36"
74.7.227.106 - - [05/Nov/2025:06:40:43 +0000] "GET /detail/104994270?path=/ HTTP/1.0" 200 6536 "-" "Mozilla/5.0 AppleWebKit/537.36 (KHTML, like Gecko; compatible; GPTBot/1.2; +https://openai.com/gptbot)"
66.249.75.163 - - [05/Nov/2025:06:40:43 +0000] "GET /q-~99s1AAJlfvLJoA1rPxD8Ixcx9snIE6Fl23444/ HTTP/1.0" 200 29401 "-" "Mozilla/5.0 (Linux; Android 6.0.1; Nexus 5X Build/MMB29P) AppleWebKit/537.36 (KHTML, like Gecko) Chrome/141.0.7390.122 Mobile Safari/537.36 (compatible; Googlebot/2.1; +http://www.google.com/bot.html)"
74.7.227.126 - - [05/Nov/2025:06:40:45 +0000] "GET /favicon.ico?fileloc=/var/www/vhosts/allende-losmares.com/httpdocs/wp-content/themes/astra/inc/builder/type/header/site-identity/class-astra-header-site-identity-component.php&path=/var/www/vhosts/allende-losmares.com/httpdocs/wp-content/themes/astra/inc/builder/type/header/site-identity HTTP/1.0" 200 7169 "-" "Mozilla/5.0 AppleWebKit/537.36 (KHTML, like Gecko; compatible; GPTBot/1.2; +https://openai.com/gptbot)"
74.7.227.106 - - [05/Nov/2025:06:40:45 +0000] "GET /detail/105074603?path=/ HTTP/1.0" 200 6536 "-" "Mozilla/5.0 AppleWebKit/537.36 (KHTML, like Gecko; compatible; GPTBot/1.2; +https://openai.com/gptbot)"
54.164.106.236 - - [05/Nov/2025:06:40:46 +0000] "GET /acerca-de-paula/?fileloc=/var/www/vhosts/allende-losmares.com/httpdocs/wp-content/plugins/wp-trending-post-slider-and-widget/assets/css/wtpsw-admin.css&path=/var/www/vhosts/allende-losmares.com/httpdocs/wp-content/plugins/wp-trending-post-slider-and-widget/assets/css HTTP/1.0" 200 6915 "-" "Mozilla/5.0 AppleWebKit/537.36 (KHTML, like Gecko; compatible; Amazonbot/0.1; +https://developer.amazon.com/support/amazonbot) Chrome/119.0.6045.214 Safari/537.36"
216.73.216.10 - - [05/Nov/2025:06:40:46 +0000] "GET /.wordpress-org/'?path=%2Fvar%2Fwww%2Fvhosts%2Fallende-losmares.com%2Ferror_docs HTTP/1.0" 200 7595 "-" "Mozilla/5.0 AppleWebKit/537.36 (KHTML, like Gecko; compatible; ClaudeBot/1.0; +claudebot@anthropic.com)"
216.73.216.10 - - [05/Nov/2025:06:40:46 +0000] "GET /2015/07/dia-dia-en-san-blas/html?path=%2Fvar%2Fwww%2Fvhosts%2Fallende-losmares.com%2Fhttpdocs%2Fwp-content%2Fthemes%2Fastra%2Finc%2Fcustomizer%2Fastra-pro HTTP/1.0" 200 7058 "-" "Mozilla/5.0 AppleWebKit/537.36 (KHTML, like Gecko; compatible; ClaudeBot/1.0; +claudebot@anthropic.com)"
216.73.216.10 - - [05/Nov/2025:06:40:46 +0000] "GET /2015/01/podrias-decir-cuantos-dias-recuerdas-o/html?path=%2Fvar%2Fwww%2Fvhosts%2Fallende-losmares.com%2Fhttpdocs%2Fwp-content%2Fplugins%2Fpatreon-connect%2Fassets HTTP/1.0" 200 7016 "-" "Mozilla/5.0 AppleWebKit/537.36 (KHTML, like Gecko; compatible; ClaudeBot/1.0; +claudebot@anthropic.com)"
216.73.216.10 - - [05/Nov/2025:06:40:47 +0000] "GET /2015/01/podrias-decir-cuantos-dias-recuerdas-o/html?path=%2Fvar%2Fwww%2Fvhosts%2Fallende-losmares.com%2Fhttpdocs%2Fwp-content%2Fplugins%2Fmailster%2Fassets HTTP/1.0" 200 7015 "-" "Mozilla/5.0 AppleWebKit/537.36 (KHTML, like Gecko; compatible; ClaudeBot/1.0; +claudebot@anthropic.com)"
216.73.216.10 - - [05/Nov/2025:06:40:47 +0000] "GET /2015/07/dia-dia-en-san-blas/html?path=%2Fvar%2Fwww%2Fvhosts%2Fallende-losmares.com%2Fhttpdocs%2Fwp-content%2Fthemes%2Fastra%2Finc%2Fcustomizer%2Fconfigurations HTTP/1.0" 200 7274 "-" "Mozilla/5.0 AppleWebKit/537.36 (KHTML, like Gecko; compatible; ClaudeBot/1.0; +claudebot@anthropic.com)"
216.73.216.10 - - [05/Nov/2025:06:40:47 +0000] "GET /2015/01/podrias-decir-cuantos-dias-recuerdas-o/html?path=%2Fvar%2Fwww%2Fvhosts%2Fallende-losmares.com%2Fhttpdocs%2Fwp-content%2Fplugins%2Fmailster%2Fvendor HTTP/1.0" 200 7085 "-" "Mozilla/5.0 AppleWebKit/537.36 (KHTML, like Gecko; compatible; ClaudeBot/1.0; +claudebot@anthropic.com)"
216.73.216.10 - - [05/Nov/2025:06:40:47 +0000] "GET /2015/07/dia-dia-en-san-blas/html?path=%2Fvar%2Fwww%2Fvhosts%2Fallende-losmares.com%2Fhttpdocs%2Fwp-content%2Fthemes%2Fastra%2Finc%2Flib%2Fwebfont HTTP/1.0" 200 6956 "-" "Mozilla/5.0 AppleWebKit/537.36 (KHTML, like Gecko; compatible; ClaudeBot/1.0; +claudebot@anthropic.com)"
216.73.216.10 - - [05/Nov/2025:06:40:48 +0000] "GET /2015/07/dia-dia-en-san-blas/html?path=%2Fvar%2Fwww%2Fvhosts%2Fallende-losmares.com%2Fhttpdocs%2Fwp-content%2Fplugins%2Fwp-seopress-pro%2Fassets HTTP/1.0" 200 7077 "-" "Mozilla/5.0 AppleWebKit/537.36 (KHTML, like Gecko; compatible; ClaudeBot/1.0; +claudebot@anthropic.com)"
