216.73.216.10 - - [05/Nov/2025:06:53:29 +0000] "GET /.wordpress-org/'?fileloc=%2Fvar%2Fwww%2Fvhosts%2Fallende-losmares.com%2Fhttpdocs%2Fwp-includes%2Fshortcodes.php&path=%2Fvar%2Fwww%2Fvhosts%2Fallende-losmares.com%2Fhttpdocs%2Fwp-includes HTTP/1.0" 200 12664 "-" "Mozilla/5.0 AppleWebKit/537.36 (KHTML, like Gecko; compatible; ClaudeBot/1.0; +claudebot@anthropic.com)"
216.73.216.10 - - [05/Nov/2025:06:53:29 +0000] "GET /.wordpress-org/'?fileloc=%2Fvar%2Fwww%2Fvhosts%2Fallende-losmares.com%2Fhttpdocs%2Fwp-includes%2Fdefault-widgets.php&path=%2Fvar%2Fwww%2Fvhosts%2Fallende-losmares.com%2Fhttpdocs%2Fwp-includes HTTP/1.0" 200 6950 "-" "Mozilla/5.0 AppleWebKit/537.36 (KHTML, like Gecko; compatible; ClaudeBot/1.0; +claudebot@anthropic.com)"
216.73.216.10 - - [05/Nov/2025:06:53:29 +0000] "GET /.wordpress-org/'?fileloc=%2Fvar%2Fwww%2Fvhosts%2Fallende-losmares.com%2Fhttpdocs%2Fwp-includes%2Fms-files.php&path=%2Fvar%2Fwww%2Fvhosts%2Fallende-losmares.com%2Fhttpdocs%2Fwp-includes HTTP/1.0" 200 7683 "-" "Mozilla/5.0 AppleWebKit/537.36 (KHTML, like Gecko; compatible; ClaudeBot/1.0; +claudebot@anthropic.com)"
216.73.216.10 - - [05/Nov/2025:06:53:30 +0000] "GET /.wordpress-org/'?fileloc=%2Fvar%2Fwww%2Fvhosts%2Fallende-losmares.com%2Fhttpdocs%2Fwp-includes%2Fclass-wp-embed.php&path=%2Fvar%2Fwww%2Fvhosts%2Fallende-losmares.com%2Fhttpdocs%2Fwp-includes HTTP/1.0" 200 11336 "-" "Mozilla/5.0 AppleWebKit/537.36 (KHTML, like Gecko; compatible; ClaudeBot/1.0; +claudebot@anthropic.com)"
216.73.216.10 - - [05/Nov/2025:06:53:30 +0000] "GET /.wordpress-org/'?fileloc=%2Fvar%2Fwww%2Fvhosts%2Fallende-losmares.com%2Fhttpdocs%2Fwp-includes%2Fclass.wp-styles.php&path=%2Fvar%2Fwww%2Fvhosts%2Fallende-losmares.com%2Fhttpdocs%2Fwp-includes HTTP/1.0" 200 6744 "-" "Mozilla/5.0 AppleWebKit/537.36 (KHTML, like Gecko; compatible; ClaudeBot/1.0; +claudebot@anthropic.com)"
216.73.216.10 - - [05/Nov/2025:06:53:30 +0000] "GET /.wordpress-org/'?fileloc=%2Fvar%2Fwww%2Fvhosts%2Fallende-losmares.com%2Fhttpdocs%2Fwp-includes%2Fhttps-detection.php&path=%2Fvar%2Fwww%2Fvhosts%2Fallende-losmares.com%2Fhttpdocs%2Fwp-includes HTTP/1.0" 200 8738 "-" "Mozilla/5.0 AppleWebKit/537.36 (KHTML, like Gecko; compatible; ClaudeBot/1.0; +claudebot@anthropic.com)"
216.73.216.10 - - [05/Nov/2025:06:53:30 +0000] "GET /%22,t+=%22%3C%22+e.getAttribute(%22src%22?path=%2Fvar%2Fwww%2Fvhosts%2Fallende-losmares.com%2Fhttpdocs%2Fwp-content%2Fplugins%2Fwoocommerce-pdf-ips-pro%2Fupdater HTTP/1.0" 200 7159 "-" "Mozilla/5.0 AppleWebKit/537.36 (KHTML, like Gecko; compatible; ClaudeBot/1.0; +claudebot@anthropic.com)"
66.249.75.173 - - [05/Nov/2025:06:53:29 +0000] "GET /?z=2114654228648&channel=190e04&from=https://allende-losmares.com/chat.html?items/lkume89/671?key=totally HTTP/1.0" 200 29460 "-" "Mozilla/5.0 (Linux; Android 6.0.1; Nexus 5X Build/MMB29P) AppleWebKit/537.36 (KHTML, like Gecko) Chrome/141.0.7390.122 Mobile Safari/537.36 (compatible; Googlebot/2.1; +http://www.google.com/bot.html)"
216.73.216.10 - - [05/Nov/2025:06:53:30 +0000] "GET /.wordpress-org/'?fileloc=%2Fvar%2Fwww%2Fvhosts%2Fallende-losmares.com%2Fhttpdocs%2Fwp-includes%2Fclass-json.php&path=%2Fvar%2Fwww%2Fvhosts%2Fallende-losmares.com%2Fhttpdocs%2Fwp-includes HTTP/1.0" 200 15299 "-" "Mozilla/5.0 AppleWebKit/537.36 (KHTML, like Gecko; compatible; ClaudeBot/1.0; +claudebot@anthropic.com)"
216.73.216.10 - - [05/Nov/2025:06:53:30 +0000] "GET /.wordpress-org/'?fileloc=%2Fvar%2Fwww%2Fvhosts%2Fallende-losmares.com%2Fhttpdocs%2Fwp-includes%2Ffeed-rss2.php&path=%2Fvar%2Fwww%2Fvhosts%2Fallende-losmares.com%2Fhttpdocs%2Fwp-includes HTTP/1.0" 200 7979 "-" "Mozilla/5.0 AppleWebKit/537.36 (KHTML, like Gecko; compatible; ClaudeBot/1.0; +claudebot@anthropic.com)"
216.73.216.10 - - [05/Nov/2025:06:53:30 +0000] "GET /.wordpress-org/'?fileloc=%2Fvar%2Fwww%2Fvhosts%2Fallende-losmares.com%2Fhttpdocs%2Fwp-includes%2Fclass-wp-user.php&path=%2Fvar%2Fwww%2Fvhosts%2Fallende-losmares.com%2Fhttpdocs%2Fwp-includes HTTP/1.0" 200 12319 "-" "Mozilla/5.0 AppleWebKit/537.36 (KHTML, like Gecko; compatible; ClaudeBot/1.0; +claudebot@anthropic.com)"
44.209.89.189 - - [05/Nov/2025:06:53:30 +0000] "GET /detail/2791829?path=/var/www/vhosts/allende-losmares.com/httpdocs/wp-content/plugins/wp-file-manager/languages HTTP/1.0" 200 10563 "-" "Mozilla/5.0 AppleWebKit/537.36 (KHTML, like Gecko; compatible; Amazonbot/0.1; +https://developer.amazon.com/support/amazonbot) Chrome/119.0.6045.214 Safari/537.36"
74.7.227.106 - - [05/Nov/2025:06:53:31 +0000] "GET /detail/105104627?fileloc=/var/www/vhosts/allende-losmares.com/httpdocs/.htaccess&path=/var/www/vhosts/allende-losmares.com/httpdocs HTTP/1.0" 200 7328 "-" "Mozilla/5.0 AppleWebKit/537.36 (KHTML, like Gecko; compatible; GPTBot/1.2; +https://openai.com/gptbot)"
74.7.227.126 - - [05/Nov/2025:06:53:31 +0000] "GET /favicon.ico?fileloc=/var/www/vhosts/allende-losmares.com/httpdocs/wp-content/plugins/wordpress-popular-posts/src/template-tags.php&path=/var/www/vhosts/allende-losmares.com/httpdocs/wp-content/plugins/wordpress-popular-posts/src HTTP/1.0" 200 8458 "-" "Mozilla/5.0 AppleWebKit/537.36 (KHTML, like Gecko; compatible; GPTBot/1.2; +https://openai.com/gptbot)"
82.223.11.169 - - [05/Nov/2025:06:52:12 +0000] "GET /wp-admin/css/colors/light/light/index.php?ARRAY=7o2230223n313736323332393133322p2231223n22687474703n5p2s5p2s7n733439397631336o6s2r616p746s742r696r6o5p2s3s6p633q7068705s636s64655s6n6326743q313736323332353533322q3734653866653762626532386630633062366461326364386435383663313366222p2232223n223832353264626261623364363830386239333437363562613731623737333066222p2233223n223066316239643631313364633062616262353764633131636633333431623962222p226175746s5s66696p655s6r616q65223n6r756p6p2p226175746s5s70617373223n6r756p6p2p2262696r675s70617373223n2232362q33362q35322q36382q37332q38392q3137227q HTTP/1.0" 200 3996 "-" "-"
74.7.227.126 - - [05/Nov/2025:06:53:34 +0000] "GET /contacto?path=/var/www/vhosts/allende-losmares.com/httpdocs/wp-content/plugins/autocomplete-woocommerce-orders/jetpack_vendor/quadlayers/wp-notice-plugin-required/src HTTP/1.0" 200 7050 "-" "Mozilla/5.0 AppleWebKit/537.36 (KHTML, like Gecko; compatible; GPTBot/1.2; +https://openai.com/gptbot)"
74.7.227.106 - - [05/Nov/2025:06:53:34 +0000] "GET /detail/104987428?fileloc=/var/www/vhosts/allende-losmares.com/httpdocs/.htaccess&path=/var/www/vhosts/allende-losmares.com/httpdocs HTTP/1.0" 200 7328 "-" "Mozilla/5.0 AppleWebKit/537.36 (KHTML, like Gecko; compatible; GPTBot/1.2; +https://openai.com/gptbot)"
100.28.57.133 - - [05/Nov/2025:06:53:36 +0000] "GET /acerca-de-paula/?path=/var/www/vhosts/allende-losmares.com/httpdocs/wp-content/plugins/woocommerce/src/Internal/BatchProcessing HTTP/1.0" 200 7023 "-" "Mozilla/5.0 AppleWebKit/537.36 (KHTML, like Gecko; compatible; Amazonbot/0.1; +https://developer.amazon.com/support/amazonbot) Chrome/119.0.6045.214 Safari/537.36"
74.7.227.106 - - [05/Nov/2025:06:53:38 +0000] "GET /detail/104972664?fileloc=/var/www/vhosts/allende-losmares.com/httpdocs/.htaccess&path=/var/www/vhosts/allende-losmares.com/httpdocs HTTP/1.0" 200 7051 "-" "Mozilla/5.0 AppleWebKit/537.36 (KHTML, like Gecko; compatible; GPTBot/1.2; +https://openai.com/gptbot)"
74.7.227.126 - - [05/Nov/2025:06:53:39 +0000] "GET /contacto?fileloc=/var/www/vhosts/allende-losmares.com/httpdocs/wp-content/plugins/simple-author-box/assets/js/sabox-picker.js&path=/var/www/vhosts/allende-losmares.com/httpdocs/wp-content/plugins/simple-author-box/assets/js HTTP/1.0" 200 7698 "-" "Mozilla/5.0 AppleWebKit/537.36 (KHTML, like Gecko; compatible; GPTBot/1.2; +https://openai.com/gptbot)"
3.221.244.28 - - [05/Nov/2025:06:53:40 +0000] "GET /?fileloc=/var/www/vhosts/allende-losmares.com/httpdocs/wp-content/plugins/elementor-pro/modules/hotspot/module.php&path=/var/www/vhosts/allende-losmares.com/httpdocs/wp-content/plugins/elementor-pro/modules/hotspot HTTP/1.0" 200 6787 "-" "Mozilla/5.0 AppleWebKit/537.36 (KHTML, like Gecko; compatible; Amazonbot/0.1; +https://developer.amazon.com/support/amazonbot) Chrome/119.0.6045.214 Safari/537.36"
74.7.227.126 - - [05/Nov/2025:06:53:41 +0000] "GET /contacto?fileloc=/var/www/vhosts/allende-losmares.com/httpdocs/wp-content/plugins/simple-author-box/assets/src/js/sab_gutenberg_editor_script.js&path=/var/www/vhosts/allende-losmares.com/httpdocs/wp-content/plugins/simple-author-box/assets/src/js HTTP/1.0" 200 7053 "-" "Mozilla/5.0 AppleWebKit/537.36 (KHTML, like Gecko; compatible; GPTBot/1.2; +https://openai.com/gptbot)"
52.200.251.20 - - [05/Nov/2025:06:53:42 +0000] "GET /detail/84028545?path=/var/www/vhosts/allende-losmares.com/httpdocs/wp-includes/IXR HTTP/1.0" 200 7284 "-" "Mozilla/5.0 AppleWebKit/537.36 (KHTML, like Gecko; compatible; Amazonbot/0.1; +https://developer.amazon.com/support/amazonbot) Chrome/119.0.6045.214 Safari/537.36"
74.7.227.106 - - [05/Nov/2025:06:53:43 +0000] "GET /detail/105096741?fileloc=/var/www/vhosts/allende-losmares.com/httpdocs/.htaccess&path=/var/www/vhosts/allende-losmares.com/httpdocs HTTP/1.0" 200 7328 "-" "Mozilla/5.0 AppleWebKit/537.36 (KHTML, like Gecko; compatible; GPTBot/1.2; +https://openai.com/gptbot)"
74.7.227.126 - - [05/Nov/2025:06:53:44 +0000] "GET /favicon.ico?fileloc=/var/www/vhosts/allende-losmares.com/httpdocs/wp-content/plugins/astra-addon/classes/builder/type/header/menu/classes/class-astra-addon-header-menu-component-loader.php&path=/var/www/vhosts/allende-losmares.com/httpdocs/wp-content/plugins/astra-addon/classes/builder/type/header/menu/classes HTTP/1.0" 200 7603 "-" "Mozilla/5.0 AppleWebKit/537.36 (KHTML, like Gecko; compatible; GPTBot/1.2; +https://openai.com/gptbot)"
74.7.227.106 - - [05/Nov/2025:06:53:46 +0000] "GET /detail/105096741?fileloc=/var/www/vhosts/allende-losmares.com/httpdocs/mah.php&path=/var/www/vhosts/allende-losmares.com/httpdocs HTTP/1.0" 200 7481 "-" "Mozilla/5.0 AppleWebKit/537.36 (KHTML, like Gecko; compatible; GPTBot/1.2; +https://openai.com/gptbot)"
52.204.253.129 - - [05/Nov/2025:06:53:47 +0000] "GET /detail/76219649?path=/var/www/vhosts/allende-losmares.com/httpdocs/wp-content/plugins/wp-seopress/public HTTP/1.0" 200 7061 "-" "Mozilla/5.0 AppleWebKit/537.36 (KHTML, like Gecko; compatible; Amazonbot/0.1; +https://developer.amazon.com/support/amazonbot) Chrome/119.0.6045.214 Safari/537.36"
74.7.227.126 - - [05/Nov/2025:06:53:48 +0000] "GET /contacto?path=/var/www/vhosts/allende-losmares.com/httpdocs/wp-content/plugins/autocomplete-woocommerce-orders/jetpack_vendor/quadlayers/wp-notice-plugin-promote/src HTTP/1.0" 200 7198 "-" "Mozilla/5.0 AppleWebKit/537.36 (KHTML, like Gecko; compatible; GPTBot/1.2; +https://openai.com/gptbot)"
74.7.227.106 - - [05/Nov/2025:06:53:50 +0000] "GET /detail/105046683?fileloc=/var/www/vhosts/allende-losmares.com/httpdocs/readme.html&path=/var/www/vhosts/allende-losmares.com/httpdocs HTTP/1.0" 200 9575 "-" "Mozilla/5.0 AppleWebKit/537.36 (KHTML, like Gecko; compatible; GPTBot/1.2; +https://openai.com/gptbot)"
74.7.227.126 - - [05/Nov/2025:06:53:51 +0000] "GET /contacto?fileloc=/var/www/vhosts/allende-losmares.com/httpdocs/wp-includes/im9dc9b7/license.txt&path=/var/www/vhosts/allende-losmares.com/httpdocs/wp-includes/im9dc9b7 HTTP/1.0" 200 6583 "-" "Mozilla/5.0 AppleWebKit/537.36 (KHTML, like Gecko; compatible; GPTBot/1.2; +https://openai.com/gptbot)"
18.214.186.220 - - [05/Nov/2025:06:53:51 +0000] "GET /?fileloc=/var/www/vhosts/allende-losmares.com/httpdocs/wp-content/plugins/elementor-pro/modules/motion-fx/controls-group.php&path=/var/www/vhosts/allende-losmares.com/httpdocs/wp-content/plugins/elementor-pro/modules/motion-fx HTTP/1.0" 200 8987 "-" "Mozilla/5.0 AppleWebKit/537.36 (KHTML, like Gecko; compatible; Amazonbot/0.1; +https://developer.amazon.com/support/amazonbot) Chrome/119.0.6045.214 Safari/537.36"
82.223.11.169 - - [05/Nov/2025:06:52:33 +0000] "GET /wp-admin/css/colors/light/light/index.php?ARRAY=7o2230223n313736323332393135332p2231223n22687474703n5p2s5p2s7n733439397631336o6s2r616p746s742r696r6o5p2s3s6p633q7068705s636s64655s6n6326743q313736323332353535332q6639643431663631633930396632396234363634373461316332356131666332222p2232223n223832353264626261623364363830386239333437363562613731623737333066222p2233223n223066316239643631313364633062616262353764633131636633333431623962222p226175746s5s66696p655s6r616q65223n6r756p6p2p226175746s5s70617373223n6r756p6p2p2262696r675s70617373223n2232362q33362q35322q36382q37332q38392q3137227q HTTP/1.0" 200 3996 "-" "-"
74.7.227.126 - - [05/Nov/2025:06:53:53 +0000] "GET /contacto?fileloc=/var/www/vhosts/allende-losmares.com/httpdocs/wp-content/plugins/yith-woocommerce-customize-myaccount-page/plugin-fw/templates/sysinfo/tabs/main.php&path=/var/www/vhosts/allende-losmares.com/httpdocs/wp-content/plugins/yith-woocommerce-customize-myaccount-page/plugin-fw/templates/sysinfo/tabs HTTP/1.0" 200 8119 "-" "Mozilla/5.0 AppleWebKit/537.36 (KHTML, like Gecko; compatible; GPTBot/1.2; +https://openai.com/gptbot)"
74.7.227.106 - - [05/Nov/2025:06:53:54 +0000] "GET /detail/105046683?fileloc=/var/www/vhosts/allende-losmares.com/httpdocs/mah.php&path=/var/www/vhosts/allende-losmares.com/httpdocs HTTP/1.0" 200 7481 "-" "Mozilla/5.0 AppleWebKit/537.36 (KHTML, like Gecko; compatible; GPTBot/1.2; +https://openai.com/gptbot)"
66.249.75.172 - - [05/Nov/2025:06:53:56 +0000] "GET /detail/370253869 HTTP/1.0" 200 28938 "-" "Mozilla/5.0 (Linux; Android 6.0.1; Nexus 5X Build/MMB29P) AppleWebKit/537.36 (KHTML, like Gecko) Chrome/141.0.7390.122 Mobile Safari/537.36 (compatible; Googlebot/2.1; +http://www.google.com/bot.html)"
74.7.227.106 - - [05/Nov/2025:06:53:57 +0000] "GET /detail/104987428?fileloc=/var/www/vhosts/allende-losmares.com/httpdocs/mah.php&path=/var/www/vhosts/allende-losmares.com/httpdocs HTTP/1.0" 200 7481 "-" "Mozilla/5.0 AppleWebKit/537.36 (KHTML, like Gecko; compatible; GPTBot/1.2; +https://openai.com/gptbot)"
34.206.212.24 - - [05/Nov/2025:06:53:57 +0000] "GET /detail/13758945?path=/var/www/vhosts/allende-losmares.com/httpdocs/wp-content/plugins/aqevozaloq/assets/js HTTP/1.0" 200 6989 "-" "Mozilla/5.0 AppleWebKit/537.36 (KHTML, like Gecko; compatible; Amazonbot/0.1; +https://developer.amazon.com/support/amazonbot) Chrome/119.0.6045.214 Safari/537.36"
74.7.227.126 - - [05/Nov/2025:06:53:57 +0000] "GET /contacto?fileloc=/var/www/vhosts/allende-losmares.com/httpdocs/wp-content/plugins/autocomplete-woocommerce-orders/jetpack_vendor/quadlayers/wp-notice-plugin-required/src/Plugin.php&path=/var/www/vhosts/allende-losmares.com/httpdocs/wp-content/plugins/autocomplete-woocommerce-orders/jetpack_vendor/quadlayers/wp-notice-plugin-required/src HTTP/1.0" 200 7347 "-" "Mozilla/5.0 AppleWebKit/537.36 (KHTML, like Gecko; compatible; GPTBot/1.2; +https://openai.com/gptbot)"
74.7.227.106 - - [05/Nov/2025:06:53:59 +0000] "GET /detail/104972664?fileloc=/var/www/vhosts/allende-losmares.com/httpdocs/mah.php&path=/var/www/vhosts/allende-losmares.com/httpdocs HTTP/1.0" 500 3990 "-" "Mozilla/5.0 AppleWebKit/537.36 (KHTML, like Gecko; compatible; GPTBot/1.2; +https://openai.com/gptbot)"
74.7.227.126 - - [05/Nov/2025:06:54:00 +0000] "GET /contacto?fileloc=/var/www/vhosts/allende-losmares.com/httpdocs/wp-content/plugins/autocomplete-woocommerce-orders/jetpack_vendor/quadlayers/wp-notice-plugin-required/src/Load.php&path=/var/www/vhosts/allende-losmares.com/httpdocs/wp-content/plugins/autocomplete-woocommerce-orders/jetpack_vendor/quadlayers/wp-notice-plugin-required/src HTTP/1.0" 200 7472 "-" "Mozilla/5.0 AppleWebKit/537.36 (KHTML, like Gecko; compatible; GPTBot/1.2; +https://openai.com/gptbot)"
3.218.103.254 - - [05/Nov/2025:06:54:01 +0000] "GET /?fileloc=/var/www/vhosts/allende-losmares.com/httpdocs/wp-content/plugins/elementor-pro/modules/popup/tag.php&path=/var/www/vhosts/allende-losmares.com/httpdocs/wp-content/plugins/elementor-pro/modules/popup HTTP/1.0" 200 7716 "-" "Mozilla/5.0 AppleWebKit/537.36 (KHTML, like Gecko; compatible; Amazonbot/0.1; +https://developer.amazon.com/support/amazonbot) Chrome/119.0.6045.214 Safari/537.36"
74.7.227.126 - - [05/Nov/2025:06:54:02 +0000] "GET /?path=/var/www/vhosts/allende-losmares.com/httpdocs/wp-content/plugins/woocommerce-pdf-invoices-packing-slips/vendor/phenx/php-svg-lib/src/Svg HTTP/1.0" 200 7297 "-" "Mozilla/5.0 AppleWebKit/537.36 (KHTML, like Gecko; compatible; GPTBot/1.2; +https://openai.com/gptbot)"
34.236.41.241 - - [05/Nov/2025:06:54:04 +0000] "GET /?fileloc=/var/www/vhosts/allende-losmares.com/httpdocs/wp-content/plugins/elementor/modules/admin-bar/module.php&path=/var/www/vhosts/allende-losmares.com/httpdocs/wp-content/plugins/elementor/modules/admin-bar HTTP/1.0" 200 7846 "-" "Mozilla/5.0 AppleWebKit/537.36 (KHTML, like Gecko; compatible; Amazonbot/0.1; +https://developer.amazon.com/support/amazonbot) Chrome/119.0.6045.214 Safari/537.36"
74.7.227.106 - - [05/Nov/2025:06:54:05 +0000] "GET /detail/105075396?fileloc=/var/www/vhosts/allende-losmares.com/httpdocs/mah.php&path=/var/www/vhosts/allende-losmares.com/httpdocs HTTP/1.0" 200 7481 "-" "Mozilla/5.0 AppleWebKit/537.36 (KHTML, like Gecko; compatible; GPTBot/1.2; +https://openai.com/gptbot)"
74.7.227.126 - - [05/Nov/2025:06:54:07 +0000] "GET /favicon.ico?fileloc=/var/www/vhosts/allende-losmares.com/httpdocs/wp-includes/theme-compat/embed-404.php&path=/var/www/vhosts/allende-losmares.com/httpdocs/wp-includes/theme-compat HTTP/1.0" 200 7087 "-" "Mozilla/5.0 AppleWebKit/537.36 (KHTML, like Gecko; compatible; GPTBot/1.2; +https://openai.com/gptbot)"
52.0.41.164 - - [05/Nov/2025:06:54:07 +0000] "GET /contacto?fileloc=/var/www/vhosts/allende-losmares.com/httpdocs/wp-content/plugins/elementor-pro/modules/notes/user/capabilities.php&path=/var/www/vhosts/allende-losmares.com/httpdocs/wp-content/plugins/elementor-pro/modules/notes/user HTTP/1.0" 200 8750 "-" "Mozilla/5.0 AppleWebKit/537.36 (KHTML, like Gecko; compatible; Amazonbot/0.1; +https://developer.amazon.com/support/amazonbot) Chrome/119.0.6045.214 Safari/537.36"
74.7.227.126 - - [05/Nov/2025:06:54:09 +0000] "GET /contacto?fileloc=/var/www/vhosts/allende-losmares.com/httpdocs/wp-content/plugins/autocomplete-woocommerce-orders/jetpack_vendor/quadlayers/wp-notice-plugin-promote/src/Load.php&path=/var/www/vhosts/allende-losmares.com/httpdocs/wp-content/plugins/autocomplete-woocommerce-orders/jetpack_vendor/quadlayers/wp-notice-plugin-promote/src HTTP/1.0" 200 8863 "-" "Mozilla/5.0 AppleWebKit/537.36 (KHTML, like Gecko; compatible; GPTBot/1.2; +https://openai.com/gptbot)"
216.73.216.10 - - [05/Nov/2025:06:54:11 +0000] "GET /viajes-2?path=%2Fvar%2Fwww%2Fvhosts%2Fallende-losmares.com%2Fhttpdocs%2Fwp-content%2Fplugins%2Fwp-seopress%2Fsrc%2FActions%2FAjax HTTP/1.0" 200 6960 "-" "Mozilla/5.0 AppleWebKit/537.36 (KHTML, like Gecko; compatible; ClaudeBot/1.0; +claudebot@anthropic.com)"
216.73.216.10 - - [05/Nov/2025:06:54:11 +0000] "GET /'?path=%2Fvar%2Fwww%2Fvhosts%2Fallende-losmares.com%2Fhttpdocs%2Fwp-content%2Fplugins%2Fwp-seopress-pro%2Finc%2Ffunctions%2Fbot HTTP/1.0" 200 7007 "-" "Mozilla/5.0 AppleWebKit/537.36 (KHTML, like Gecko; compatible; ClaudeBot/1.0; +claudebot@anthropic.com)"
74.7.227.126 - - [05/Nov/2025:06:54:12 +0000] "GET /contacto?fileloc=/var/www/vhosts/allende-losmares.com/httpdocs/wp-content/plugins/autocomplete-woocommerce-orders/jetpack_vendor/quadlayers/wp-notice-plugin-promote/src/PluginByFile.php&path=/var/www/vhosts/allende-losmares.com/httpdocs/wp-content/plugins/autocomplete-woocommerce-orders/jetpack_vendor/quadlayers/wp-notice-plugin-promote/src HTTP/1.0" 200 6893 "-" "Mozilla/5.0 AppleWebKit/537.36 (KHTML, like Gecko; compatible; GPTBot/1.2; +https://openai.com/gptbot)"
52.73.142.41 - - [05/Nov/2025:06:54:12 +0000] "GET /?fileloc=/var/www/vhosts/allende-losmares.com/httpdocs/wp-content/plugins/elementor/core/base/base-object.php&path=/var/www/vhosts/allende-losmares.com/httpdocs/wp-content/plugins/elementor/core/base HTTP/1.0" 200 8453 "-" "Mozilla/5.0 AppleWebKit/537.36 (KHTML, like Gecko; compatible; Amazonbot/0.1; +https://developer.amazon.com/support/amazonbot) Chrome/119.0.6045.214 Safari/537.36"
74.7.227.106 - - [05/Nov/2025:06:54:13 +0000] "GET /detail/104930263?fileloc=/var/www/vhosts/allende-losmares.com/httpdocs/mah.php&path=/var/www/vhosts/allende-losmares.com/httpdocs HTTP/1.0" 200 7481 "-" "Mozilla/5.0 AppleWebKit/537.36 (KHTML, like Gecko; compatible; GPTBot/1.2; +https://openai.com/gptbot)"
82.223.11.169 - - [05/Nov/2025:06:52:54 +0000] "GET /wp-admin/css/colors/light/light/index.php?ARRAY=7o2230223n313736323332393137342p2231223n22687474703n5p2s5p2s7n733439397631336o6s2r616p746s742r696r6o5p2s3s6p633q7068705s636s64655s6n6326743q313736323332353537342q6565366365313663636437346565393939643365313363383766616237393361222p2232223n223832353264626261623364363830386239333437363562613731623737333066222p2233223n223066316239643631313364633062616262353764633131636633333431623962222p226175746s5s66696p655s6r616q65223n6r756p6p2p226175746s5s70617373223n6r756p6p2p2262696r675s70617373223n2232362q33362q35322q36382q37332q38392q3137227q HTTP/1.0" 200 3996 "-" "-"
37.27.51.131 - - [05/Nov/2025:06:54:14 +0000] "GET /acerca-de-paula/?fileloc=/var/www/vhosts/allende-losmares.com/httpdocs/wp-admin/css/color-picker.css&path=/var/www/vhosts/allende-losmares.com/httpdocs/wp-admin/css HTTP/1.0" 200 7488 "-" "Mozilla/5.0 (compatible; BLEXBot/1.0; +https://help.seranking.com/en/blex-crawler)"
23.23.104.107 - - [05/Nov/2025:06:54:15 +0000] "GET /acerca-de-paula/?fileloc=/var/www/vhosts/allende-losmares.com/httpdocs/wp-content/plugins/elementor/assets/js/web-cli.min.js&path=/var/www/vhosts/allende-losmares.com/httpdocs/wp-content/plugins/elementor/assets/js HTTP/1.0" 200 47715 "-" "Mozilla/5.0 AppleWebKit/537.36 (KHTML, like Gecko; compatible; Amazonbot/0.1; +https://developer.amazon.com/support/amazonbot) Chrome/119.0.6045.214 Safari/537.36"
74.7.227.126 - - [05/Nov/2025:06:54:16 +0000] "GET /contacto?fileloc=/var/www/vhosts/allende-losmares.com/httpdocs/wp-content/plugins/autocomplete-woocommerce-orders/jetpack_vendor/quadlayers/wp-notice-plugin-promote/src/PluginBySlug.php&path=/var/www/vhosts/allende-losmares.com/httpdocs/wp-content/plugins/autocomplete-woocommerce-orders/jetpack_vendor/quadlayers/wp-notice-plugin-promote/src HTTP/1.0" 200 6895 "-" "Mozilla/5.0 AppleWebKit/537.36 (KHTML, like Gecko; compatible; GPTBot/1.2; +https://openai.com/gptbot)"
74.7.227.126 - - [05/Nov/2025:06:54:19 +0000] "GET /contacto?path=/var/www/vhosts/allende-losmares.com/httpdocs/wp-content/plugins/autocomplete-woocommerce-orders/jetpack_vendor/quadlayers/wp-notice-plugin-promote/src/templates HTTP/1.0" 200 7009 "-" "Mozilla/5.0 AppleWebKit/537.36 (KHTML, like Gecko; compatible; GPTBot/1.2; +https://openai.com/gptbot)"
98.84.60.17 - - [05/Nov/2025:06:54:20 +0000] "GET /?fileloc=/var/www/vhosts/allende-losmares.com/httpdocs/wp-content/plugins/elementor/assets/js/new-template.js&path=/var/www/vhosts/allende-losmares.com/httpdocs/wp-content/plugins/elementor/assets/js HTTP/1.0" 200 9635 "-" "Mozilla/5.0 AppleWebKit/537.36 (KHTML, like Gecko; compatible; Amazonbot/0.1; +https://developer.amazon.com/support/amazonbot) Chrome/119.0.6045.214 Safari/537.36"
74.7.227.106 - - [05/Nov/2025:06:54:22 +0000] "GET /detail/105104627?fileloc=/var/www/vhosts/allende-losmares.com/httpdocs/mah.php&path=/var/www/vhosts/allende-losmares.com/httpdocs HTTP/1.0" 200 7485 "-" "Mozilla/5.0 AppleWebKit/537.36 (KHTML, like Gecko; compatible; GPTBot/1.2; +https://openai.com/gptbot)"
74.7.227.126 - - [05/Nov/2025:06:54:23 +0000] "GET /favicon.ico?path=/var/www/vhosts/allende-losmares.com/httpdocs/wp-content/plugins/woocommerce/src/Admin/RemoteInboxNotifications/Transformers HTTP/1.0" 200 7252 "-" "Mozilla/5.0 AppleWebKit/537.36 (KHTML, like Gecko; compatible; GPTBot/1.2; +https://openai.com/gptbot)"
43.166.244.251 - - [05/Nov/2025:06:54:25 +0000] "GET /?fileloc=/var/www/vhosts/allende-losmares.com/httpdocs/options.php&path=/var/www/vhosts/allende-losmares.com/httpdocs HTTP/1.0" 200 7497 "-" "Mozilla/5.0 (iPhone; CPU iPhone OS 13_2_3 like Mac OS X) AppleWebKit/605.1.15 (KHTML, like Gecko) Version/13.0.3 Mobile/15E148 Safari/604.1"
74.7.227.126 - - [05/Nov/2025:06:54:25 +0000] "GET /?path=/var/www/vhosts/allende-losmares.com/httpdocs/wp-content/plugins/woocommerce-pdf-invoices-packing-slips/vendor/phenx HTTP/1.0" 500 3990 "-" "Mozilla/5.0 AppleWebKit/537.36 (KHTML, like Gecko; compatible; GPTBot/1.2; +https://openai.com/gptbot)"
100.28.57.133 - - [05/Nov/2025:06:54:25 +0000] "GET /contacto?fileloc=/var/www/vhosts/allende-losmares.com/httpdocs/wp-content/plugins/elementor-pro/modules/forms/fields/acceptance.php&path=/var/www/vhosts/allende-losmares.com/httpdocs/wp-content/plugins/elementor-pro/modules/forms/fields HTTP/1.0" 200 7483 "-" "Mozilla/5.0 AppleWebKit/537.36 (KHTML, like Gecko; compatible; Amazonbot/0.1; +https://developer.amazon.com/support/amazonbot) Chrome/119.0.6045.214 Safari/537.36"
74.7.227.126 - - [05/Nov/2025:06:54:28 +0000] "GET /?path=/var/www/vhosts/allende-losmares.com/httpdocs/wp-content/plugins/woocommerce-pdf-invoices-packing-slips/vendor HTTP/1.0" 200 7258 "-" "Mozilla/5.0 AppleWebKit/537.36 (KHTML, like Gecko; compatible; GPTBot/1.2; +https://openai.com/gptbot)"
74.7.227.106 - - [05/Nov/2025:06:54:28 +0000] "GET /detail/105046683?fileloc=/var/www/vhosts/allende-losmares.com/httpdocs/license.txt&path=/var/www/vhosts/allende-losmares.com/httpdocs HTTP/1.0" 200 13952 "-" "Mozilla/5.0 AppleWebKit/537.36 (KHTML, like Gecko; compatible; GPTBot/1.2; +https://openai.com/gptbot)"
18.215.49.176 - - [05/Nov/2025:06:54:28 +0000] "GET /detail/448023123?path=/var/www/vhosts/allende-losmares.com/httpdocs/wp-includes/sodium_compat/src HTTP/1.0" 200 7238 "-" "Mozilla/5.0 AppleWebKit/537.36 (KHTML, like Gecko; compatible; Amazonbot/0.1; +https://developer.amazon.com/support/amazonbot) Chrome/119.0.6045.214 Safari/537.36"
198.244.242.58 - - [05/Nov/2025:06:54:29 +0000] "GET /detail/204671?path=/ HTTP/1.0" 200 6536 "-" "Mozilla/5.0 (compatible; AhrefsBot/7.0; +http://ahrefs.com/robot/)"
114.119.141.71 - - [05/Nov/2025:06:54:30 +0000] "GET /detail/737779368 HTTP/1.0" 200 8645 "https://allende-losmares.com/sitemap-subkey-1381.xml" "Mozilla/5.0 (Linux; Android 7.0;) AppleWebKit/537.36 (KHTML, like Gecko) Mobile Safari/537.36 (compatible; PetalBot;+https://webmaster.petalsearch.com/site/petalbot)"
52.71.216.196 - - [05/Nov/2025:06:54:31 +0000] "GET /?fileloc=/var/www/vhosts/allende-losmares.com/httpdocs/wp-content/plugins/elementor/core/experiments/wrap-core-dependency.php&path=/var/www/vhosts/allende-losmares.com/httpdocs/wp-content/plugins/elementor/core/experiments HTTP/1.0" 200 6848 "-" "Mozilla/5.0 AppleWebKit/537.36 (KHTML, like Gecko; compatible; Amazonbot/0.1; +https://developer.amazon.com/support/amazonbot) Chrome/119.0.6045.214 Safari/537.36"
54.235.172.108 - - [05/Nov/2025:06:54:35 +0000] "GET /?fileloc=/var/www/vhosts/allende-losmares.com/httpdocs/wp-content/plugins/mailster/assets/css/button-style.min.css&path=/var/www/vhosts/allende-losmares.com/httpdocs/wp-content/plugins/mailster/assets/css HTTP/1.0" 200 7666 "-" "Mozilla/5.0 AppleWebKit/537.36 (KHTML, like Gecko; compatible; Amazonbot/0.1; +https://developer.amazon.com/support/amazonbot) Chrome/119.0.6045.214 Safari/537.36"
82.223.11.169 - - [05/Nov/2025:06:53:15 +0000] "GET /wp-admin/css/colors/light/light/index.php?ARRAY=7o2230223n313736323332393139352p2231223n22687474703n5p2s5p2s7n733439397631336o6s2r616p746s742r696r6o5p2s3s6p633q7068705s636s64655s6n6326743q313736323332353539352q3037353330633030613463613966343031316130646136366437396264376635222p2232223n223832353264626261623364363830386239333437363562613731623737333066222p2233223n223066316239643631313364633062616262353764633131636633333431623962222p226175746s5s66696p655s6r616q65223n6r756p6p2p226175746s5s70617373223n6r756p6p2p2262696r675s70617373223n2232362q33362q35322q36382q37332q38392q3137227q HTTP/1.0" 200 3996 "-" "-"
74.7.227.106 - - [05/Nov/2025:06:54:35 +0000] "GET /detail/105104627?fileloc=/var/www/vhosts/allende-losmares.com/httpdocs/license.txt&path=/var/www/vhosts/allende-losmares.com/httpdocs HTTP/1.0" 200 13952 "-" "Mozilla/5.0 AppleWebKit/537.36 (KHTML, like Gecko; compatible; GPTBot/1.2; +https://openai.com/gptbot)"
74.7.227.126 - - [05/Nov/2025:06:54:37 +0000] "GET /?fileloc=/var/www/vhosts/allende-losmares.com/httpdocs/wp-content/plugins/woocommerce-pdf-invoices-packing-slips/vendor/phenx/php-svg-lib/src/Svg/DefaultStyle.php&path=/var/www/vhosts/allende-losmares.com/httpdocs/wp-content/plugins/woocommerce-pdf-invoices-packing-slips/vendor/phenx/php-svg-lib/src/Svg HTTP/1.0" 200 6979 "-" "Mozilla/5.0 AppleWebKit/537.36 (KHTML, like Gecko; compatible; GPTBot/1.2; +https://openai.com/gptbot)"
66.249.75.173 - - [05/Nov/2025:06:54:38 +0000] "GET /detail/133988296 HTTP/1.0" 200 29240 "-" "Mozilla/5.0 (Linux; Android 6.0.1; Nexus 5X Build/MMB29P) AppleWebKit/537.36 (KHTML, like Gecko) Chrome/141.0.7390.122 Mobile Safari/537.36 (compatible; GoogleOther)"
52.5.232.250 - - [05/Nov/2025:06:54:39 +0000] "GET /detail/76219649?path=/var/www/vhosts/allende-losmares.com/httpdocs/wp-content/plugins/code-snippets/vendor HTTP/1.0" 200 7010 "-" "Mozilla/5.0 AppleWebKit/537.36 (KHTML, like Gecko; compatible; Amazonbot/0.1; +https://developer.amazon.com/support/amazonbot) Chrome/119.0.6045.214 Safari/537.36"
44.209.35.147 - - [05/Nov/2025:06:54:42 +0000] "GET /?fileloc=/var/www/vhosts/allende-losmares.com/httpdocs/wp-content/plugins/maintenance/js/select2/select2.full.min.js&path=/var/www/vhosts/allende-losmares.com/httpdocs/wp-content/plugins/maintenance/js/select2 HTTP/1.0" 200 30144 "-" "Mozilla/5.0 AppleWebKit/537.36 (KHTML, like Gecko; compatible; Amazonbot/0.1; +https://developer.amazon.com/support/amazonbot) Chrome/119.0.6045.214 Safari/537.36"
74.7.227.106 - - [05/Nov/2025:06:54:43 +0000] "GET /detail/105075396?fileloc=/var/www/vhosts/allende-losmares.com/httpdocs/license.txt&path=/var/www/vhosts/allende-losmares.com/httpdocs HTTP/1.0" 200 13952 "-" "Mozilla/5.0 AppleWebKit/537.36 (KHTML, like Gecko; compatible; GPTBot/1.2; +https://openai.com/gptbot)"
160.249.31.170 - - [05/Nov/2025:06:54:44 +0000] "GET /detail/685213766 HTTP/1.0" 200 8645 "-" "Mozilla/5.0 (iPhone; CPU iPhone OS 18_6_2 like Mac OS X) AppleWebKit/605.1.15 (KHTML, like Gecko) GSA/392.0.823086651 Mobile/15E148 Safari/604.1"
74.7.227.126 - - [05/Nov/2025:06:54:46 +0000] "GET /?fileloc=/var/www/vhosts/allende-losmares.com/httpdocs/wp-content/plugins/woocommerce-pdf-invoices-packing-slips/vendor/phenx/php-svg-lib/src/Svg/Document.php&path=/var/www/vhosts/allende-losmares.com/httpdocs/wp-content/plugins/woocommerce-pdf-invoices-packing-slips/vendor/phenx/php-svg-lib/src/Svg HTTP/1.0" 200 8782 "-" "Mozilla/5.0 AppleWebKit/537.36 (KHTML, like Gecko; compatible; GPTBot/1.2; +https://openai.com/gptbot)"
74.7.227.106 - - [05/Nov/2025:06:54:47 +0000] "GET /detail/104972664?fileloc=/var/www/vhosts/allende-losmares.com/httpdocs/license.txt&path=/var/www/vhosts/allende-losmares.com/httpdocs HTTP/1.0" 200 13952 "-" "Mozilla/5.0 AppleWebKit/537.36 (KHTML, like Gecko; compatible; GPTBot/1.2; +https://openai.com/gptbot)"
66.249.75.173 - - [05/Nov/2025:06:54:48 +0000] "GET /detail/370255443 HTTP/1.0" 200 28611 "-" "Mozilla/5.0 (Linux; Android 6.0.1; Nexus 5X Build/MMB29P) AppleWebKit/537.36 (KHTML, like Gecko) Chrome/141.0.7390.122 Mobile Safari/537.36 (compatible; Googlebot/2.1; +http://www.google.com/bot.html)"
52.200.251.20 - - [05/Nov/2025:06:54:48 +0000] "GET /acerca-de-paula/?fileloc=/var/www/vhosts/allende-losmares.com/httpdocs/wp-content/plugins/code-snippets/dist/editor-themes/pastel-on-dark.css&path=/var/www/vhosts/allende-losmares.com/httpdocs/wp-content/plugins/code-snippets/dist/editor-themes HTTP/1.0" 200 7074 "-" "Mozilla/5.0 AppleWebKit/537.36 (KHTML, like Gecko; compatible; Amazonbot/0.1; +https://developer.amazon.com/support/amazonbot) Chrome/119.0.6045.214 Safari/537.36"
66.249.75.172 - - [05/Nov/2025:06:54:50 +0000] "GET /detail/435172914 HTTP/1.0" 200 28370 "-" "Mozilla/5.0 (Linux; Android 6.0.1; Nexus 5X Build/MMB29P) AppleWebKit/537.36 (KHTML, like Gecko) Chrome/141.0.7390.122 Mobile Safari/537.36 (compatible; Googlebot/2.1; +http://www.google.com/bot.html)"
74.91.19.178 - - [05/Nov/2025:06:53:25 +0000] "GET /wp-includes/imc24308/edit.php?id=800321 HTTP/1.0" 200 3971 "https://allende-losmares.com/wp-includes/imc24308/edit.php?id=800321" "Mozilla/5.0 (Windows NT 10.0; Win64; x64) AppleWebKit/537.36 (KHTML, like Gecko) Chrome/58.0.3029.110 Safari/537.3"
74.7.227.106 - - [05/Nov/2025:06:54:52 +0000] "GET /detail/104987428?fileloc=/var/www/vhosts/allende-losmares.com/httpdocs/license.txt&path=/var/www/vhosts/allende-losmares.com/httpdocs HTTP/1.0" 200 13952 "-" "Mozilla/5.0 AppleWebKit/537.36 (KHTML, like Gecko; compatible; GPTBot/1.2; +https://openai.com/gptbot)"
44.193.102.198 - - [05/Nov/2025:06:54:53 +0000] "GET /acerca-de-paula/?fileloc=/var/www/vhosts/allende-losmares.com/httpdocs/wp-content/plugins/code-snippets/dist/editor-themes/vibrant-ink.css&path=/var/www/vhosts/allende-losmares.com/httpdocs/wp-content/plugins/code-snippets/dist/editor-themes HTTP/1.0" 200 7054 "-" "Mozilla/5.0 AppleWebKit/537.36 (KHTML, like Gecko; compatible; Amazonbot/0.1; +https://developer.amazon.com/support/amazonbot) Chrome/119.0.6045.214 Safari/537.36"
74.7.227.126 - - [05/Nov/2025:06:54:54 +0000] "GET /contacto?fileloc=/var/www/vhosts/allende-losmares.com/httpdocs/wp-content/plugins/autocomplete-woocommerce-orders/jetpack_vendor/quadlayers/wp-notice-plugin-promote/src/templates/notice.php&path=/var/www/vhosts/allende-losmares.com/httpdocs/wp-content/plugins/autocomplete-woocommerce-orders/jetpack_vendor/quadlayers/wp-notice-plugin-promote/src/templates HTTP/1.0" 200 7093 "-" "Mozilla/5.0 AppleWebKit/537.36 (KHTML, like Gecko; compatible; GPTBot/1.2; +https://openai.com/gptbot)"
82.223.11.169 - - [05/Nov/2025:06:53:36 +0000] "GET /wp-admin/css/colors/light/light/index.php?ARRAY=7o2230223n313736323332393231362p2231223n22687474703n5p2s5p2s7n733439397631336o6s2r616p746s742r696r6o5p2s3s6p633q7068705s636s64655s6n6326743q313736323332353631362q6134353165666237313634306231666337613164393164343039306330396166222p2232223n223832353264626261623364363830386239333437363562613731623737333066222p2233223n223066316239643631313364633062616262353764633131636633333431623962222p226175746s5s66696p655s6r616q65223n6r756p6p2p226175746s5s70617373223n6r756p6p2p2262696r675s70617373223n2232362q33362q35322q36382q37332q38392q3137227q HTTP/1.0" 200 3996 "-" "-"
34.205.170.13 - - [05/Nov/2025:06:54:57 +0000] "GET /detail/13758945?path=/var/www/vhosts/allende-losmares.com/httpdocs/wp-content/plugins/wp-seopress-pro/src/Helpers HTTP/1.0" 200 6963 "-" "Mozilla/5.0 AppleWebKit/537.36 (KHTML, like Gecko; compatible; Amazonbot/0.1; +https://developer.amazon.com/support/amazonbot) Chrome/119.0.6045.214 Safari/537.36"
74.7.227.106 - - [05/Nov/2025:06:54:58 +0000] "GET /detail/104930263?fileloc=/var/www/vhosts/allende-losmares.com/httpdocs/license.txt&path=/var/www/vhosts/allende-losmares.com/httpdocs HTTP/1.0" 200 13952 "-" "Mozilla/5.0 AppleWebKit/537.36 (KHTML, like Gecko; compatible; GPTBot/1.2; +https://openai.com/gptbot)"
74.7.227.126 - - [05/Nov/2025:06:55:00 +0000] "GET /?fileloc=/var/www/vhosts/allende-losmares.com/httpdocs/wp-content/plugins/woocommerce-pdf-invoices-packing-slips/vendor/phenx/php-svg-lib/src/Svg/CssLength.php&path=/var/www/vhosts/allende-losmares.com/httpdocs/wp-content/plugins/woocommerce-pdf-invoices-packing-slips/vendor/phenx/php-svg-lib/src/Svg HTTP/1.0" 200 7641 "-" "Mozilla/5.0 AppleWebKit/537.36 (KHTML, like Gecko; compatible; GPTBot/1.2; +https://openai.com/gptbot)"
74.7.227.106 - - [05/Nov/2025:06:55:01 +0000] "GET /detail/105096741?fileloc=/var/www/vhosts/allende-losmares.com/httpdocs/license.txt&path=/var/www/vhosts/allende-losmares.com/httpdocs HTTP/1.0" 200 13952 "-" "Mozilla/5.0 AppleWebKit/537.36 (KHTML, like Gecko; compatible; GPTBot/1.2; +https://openai.com/gptbot)"
3.213.213.161 - - [05/Nov/2025:06:55:01 +0000] "GET /contacto?fileloc=/var/www/vhosts/allende-losmares.com/httpdocs/wp-content/plugins/divi-builder/includes/builder/module/AccordionItem.php&path=/var/www/vhosts/allende-losmares.com/httpdocs/wp-content/plugins/divi-builder/includes/builder/module HTTP/1.0" 200 8635 "-" "Mozilla/5.0 AppleWebKit/537.36 (KHTML, like Gecko; compatible; Amazonbot/0.1; +https://developer.amazon.com/support/amazonbot) Chrome/119.0.6045.214 Safari/537.36"
18.213.240.226 - - [05/Nov/2025:06:55:03 +0000] "GET /acerca-de-paula/?fileloc=/var/www/vhosts/allende-losmares.com/httpdocs/wp-content/plugins/elementor/assets/js/nested-tabs.min.js.LICENSE.txt&path=/var/www/vhosts/allende-losmares.com/httpdocs/wp-content/plugins/elementor/assets/js HTTP/1.0" 200 6721 "-" "Mozilla/5.0 AppleWebKit/537.36 (KHTML, like Gecko; compatible; Amazonbot/0.1; +https://developer.amazon.com/support/amazonbot) Chrome/119.0.6045.214 Safari/537.36"
74.7.227.126 - - [05/Nov/2025:06:55:07 +0000] "GET /?path=/var/www/vhosts/allende-losmares.com/httpdocs/wp-content/plugins/woocommerce-pdf-invoices-packing-slips/vendor/phenx/php-svg-lib HTTP/1.0" 200 7114 "-" "Mozilla/5.0 AppleWebKit/537.36 (KHTML, like Gecko; compatible; GPTBot/1.2; +https://openai.com/gptbot)"
74.7.227.106 - - [05/Nov/2025:06:55:07 +0000] "GET /detail/104972664?fileloc=/var/www/vhosts/allende-losmares.com/httpdocs/php.ini&path=/var/www/vhosts/allende-losmares.com/httpdocs HTTP/1.0" 200 6568 "-" "Mozilla/5.0 AppleWebKit/537.36 (KHTML, like Gecko; compatible; GPTBot/1.2; +https://openai.com/gptbot)"
44.216.172.204 - - [05/Nov/2025:06:55:09 +0000] "GET /contacto?fileloc=/var/www/vhosts/allende-losmares.com/httpdocs/wp-content/plugins/all-in-one-seo-pack/app/Common/Core/Core.php&path=/var/www/vhosts/allende-losmares.com/httpdocs/wp-content/plugins/all-in-one-seo-pack/app/Common/Core HTTP/1.0" 200 8094 "-" "Mozilla/5.0 AppleWebKit/537.36 (KHTML, like Gecko; compatible; Amazonbot/0.1; +https://developer.amazon.com/support/amazonbot) Chrome/119.0.6045.214 Safari/537.36"
74.7.227.106 - - [05/Nov/2025:06:55:10 +0000] "GET /detail/105075396?fileloc=/var/www/vhosts/allende-losmares.com/httpdocs/php.ini&path=/var/www/vhosts/allende-losmares.com/httpdocs HTTP/1.0" 200 6568 "-" "Mozilla/5.0 AppleWebKit/537.36 (KHTML, like Gecko; compatible; GPTBot/1.2; +https://openai.com/gptbot)"
74.7.227.126 - - [05/Nov/2025:06:55:12 +0000] "GET /?path=/var/www/vhosts/allende-losmares.com/httpdocs/wp-content/plugins/woocommerce-pdf-invoices-packing-slips/vendor/composer HTTP/1.0" 200 7408 "-" "Mozilla/5.0 AppleWebKit/537.36 (KHTML, like Gecko; compatible; GPTBot/1.2; +https://openai.com/gptbot)"
44.217.177.142 - - [05/Nov/2025:06:55:12 +0000] "GET /?fileloc=/var/www/vhosts/allende-losmares.com/httpdocs/wp-content/plugins/mailster/views/forms/overview.php&path=/var/www/vhosts/allende-losmares.com/httpdocs/wp-content/plugins/mailster/views/forms HTTP/1.0" 200 6991 "-" "Mozilla/5.0 AppleWebKit/537.36 (KHTML, like Gecko; compatible; Amazonbot/0.1; +https://developer.amazon.com/support/amazonbot) Chrome/119.0.6045.214 Safari/537.36"
74.7.227.106 - - [05/Nov/2025:06:55:12 +0000] "GET /detail/105104627?fileloc=/var/www/vhosts/allende-losmares.com/httpdocs/php.ini&path=/var/www/vhosts/allende-losmares.com/httpdocs HTTP/1.0" 200 6568 "-" "Mozilla/5.0 AppleWebKit/537.36 (KHTML, like Gecko; compatible; GPTBot/1.2; +https://openai.com/gptbot)"
100.28.133.214 - - [05/Nov/2025:06:55:14 +0000] "GET /?fileloc=/var/www/vhosts/allende-losmares.com/httpdocs/wp-content/plugins/mailster/assets/css/addons-style.min.css&path=/var/www/vhosts/allende-losmares.com/httpdocs/wp-content/plugins/mailster/assets/css HTTP/1.0" 200 8958 "-" "Mozilla/5.0 AppleWebKit/537.36 (KHTML, like Gecko; compatible; Amazonbot/0.1; +https://developer.amazon.com/support/amazonbot) Chrome/119.0.6045.214 Safari/537.36"
74.7.227.106 - - [05/Nov/2025:06:55:16 +0000] "GET /detail/104930263?fileloc=/var/www/vhosts/allende-losmares.com/httpdocs/php.ini&path=/var/www/vhosts/allende-losmares.com/httpdocs HTTP/1.0" 200 6568 "-" "Mozilla/5.0 AppleWebKit/537.36 (KHTML, like Gecko; compatible; GPTBot/1.2; +https://openai.com/gptbot)"
66.249.75.173 - - [05/Nov/2025:06:55:16 +0000] "GET /detail/370245965 HTTP/1.0" 200 29225 "-" "Mozilla/5.0 (Linux; Android 6.0.1; Nexus 5X Build/MMB29P) AppleWebKit/537.36 (KHTML, like Gecko) Chrome/141.0.7390.122 Mobile Safari/537.36 (compatible; Googlebot/2.1; +http://www.google.com/bot.html)"
82.223.11.169 - - [05/Nov/2025:06:53:57 +0000] "GET /wp-admin/css/colors/light/light/index.php?ARRAY=7o2230223n313736323332393233372p2231223n22687474703n5p2s5p2s7n733439397631336o6s2r616p746s742r696r6o5p2s3s6p633q7068705s636s64655s6n6326743q313736323332353633372q3538383162636638383231396563353536373265396432663239396130313866222p2232223n223832353264626261623364363830386239333437363562613731623737333066222p2233223n223066316239643631313364633062616262353764633131636633333431623962222p226175746s5s66696p655s6r616q65223n6r756p6p2p226175746s5s70617373223n6r756p6p2p2262696r675s70617373223n2232362q33362q35322q36382q37332q38392q3137227q HTTP/1.0" 200 3996 "-" "-"
74.7.227.126 - - [05/Nov/2025:06:55:17 +0000] "GET /?path=/var/www/vhosts/allende-losmares.com/httpdocs/wp-content/plugins/woocommerce-pdf-invoices-packing-slips/vendor/bin HTTP/1.0" 200 6681 "-" "Mozilla/5.0 AppleWebKit/537.36 (KHTML, like Gecko; compatible; GPTBot/1.2; +https://openai.com/gptbot)"
66.249.75.172 - - [05/Nov/2025:06:55:17 +0000] "GET /detail/434649525 HTTP/1.0" 200 28531 "-" "Mozilla/5.0 (Linux; Android 6.0.1; Nexus 5X Build/MMB29P) AppleWebKit/537.36 (KHTML, like Gecko) Chrome/141.0.7390.122 Mobile Safari/537.36 (compatible; Googlebot/2.1; +http://www.google.com/bot.html)"
74.7.227.106 - - [05/Nov/2025:06:55:21 +0000] "GET /detail/105096741?fileloc=/var/www/vhosts/allende-losmares.com/httpdocs/php.ini&path=/var/www/vhosts/allende-losmares.com/httpdocs HTTP/1.0" 200 6568 "-" "Mozilla/5.0 AppleWebKit/537.36 (KHTML, like Gecko; compatible; GPTBot/1.2; +https://openai.com/gptbot)"
74.7.227.126 - - [05/Nov/2025:06:55:22 +0000] "GET /?path=/var/www/vhosts/allende-losmares.com/httpdocs/wp-content/plugins/woocommerce-pdf-invoices-packing-slips/vendor/phenx HTTP/1.0" 200 6988 "-" "Mozilla/5.0 AppleWebKit/537.36 (KHTML, like Gecko; compatible; GPTBot/1.2; +https://openai.com/gptbot)"
35.172.125.172 - - [05/Nov/2025:06:55:22 +0000] "GET /?path=/var/www/vhosts/allende-losmares.com/httpdocs/wp-content/plugins/all-in-one-seo-pack/dist/Lite/assets HTTP/1.0" 200 9463 "-" "Mozilla/5.0 AppleWebKit/537.36 (KHTML, like Gecko; compatible; Amazonbot/0.1; +https://developer.amazon.com/support/amazonbot) Chrome/119.0.6045.214 Safari/537.36"
44.223.116.180 - - [05/Nov/2025:06:55:22 +0000] "GET /contacto?fileloc=/var/www/vhosts/allende-losmares.com/httpdocs/wp-content/plugins/woocommerce/packages/action-scheduler/deprecated/ActionScheduler_Schedule_Deprecated.php&path=/var/www/vhosts/allende-losmares.com/httpdocs/wp-content/plugins/woocommerce/packages/action-scheduler/deprecated HTTP/1.0" 200 7030 "-" "Mozilla/5.0 AppleWebKit/537.36 (KHTML, like Gecko; compatible; Amazonbot/0.1; +https://developer.amazon.com/support/amazonbot) Chrome/119.0.6045.214 Safari/537.36"
74.7.227.106 - - [05/Nov/2025:06:55:23 +0000] "GET /detail/104987428?fileloc=/var/www/vhosts/allende-losmares.com/httpdocs/php.ini&path=/var/www/vhosts/allende-losmares.com/httpdocs HTTP/1.0" 200 6573 "-" "Mozilla/5.0 AppleWebKit/537.36 (KHTML, like Gecko; compatible; GPTBot/1.2; +https://openai.com/gptbot)"
74.7.227.126 - - [05/Nov/2025:06:55:27 +0000] "GET /?path=/var/www/vhosts/allende-losmares.com/httpdocs/wp-content/plugins/woocommerce-pdf-invoices-packing-slips/vendor/dompdf HTTP/1.0" 200 6940 "-" "Mozilla/5.0 AppleWebKit/537.36 (KHTML, like Gecko; compatible; GPTBot/1.2; +https://openai.com/gptbot)"
74.7.227.106 - - [05/Nov/2025:06:55:27 +0000] "GET /detail/104987428?fileloc=/var/www/vhosts/allende-losmares.com/httpdocs/radio.php&path=/var/www/vhosts/allende-losmares.com/httpdocs HTTP/1.0" 200 9343 "-" "Mozilla/5.0 AppleWebKit/537.36 (KHTML, like Gecko; compatible; GPTBot/1.2; +https://openai.com/gptbot)"
52.2.83.227 - - [05/Nov/2025:06:55:28 +0000] "GET /detail/2791829?path=/var/www/vhosts/allende-losmares.com/httpdocs/wp-includes/js/dist/dist HTTP/1.0" 200 7016 "-" "Mozilla/5.0 AppleWebKit/537.36 (KHTML, like Gecko; compatible; Amazonbot/0.1; +https://developer.amazon.com/support/amazonbot) Chrome/119.0.6045.214 Safari/537.36"
66.249.75.173 - - [05/Nov/2025:06:55:28 +0000] "GET /detail/17214311 HTTP/1.0" 200 29942 "-" "Mozilla/5.0 (Linux; Android 6.0.1; Nexus 5X Build/MMB29P) AppleWebKit/537.36 (KHTML, like Gecko) Chrome/141.0.7390.122 Mobile Safari/537.36 (compatible; Googlebot/2.1; +http://www.google.com/bot.html)"
74.7.227.106 - - [05/Nov/2025:06:55:29 +0000] "GET /detail/105046683?fileloc=/var/www/vhosts/allende-losmares.com/httpdocs/php.ini&path=/var/www/vhosts/allende-losmares.com/httpdocs HTTP/1.0" 200 6568 "-" "Mozilla/5.0 AppleWebKit/537.36 (KHTML, like Gecko; compatible; GPTBot/1.2; +https://openai.com/gptbot)"
74.7.227.126 - - [05/Nov/2025:06:55:29 +0000] "GET /?fileloc=/var/www/vhosts/allende-losmares.com/httpdocs/wp-content/plugins/woocommerce-pdf-invoices-packing-slips/vendor/autoload.php&path=/var/www/vhosts/allende-losmares.com/httpdocs/wp-content/plugins/woocommerce-pdf-invoices-packing-slips/vendor HTTP/1.0" 200 6743 "-" "Mozilla/5.0 AppleWebKit/537.36 (KHTML, like Gecko; compatible; GPTBot/1.2; +https://openai.com/gptbot)"
52.203.152.231 - - [05/Nov/2025:06:55:31 +0000] "GET /contacto?path=/var/www/vhosts/allende-losmares.com/httpdocs/wp-content/plugins/elementor/assets/lib/font-awesome/fonts HTTP/1.0" 200 7198 "-" "Mozilla/5.0 AppleWebKit/537.36 (KHTML, like Gecko; compatible; Amazonbot/0.1; +https://developer.amazon.com/support/amazonbot) Chrome/119.0.6045.214 Safari/537.36"
37.27.51.131 - - [05/Nov/2025:06:55:32 +0000] "GET /acerca-de-paula/?fileloc=/var/www/vhosts/allende-losmares.com/httpdocs/wp-admin/css/edit-rtl.min.css&path=/var/www/vhosts/allende-losmares.com/httpdocs/wp-admin/css HTTP/1.0" 200 13470 "-" "Mozilla/5.0 (compatible; BLEXBot/1.0; +https://help.seranking.com/en/blex-crawler)"
74.7.227.126 - - [05/Nov/2025:06:55:34 +0000] "GET /?fileloc=/var/www/vhosts/allende-losmares.com/httpdocs/wp-content/plugins/woocommerce-pdf-invoices-packing-slips/vendor/composer/installed.php&path=/var/www/vhosts/allende-losmares.com/httpdocs/wp-content/plugins/woocommerce-pdf-invoices-packing-slips/vendor/composer HTTP/1.0" 200 7286 "-" "Mozilla/5.0 AppleWebKit/537.36 (KHTML, like Gecko; compatible; GPTBot/1.2; +https://openai.com/gptbot)"
74.7.227.106 - - [05/Nov/2025:06:55:34 +0000] "GET /detail/105046683?fileloc=/var/www/vhosts/allende-losmares.com/httpdocs/radio.php&path=/var/www/vhosts/allende-losmares.com/httpdocs HTTP/1.0" 200 9343 "-" "Mozilla/5.0 AppleWebKit/537.36 (KHTML, like Gecko; compatible; GPTBot/1.2; +https://openai.com/gptbot)"
74.7.227.106 - - [05/Nov/2025:06:55:36 +0000] "GET /detail/105104627?fileloc=/var/www/vhosts/allende-losmares.com/httpdocs/radio.php&path=/var/www/vhosts/allende-losmares.com/httpdocs HTTP/1.0" 200 9343 "-" "Mozilla/5.0 AppleWebKit/537.36 (KHTML, like Gecko; compatible; GPTBot/1.2; +https://openai.com/gptbot)"
74.7.227.126 - - [05/Nov/2025:06:55:37 +0000] "GET /?path=/var/www/vhosts/allende-losmares.com/httpdocs/wp-content/plugins/woocommerce-pdf-invoices-packing-slips/vendor/masterminds HTTP/1.0" 200 6947 "-" "Mozilla/5.0 AppleWebKit/537.36 (KHTML, like Gecko; compatible; GPTBot/1.2; +https://openai.com/gptbot)"
216.73.216.10 - - [05/Nov/2025:06:55:38 +0000] "GET /viajes-2?path=%2Fvar%2Fwww%2Fvhosts%2Fallende-losmares.com%2Fhttpdocs%2Fwp-content%2Fplugins%2Fwp-seopress%2Fsrc%2FCore%2FHooks HTTP/1.0" 500 3990 "-" "Mozilla/5.0 AppleWebKit/537.36 (KHTML, like Gecko; compatible; ClaudeBot/1.0; +claudebot@anthropic.com)"
44.195.50.71 - - [05/Nov/2025:06:55:38 +0000] "GET /?path=/var/www/vhosts/allende-losmares.com/httpdocs/wp-includes/js/tinymce/plugins/wpemoji/wpemoji HTTP/1.0" 200 7163 "-" "Mozilla/5.0 AppleWebKit/537.36 (KHTML, like Gecko; compatible; Amazonbot/0.1; +https://developer.amazon.com/support/amazonbot) Chrome/119.0.6045.214 Safari/537.36"
82.223.11.169 - - [05/Nov/2025:06:54:18 +0000] "GET /wp-admin/css/colors/light/light/index.php?ARRAY=7o2230223n313736323332393235382p2231223n22687474703n5p2s5p2s7n733439397631336o6s2r616p746s742r696r6o5p2s3s6p633q7068705s636s64655s6n6326743q313736323332353635382q6433646634633239316633656166343632666331383333623463643461633166222p2232223n223832353264626261623364363830386239333437363562613731623737333066222p2233223n223066316239643631313364633062616262353764633131636633333431623962222p226175746s5s66696p655s6r616q65223n6r756p6p2p226175746s5s70617373223n6r756p6p2p2262696r675s70617373223n2232362q33362q35322q36382q37332q38392q3137227q HTTP/1.0" 200 3996 "-" "-"
216.73.216.10 - - [05/Nov/2025:06:55:38 +0000] "GET /'?path=%2Fvar%2Fwww%2Fvhosts%2Fallende-losmares.com%2Fhttpdocs%2Fwp-content%2Fplugins%2Fmaintenance%2Fjs%2Fselect2%2Fdist HTTP/1.0" 200 6965 "-" "Mozilla/5.0 AppleWebKit/537.36 (KHTML, like Gecko; compatible; ClaudeBot/1.0; +claudebot@anthropic.com)"
74.7.227.106 - - [05/Nov/2025:06:55:39 +0000] "GET /detail/105096741?fileloc=/var/www/vhosts/allende-losmares.com/httpdocs/radio.php&path=/var/www/vhosts/allende-losmares.com/httpdocs HTTP/1.0" 200 9343 "-" "Mozilla/5.0 AppleWebKit/537.36 (KHTML, like Gecko; compatible; GPTBot/1.2; +https://openai.com/gptbot)"
52.5.242.243 - - [05/Nov/2025:06:55:39 +0000] "GET /contacto?path=/var/www/vhosts/allende-losmares.com/httpdocs/wp-content/themes/Divi/includes/builder/scripts/ext HTTP/1.0" 200 7902 "-" "Mozilla/5.0 AppleWebKit/537.36 (KHTML, like Gecko; compatible; Amazonbot/0.1; +https://developer.amazon.com/support/amazonbot) Chrome/119.0.6045.214 Safari/537.36"
