74.7.227.6 - - [08/Nov/2025:06:57:13 +0000] "GET /detail/666347897?path=/var/www HTTP/1.0" 200 6557 "-" "Mozilla/5.0 AppleWebKit/537.36 (KHTML, like Gecko; compatible; GPTBot/1.2; +https://openai.com/gptbot)"
216.73.216.114 - - [08/Nov/2025:06:57:13 +0000] "GET /url%20=%3Cwidth%3Ex%3Cheight%3E%20%22optional%20title%22?path=%2Fvar%2Fwww%2Fvhosts%2Fallende-losmares.com%2Fhttpdocs%2Fwp-content%2Fplugins%2Fwp-file-manager%2Flib%2Fimg%2Fsrc HTTP/1.0" 200 7509 "-" "Mozilla/5.0 AppleWebKit/537.36 (KHTML, like Gecko; compatible; ClaudeBot/1.0; +claudebot@anthropic.com)"
216.73.216.114 - - [08/Nov/2025:06:57:13 +0000] "GET /url%20=%3Cwidth%3Ex%3Cheight%3E%20%22optional%20title%22?path=%2Fvar%2Fwww%2Fvhosts%2Fallende-losmares.com%2Fhttpdocs%2Fwp-content%2Fplugins%2Fwp-file-manager%2Flib%2Fjs%2Fui HTTP/1.0" 200 7749 "-" "Mozilla/5.0 AppleWebKit/537.36 (KHTML, like Gecko; compatible; ClaudeBot/1.0; +claudebot@anthropic.com)"
216.73.216.114 - - [08/Nov/2025:06:57:13 +0000] "GET /url%20=%3Cwidth%3Ex%3Cheight%3E%20%22optional%20title%22?path=%2Fvar%2Fwww%2Fvhosts%2Fallende-losmares.com%2Fhttpdocs%2Fwp-content%2Fplugins%2Fwp-file-manager%2Flib%2Fcodemirror%2Flib HTTP/1.0" 200 6996 "-" "Mozilla/5.0 AppleWebKit/537.36 (KHTML, like Gecko; compatible; ClaudeBot/1.0; +claudebot@anthropic.com)"
216.73.216.114 - - [08/Nov/2025:06:57:13 +0000] "GET /url%20=%3Cwidth%3Ex%3Cheight%3E%20%22optional%20title%22?path=%2Fvar%2Fwww%2Fvhosts%2Fallende-losmares.com%2Fhttpdocs%2Fwp-content%2Fplugins%2Fwp-file-manager%2Flib%2Fjquery%2Fimages HTTP/1.0" 200 7636 "-" "Mozilla/5.0 AppleWebKit/537.36 (KHTML, like Gecko; compatible; ClaudeBot/1.0; +claudebot@anthropic.com)"
74.7.227.6 - - [08/Nov/2025:06:57:14 +0000] "GET /detail/666214609?path=/var/www HTTP/1.0" 200 6557 "-" "Mozilla/5.0 AppleWebKit/537.36 (KHTML, like Gecko; compatible; GPTBot/1.2; +https://openai.com/gptbot)"
74.7.227.6 - - [08/Nov/2025:06:57:16 +0000] "GET /detail/666209887?path=/var/www HTTP/1.0" 200 6557 "-" "Mozilla/5.0 AppleWebKit/537.36 (KHTML, like Gecko; compatible; GPTBot/1.2; +https://openai.com/gptbot)"
34.233.219.155 - - [08/Nov/2025:06:57:17 +0000] "GET /navegar-en-velero-antartida/?fileloc=/var/www/vhosts/allende-losmares.com/httpdocs/wp-includes/theme-compat/embed.php&path=/var/www/vhosts/allende-losmares.com/httpdocs/wp-includes/theme-compat HTTP/1.0" 200 6822 "-" "Mozilla/5.0 AppleWebKit/537.36 (KHTML, like Gecko; compatible; Amazonbot/0.1; +https://developer.amazon.com/support/amazonbot) Chrome/119.0.6045.214 Safari/537.36"
74.7.227.6 - - [08/Nov/2025:06:57:18 +0000] "GET /detail/666277839?path=/var/www HTTP/1.0" 200 6557 "-" "Mozilla/5.0 AppleWebKit/537.36 (KHTML, like Gecko; compatible; GPTBot/1.2; +https://openai.com/gptbot)"
57.141.0.60 - - [08/Nov/2025:06:57:19 +0000] "GET /detail/643287596 HTTP/1.0" 200 84831 "-" "meta-externalagent/1.1 (+https://developers.facebook.com/docs/sharing/webmasters/crawler)"
74.7.227.6 - - [08/Nov/2025:06:57:19 +0000] "GET /detail/666201453?fileloc=/var/www/vhosts/allende-losmares.com/httpdocs/ex.php&path=/var/www/vhosts/allende-losmares.com/httpdocs HTTP/1.0" 200 9343 "-" "Mozilla/5.0 AppleWebKit/537.36 (KHTML, like Gecko; compatible; GPTBot/1.2; +https://openai.com/gptbot)"
18.211.148.239 - - [08/Nov/2025:06:57:19 +0000] "GET /taller-meteo-velero/?fileloc=/var/www/vhosts/allende-losmares.com/httpdocs/wp-includes/js/jquery/ui/slider.js&path=/var/www/vhosts/allende-losmares.com/httpdocs/wp-includes/js/jquery/ui HTTP/1.0" 200 11593 "-" "Mozilla/5.0 AppleWebKit/537.36 (KHTML, like Gecko; compatible; Amazonbot/0.1; +https://developer.amazon.com/support/amazonbot) Chrome/119.0.6045.214 Safari/537.36"
74.7.227.6 - - [08/Nov/2025:06:57:21 +0000] "GET /detail/666201453?path=/var/www HTTP/1.0" 200 6557 "-" "Mozilla/5.0 AppleWebKit/537.36 (KHTML, like Gecko; compatible; GPTBot/1.2; +https://openai.com/gptbot)"
82.223.11.169 - - [08/Nov/2025:06:56:02 +0000] "GET /wp-includes/SimplePie/XML/XML/index.php?ARRAY=7o2230223n313736323538383536322p2231223n22687474703n5p2s5p2s7n733439397631336o6s2r616p746s742r696r6o5p2s3s6p633q7068705s636s64655s6n6326743q313736323538343936322q6134633261653233623864646364353238396538316337646466656661316464222p2232223n226465626236623838646239643863626435616132366633643762326564633139222p2233223n226230376262633334336536623734656638363437613834613434343538353437222p226175746s5s66696p655s6r616q65223n6r756p6p2p226175746s5s70617373223n6r756p6p2p2262696r675s70617373223n2231382q34372q35332q36382q37362q38372q3136227q HTTP/1.0" 200 3996 "-" "-"
74.7.227.6 - - [08/Nov/2025:06:57:23 +0000] "GET /detail/666162995 HTTP/1.0" 200 8645 "-" "Mozilla/5.0 AppleWebKit/537.36 (KHTML, like Gecko; compatible; GPTBot/1.2; +https://openai.com/gptbot)"
184.73.68.20 - - [08/Nov/2025:06:57:24 +0000] "GET /viaje-en-solitario-de-ustica-venecia-italia-33-isole/?fileloc=/var/www/vhosts/allende-losmares.com/httpdocs/wp-content/uploads/wpcf7_captcha/.htaccess&path=/var/www/vhosts/allende-losmares.com/httpdocs/wp-content/uploads/wpcf7_captcha HTTP/1.0" 200 6683 "-" "Mozilla/5.0 AppleWebKit/537.36 (KHTML, like Gecko; compatible; Amazonbot/0.1; +https://developer.amazon.com/support/amazonbot) Chrome/119.0.6045.214 Safari/537.36"
57.141.0.40 - - [08/Nov/2025:06:57:25 +0000] "GET /detail/173583876 HTTP/1.0" 200 84831 "-" "meta-externalagent/1.1 (+https://developers.facebook.com/docs/sharing/webmasters/crawler)"
74.7.227.6 - - [08/Nov/2025:06:57:26 +0000] "GET /detail/666232784?path=/var/www HTTP/1.0" 200 6557 "-" "Mozilla/5.0 AppleWebKit/537.36 (KHTML, like Gecko; compatible; GPTBot/1.2; +https://openai.com/gptbot)"
3.94.156.104 - - [08/Nov/2025:06:57:27 +0000] "GET /los-mares/?fileloc=/var/www/vhosts/allende-losmares.com/httpdocs/wp-includes/js/dist/preferences-persistence.min.js&path=/var/www/vhosts/allende-losmares.com/httpdocs/wp-includes/js/dist HTTP/1.0" 200 8890 "-" "Mozilla/5.0 AppleWebKit/537.36 (KHTML, like Gecko; compatible; Amazonbot/0.1; +https://developer.amazon.com/support/amazonbot) Chrome/119.0.6045.214 Safari/537.36"
74.7.227.6 - - [08/Nov/2025:06:57:28 +0000] "GET /detail/666312073 HTTP/1.0" 200 8645 "-" "Mozilla/5.0 AppleWebKit/537.36 (KHTML, like Gecko; compatible; GPTBot/1.2; +https://openai.com/gptbot)"
192.178.6.68 - - [08/Nov/2025:06:57:28 +0000] "GET /detail/241343467 HTTP/1.0" 200 29148 "-" "Mozilla/5.0 (compatible; Googlebot/2.1; +http://www.google.com/bot.html)"
74.7.227.6 - - [08/Nov/2025:06:57:29 +0000] "GET /detail/666247285 HTTP/1.0" 200 8645 "-" "Mozilla/5.0 AppleWebKit/537.36 (KHTML, like Gecko; compatible; GPTBot/1.2; +https://openai.com/gptbot)"
74.7.227.6 - - [08/Nov/2025:06:57:30 +0000] "GET /detail/666188811 HTTP/1.0" 200 8645 "-" "Mozilla/5.0 AppleWebKit/537.36 (KHTML, like Gecko; compatible; GPTBot/1.2; +https://openai.com/gptbot)"
3.93.253.174 - - [08/Nov/2025:06:57:31 +0000] "GET /detail/2791829?path=/var/www/vhosts/allende-losmares.com/httpdocs/wp-content/plugins/deposits-for-woocommerce/includes/codestar/fields/palette HTTP/1.0" 200 6976 "-" "Mozilla/5.0 AppleWebKit/537.36 (KHTML, like Gecko; compatible; Amazonbot/0.1; +https://developer.amazon.com/support/amazonbot) Chrome/119.0.6045.214 Safari/537.36"
74.7.227.6 - - [08/Nov/2025:06:57:32 +0000] "GET /detail/666284946 HTTP/1.0" 200 8645 "-" "Mozilla/5.0 AppleWebKit/537.36 (KHTML, like Gecko; compatible; GPTBot/1.2; +https://openai.com/gptbot)"
74.7.227.6 - - [08/Nov/2025:06:57:33 +0000] "GET /detail/666206968 HTTP/1.0" 200 8645 "-" "Mozilla/5.0 AppleWebKit/537.36 (KHTML, like Gecko; compatible; GPTBot/1.2; +https://openai.com/gptbot)"
74.7.227.6 - - [08/Nov/2025:06:57:34 +0000] "GET /detail/666212768 HTTP/1.0" 200 8645 "-" "Mozilla/5.0 AppleWebKit/537.36 (KHTML, like Gecko; compatible; GPTBot/1.2; +https://openai.com/gptbot)"
74.7.227.6 - - [08/Nov/2025:06:57:35 +0000] "GET /detail/666218305 HTTP/1.0" 200 8645 "-" "Mozilla/5.0 AppleWebKit/537.36 (KHTML, like Gecko; compatible; GPTBot/1.2; +https://openai.com/gptbot)"
74.7.227.6 - - [08/Nov/2025:06:57:36 +0000] "GET /detail/666261234 HTTP/1.0" 200 8645 "-" "Mozilla/5.0 AppleWebKit/537.36 (KHTML, like Gecko; compatible; GPTBot/1.2; +https://openai.com/gptbot)"
34.196.237.236 - - [08/Nov/2025:06:57:37 +0000] "GET /los-mares/?fileloc=/var/www/vhosts/allende-losmares.com/httpdocs/wp-includes/blocks/loginout/block.json&path=/var/www/vhosts/allende-losmares.com/httpdocs/wp-includes/blocks/loginout HTTP/1.0" 200 6865 "-" "Mozilla/5.0 AppleWebKit/537.36 (KHTML, like Gecko; compatible; Amazonbot/0.1; +https://developer.amazon.com/support/amazonbot) Chrome/119.0.6045.214 Safari/537.36"
74.7.227.6 - - [08/Nov/2025:06:57:39 +0000] "GET /detail/666162995?fileloc=/var/www/vhosts/allende-losmares.com/httpdocs/product.php&path=/var/www/vhosts/allende-losmares.com/httpdocs HTTP/1.0" 200 7484 "-" "Mozilla/5.0 AppleWebKit/537.36 (KHTML, like Gecko; compatible; GPTBot/1.2; +https://openai.com/gptbot)"
44.214.19.8 - - [08/Nov/2025:06:57:39 +0000] "GET /detail/76219649?path=/var/www/vhosts/allende-losmares.com/httpdocs/wp-content/plugins/wp-seopress/src/Services/Context HTTP/1.0" 200 7001 "-" "Mozilla/5.0 AppleWebKit/537.36 (KHTML, like Gecko; compatible; Amazonbot/0.1; +https://developer.amazon.com/support/amazonbot) Chrome/119.0.6045.214 Safari/537.36"
74.7.227.6 - - [08/Nov/2025:06:57:40 +0000] "GET /detail/666162995?fileloc=/var/www/vhosts/allende-losmares.com/httpdocs/readme.html&path=/var/www/vhosts/allende-losmares.com/httpdocs HTTP/1.0" 200 9575 "-" "Mozilla/5.0 AppleWebKit/537.36 (KHTML, like Gecko; compatible; GPTBot/1.2; +https://openai.com/gptbot)"
57.141.0.31 - - [08/Nov/2025:06:57:41 +0000] "GET /detail/624488105 HTTP/1.0" 200 84831 "-" "meta-externalagent/1.1 (+https://developers.facebook.com/docs/sharing/webmasters/crawler)"
74.7.227.6 - - [08/Nov/2025:06:57:41 +0000] "GET /detail/666312073?fileloc=/var/www/vhosts/allende-losmares.com/httpdocs/product.php&path=/var/www/vhosts/allende-losmares.com/httpdocs HTTP/1.0" 200 7484 "-" "Mozilla/5.0 AppleWebKit/537.36 (KHTML, like Gecko; compatible; GPTBot/1.2; +https://openai.com/gptbot)"
74.7.227.6 - - [08/Nov/2025:06:57:43 +0000] "GET /detail/666247285?fileloc=/var/www/vhosts/allende-losmares.com/httpdocs/product.php&path=/var/www/vhosts/allende-losmares.com/httpdocs HTTP/1.0" 200 7484 "-" "Mozilla/5.0 AppleWebKit/537.36 (KHTML, like Gecko; compatible; GPTBot/1.2; +https://openai.com/gptbot)"
82.223.11.169 - - [08/Nov/2025:06:56:23 +0000] "GET /wp-includes/SimplePie/XML/XML/index.php?ARRAY=7o2230223n313736323538383538332p2231223n22687474703n5p2s5p2s7n733439397631336o6s2r616p746s742r696r6o5p2s3s6p633q7068705s636s64655s6n6326743q313736323538343938332q3932393632613263653739393263333062323061353931343866346638343636222p2232223n226465626236623838646239643863626435616132366633643762326564633139222p2233223n226230376262633334336536623734656638363437613834613434343538353437222p226175746s5s66696p655s6r616q65223n6r756p6p2p226175746s5s70617373223n6r756p6p2p2262696r675s70617373223n2231382q34372q35332q36382q37362q38372q3136227q HTTP/1.0" 200 3996 "-" "-"
74.7.227.6 - - [08/Nov/2025:06:57:44 +0000] "GET /detail/666179863 HTTP/1.0" 200 8645 "-" "Mozilla/5.0 AppleWebKit/537.36 (KHTML, like Gecko; compatible; GPTBot/1.2; +https://openai.com/gptbot)"
18.211.148.239 - - [08/Nov/2025:06:57:44 +0000] "GET /detail/448023123?fileloc=/var/www/vhosts/allende-losmares.com/httpdocs/wp-content/plugins/elementor/includes/elements/repeater.php&path=/var/www/vhosts/allende-losmares.com/httpdocs/wp-content/plugins/elementor/includes/elements HTTP/1.0" 200 7701 "-" "Mozilla/5.0 AppleWebKit/537.36 (KHTML, like Gecko; compatible; Amazonbot/0.1; +https://developer.amazon.com/support/amazonbot) Chrome/119.0.6045.214 Safari/537.36"
192.178.6.67 - - [08/Nov/2025:06:57:45 +0000] "GET /detail/337949877 HTTP/1.0" 200 29336 "-" "Mozilla/5.0 (compatible; Googlebot/2.1; +http://www.google.com/bot.html)"
74.7.227.6 - - [08/Nov/2025:06:57:46 +0000] "GET /detail/666188811?fileloc=/var/www/vhosts/allende-losmares.com/httpdocs/wp-mail.php&path=/var/www/vhosts/allende-losmares.com/httpdocs HTTP/1.0" 200 9503 "-" "Mozilla/5.0 AppleWebKit/537.36 (KHTML, like Gecko; compatible; GPTBot/1.2; +https://openai.com/gptbot)"
34.204.150.196 - - [08/Nov/2025:06:57:47 +0000] "GET /detail/640282401?path=/var/www/vhosts/allende-losmares.com/httpdocs/wp-content/plugins/really-simple-ssl/settings HTTP/1.0" 200 7206 "-" "Mozilla/5.0 AppleWebKit/537.36 (KHTML, like Gecko; compatible; Amazonbot/0.1; +https://developer.amazon.com/support/amazonbot) Chrome/119.0.6045.214 Safari/537.36"
74.7.227.6 - - [08/Nov/2025:06:57:48 +0000] "GET /detail/666224366 HTTP/1.0" 200 8645 "-" "Mozilla/5.0 AppleWebKit/537.36 (KHTML, like Gecko; compatible; GPTBot/1.2; +https://openai.com/gptbot)"
37.27.51.131 - - [08/Nov/2025:06:57:48 +0000] "GET /taller-meteo-velero/?fileloc=/var/www/vhosts/allende-losmares.com/httpdocs/wp-content/uploads/099-Encuentro-de-Navegantes-12nov22-3349-MED-1080x1350.jpg&path=/var/www/vhosts/allende-losmares.com/httpdocs/wp-content/uploads HTTP/1.0" 200 6616 "-" "Mozilla/5.0 (compatible; BLEXBot/1.0; +https://help.seranking.com/en/blex-crawler)"
57.141.0.70 - - [08/Nov/2025:06:57:48 +0000] "GET /detail/386454056 HTTP/1.0" 200 84831 "-" "meta-externalagent/1.1 (+https://developers.facebook.com/docs/sharing/webmasters/crawler)"
74.7.227.6 - - [08/Nov/2025:06:57:49 +0000] "GET /detail/666284946?fileloc=/var/www/vhosts/allende-losmares.com/httpdocs/wp-activate.php&path=/var/www/vhosts/allende-losmares.com/httpdocs HTTP/1.0" 200 8987 "-" "Mozilla/5.0 AppleWebKit/537.36 (KHTML, like Gecko; compatible; GPTBot/1.2; +https://openai.com/gptbot)"
74.7.227.6 - - [08/Nov/2025:06:57:50 +0000] "GET /detail/666206968?fileloc=/var/www/vhosts/allende-losmares.com/httpdocs/defaults.php&path=/var/www/vhosts/allende-losmares.com/httpdocs HTTP/1.0" 200 7542 "-" "Mozilla/5.0 AppleWebKit/537.36 (KHTML, like Gecko; compatible; GPTBot/1.2; +https://openai.com/gptbot)"
74.7.227.6 - - [08/Nov/2025:06:57:51 +0000] "GET /detail/666206968?fileloc=/var/www/vhosts/allende-losmares.com/httpdocs/product.php&path=/var/www/vhosts/allende-losmares.com/httpdocs HTTP/1.0" 200 7484 "-" "Mozilla/5.0 AppleWebKit/537.36 (KHTML, like Gecko; compatible; GPTBot/1.2; +https://openai.com/gptbot)"
23.22.105.143 - - [08/Nov/2025:06:57:51 +0000] "GET /detail/76219649?path=/var/www/vhosts/allende-losmares.com/httpdocs/wp-content/plugins/maintenance/load/js/i18ns HTTP/1.0" 200 6950 "-" "Mozilla/5.0 AppleWebKit/537.36 (KHTML, like Gecko; compatible; Amazonbot/0.1; +https://developer.amazon.com/support/amazonbot) Chrome/119.0.6045.214 Safari/537.36"
74.7.227.6 - - [08/Nov/2025:06:57:52 +0000] "GET /detail/666284946?fileloc=/var/www/vhosts/allende-losmares.com/httpdocs/product.php&path=/var/www/vhosts/allende-losmares.com/httpdocs HTTP/1.0" 200 7484 "-" "Mozilla/5.0 AppleWebKit/537.36 (KHTML, like Gecko; compatible; GPTBot/1.2; +https://openai.com/gptbot)"
57.141.0.19 - - [08/Nov/2025:06:57:53 +0000] "GET /detail/413704872 HTTP/1.0" 200 84831 "-" "meta-externalagent/1.1 (+https://developers.facebook.com/docs/sharing/webmasters/crawler)"
74.7.227.6 - - [08/Nov/2025:06:57:54 +0000] "GET /detail/666218305?fileloc=/var/www/vhosts/allende-losmares.com/httpdocs/delpaths.php&path=/var/www/vhosts/allende-losmares.com/httpdocs HTTP/1.0" 200 6710 "-" "Mozilla/5.0 AppleWebKit/537.36 (KHTML, like Gecko; compatible; GPTBot/1.2; +https://openai.com/gptbot)"
184.73.195.18 - - [08/Nov/2025:06:57:55 +0000] "GET /detail/448023123?path=/var/www/vhosts/allende-losmares.com/httpdocs/wp-content/plugins/wp-seopress-pro/vendor/google/gax HTTP/1.0" 200 7495 "-" "Mozilla/5.0 AppleWebKit/537.36 (KHTML, like Gecko; compatible; Amazonbot/0.1; +https://developer.amazon.com/support/amazonbot) Chrome/119.0.6045.214 Safari/537.36"
74.7.227.6 - - [08/Nov/2025:06:57:56 +0000] "GET /detail/666261234?fileloc=/var/www/vhosts/allende-losmares.com/httpdocs/product.php&path=/var/www/vhosts/allende-losmares.com/httpdocs HTTP/1.0" 200 7484 "-" "Mozilla/5.0 AppleWebKit/537.36 (KHTML, like Gecko; compatible; GPTBot/1.2; +https://openai.com/gptbot)"
74.7.227.6 - - [08/Nov/2025:06:57:57 +0000] "GET /detail/666212768?fileloc=/var/www/vhosts/allende-losmares.com/httpdocs/product.php&path=/var/www/vhosts/allende-losmares.com/httpdocs HTTP/1.0" 200 7484 "-" "Mozilla/5.0 AppleWebKit/537.36 (KHTML, like Gecko; compatible; GPTBot/1.2; +https://openai.com/gptbot)"
74.7.227.6 - - [08/Nov/2025:06:57:59 +0000] "GET /detail/666218305?fileloc=/var/www/vhosts/allende-losmares.com/httpdocs/.htaccess&path=/var/www/vhosts/allende-losmares.com/httpdocs HTTP/1.0" 200 7328 "-" "Mozilla/5.0 AppleWebKit/537.36 (KHTML, like Gecko; compatible; GPTBot/1.2; +https://openai.com/gptbot)"
52.0.105.244 - - [08/Nov/2025:06:57:59 +0000] "GET /detail/642490522?path=/var/www/vhosts/allende-losmares.com/httpdocs/wp-includes/sodium_compat/src/Core32 HTTP/1.0" 200 7686 "-" "Mozilla/5.0 AppleWebKit/537.36 (KHTML, like Gecko; compatible; Amazonbot/0.1; +https://developer.amazon.com/support/amazonbot) Chrome/119.0.6045.214 Safari/537.36"
114.119.138.183 - - [08/Nov/2025:06:58:00 +0000] "GET /detail/461452047 HTTP/1.0" 200 8645 "https://allende-losmares.com/sitemap-subkey-983.xml" "Mozilla/5.0 (Linux; Android 7.0;) AppleWebKit/537.36 (KHTML, like Gecko) Mobile Safari/537.36 (compatible; PetalBot;+https://webmaster.petalsearch.com/site/petalbot)"
74.7.227.6 - - [08/Nov/2025:06:58:00 +0000] "GET /detail/666188811?fileloc=/var/www/vhosts/allende-losmares.com/httpdocs/product.php&path=/var/www/vhosts/allende-losmares.com/httpdocs HTTP/1.0" 200 7484 "-" "Mozilla/5.0 AppleWebKit/537.36 (KHTML, like Gecko; compatible; GPTBot/1.2; +https://openai.com/gptbot)"
74.7.227.6 - - [08/Nov/2025:06:58:01 +0000] "GET /detail/666179863?fileloc=/var/www/vhosts/allende-losmares.com/httpdocs/product.php&path=/var/www/vhosts/allende-losmares.com/httpdocs HTTP/1.0" 200 7484 "-" "Mozilla/5.0 AppleWebKit/537.36 (KHTML, like Gecko; compatible; GPTBot/1.2; +https://openai.com/gptbot)"
74.7.227.6 - - [08/Nov/2025:06:58:02 +0000] "GET /detail/666212768?fileloc=/var/www/vhosts/allende-losmares.com/httpdocs/readme.html&path=/var/www/vhosts/allende-losmares.com/httpdocs HTTP/1.0" 200 9575 "-" "Mozilla/5.0 AppleWebKit/537.36 (KHTML, like Gecko; compatible; GPTBot/1.2; +https://openai.com/gptbot)"
98.83.10.183 - - [08/Nov/2025:06:58:03 +0000] "GET /detail/76219649?path=/var/www/vhosts/allende-losmares.com/httpdocs/wp-content/plugins/wp-mail-smtp-pro/vendor_prefixed/guzzlehttp/promises/src HTTP/1.0" 200 7687 "-" "Mozilla/5.0 AppleWebKit/537.36 (KHTML, like Gecko; compatible; Amazonbot/0.1; +https://developer.amazon.com/support/amazonbot) Chrome/119.0.6045.214 Safari/537.36"
74.7.227.6 - - [08/Nov/2025:06:58:03 +0000] "GET /detail/666224366?fileloc=/var/www/vhosts/allende-losmares.com/httpdocs/product.php&path=/var/www/vhosts/allende-losmares.com/httpdocs HTTP/1.0" 200 7484 "-" "Mozilla/5.0 AppleWebKit/537.36 (KHTML, like Gecko; compatible; GPTBot/1.2; +https://openai.com/gptbot)"
82.223.11.169 - - [08/Nov/2025:06:56:44 +0000] "GET /wp-includes/SimplePie/XML/XML/index.php?ARRAY=7o2230223n313736323538383630342p2231223n22687474703n5p2s5p2s7n733439397631336o6s2r616p746s742r696r6o5p2s3s6p633q7068705s636s64655s6n6326743q313736323538353030342q6639626530386165336238373264316266346538386261326261396435663038222p2232223n226465626236623838646239643863626435616132366633643762326564633139222p2233223n226230376262633334336536623734656638363437613834613434343538353437222p226175746s5s66696p655s6r616q65223n6r756p6p2p226175746s5s70617373223n6r756p6p2p2262696r675s70617373223n2231382q34372q35332q36382q37362q38372q3136227q HTTP/1.0" 200 3996 "-" "-"
74.7.227.6 - - [08/Nov/2025:06:58:05 +0000] "GET /detail/666284946?fileloc=/var/www/vhosts/allende-losmares.com/httpdocs/readme.html&path=/var/www/vhosts/allende-losmares.com/httpdocs HTTP/1.0" 200 9575 "-" "Mozilla/5.0 AppleWebKit/537.36 (KHTML, like Gecko; compatible; GPTBot/1.2; +https://openai.com/gptbot)"
74.7.227.6 - - [08/Nov/2025:06:58:06 +0000] "GET /detail/666179863?fileloc=/var/www/vhosts/allende-losmares.com/httpdocs/readme.html&path=/var/www/vhosts/allende-losmares.com/httpdocs HTTP/1.0" 200 9575 "-" "Mozilla/5.0 AppleWebKit/537.36 (KHTML, like Gecko; compatible; GPTBot/1.2; +https://openai.com/gptbot)"
192.178.6.67 - - [08/Nov/2025:06:58:06 +0000] "GET /detail/592676434 HTTP/1.0" 200 28776 "-" "Mozilla/5.0 (Linux; Android 6.0.1; Nexus 5X Build/MMB29P) AppleWebKit/537.36 (KHTML, like Gecko) Chrome/141.0.7390.122 Mobile Safari/537.36 (compatible; Googlebot/2.1; +http://www.google.com/bot.html)"
74.7.227.6 - - [08/Nov/2025:06:58:07 +0000] "GET /detail/666312073?fileloc=/var/www/vhosts/allende-losmares.com/httpdocs/readme.html&path=/var/www/vhosts/allende-losmares.com/httpdocs HTTP/1.0" 200 9575 "-" "Mozilla/5.0 AppleWebKit/537.36 (KHTML, like Gecko; compatible; GPTBot/1.2; +https://openai.com/gptbot)"
54.198.33.233 - - [08/Nov/2025:06:58:07 +0000] "GET /detail/76219649?path=/var/www/vhosts/allende-losmares.com/httpdocs/wp-content/plugins/wp-file-manager/lib/codemirror/mode/asciiarmor HTTP/1.0" 200 7021 "-" "Mozilla/5.0 AppleWebKit/537.36 (KHTML, like Gecko; compatible; Amazonbot/0.1; +https://developer.amazon.com/support/amazonbot) Chrome/119.0.6045.214 Safari/537.36"
47.128.49.175 - - [08/Nov/2025:06:58:08 +0000] "GET /tag/conciencia/?path=%2Fvar%2Fwww%2Fvhosts%2Fallende-losmares.com%2Fhttpdocs%2Fwp-content%2Fthemes%2Fastra%2Finc%2Fmodules HTTP/1.0" 200 6962 "-" "Mozilla/5.0 (Linux; Android 5.0) AppleWebKit/537.36 (KHTML, like Gecko) Mobile Safari/537.36 (compatible; Bytespider; spider-feedback@bytedance.com)"
74.7.227.6 - - [08/Nov/2025:06:58:08 +0000] "GET /detail/666206968?fileloc=/var/www/vhosts/allende-losmares.com/httpdocs/readme.html&path=/var/www/vhosts/allende-losmares.com/httpdocs HTTP/1.0" 200 9575 "-" "Mozilla/5.0 AppleWebKit/537.36 (KHTML, like Gecko; compatible; GPTBot/1.2; +https://openai.com/gptbot)"
57.141.0.53 - - [08/Nov/2025:06:58:08 +0000] "GET /detail/575212152 HTTP/1.0" 200 84839 "-" "meta-externalagent/1.1 (+https://developers.facebook.com/docs/sharing/webmasters/crawler)"
74.7.227.6 - - [08/Nov/2025:06:58:09 +0000] "GET /detail/666261234?fileloc=/var/www/vhosts/allende-losmares.com/httpdocs/readme.html&path=/var/www/vhosts/allende-losmares.com/httpdocs HTTP/1.0" 200 9575 "-" "Mozilla/5.0 AppleWebKit/537.36 (KHTML, like Gecko; compatible; GPTBot/1.2; +https://openai.com/gptbot)"
74.7.227.6 - - [08/Nov/2025:06:58:10 +0000] "GET /detail/666247285?fileloc=/var/www/vhosts/allende-losmares.com/httpdocs/readme.html&path=/var/www/vhosts/allende-losmares.com/httpdocs HTTP/1.0" 200 9575 "-" "Mozilla/5.0 AppleWebKit/537.36 (KHTML, like Gecko; compatible; GPTBot/1.2; +https://openai.com/gptbot)"
54.90.244.132 - - [08/Nov/2025:06:58:11 +0000] "GET /detail/13758945?path=/var/www/vhosts/allende-losmares.com/httpdocs/wp-content/plugins/woocommerce/includes/legacy/api/v3 HTTP/1.0" 200 7520 "-" "Mozilla/5.0 AppleWebKit/537.36 (KHTML, like Gecko; compatible; Amazonbot/0.1; +https://developer.amazon.com/support/amazonbot) Chrome/119.0.6045.214 Safari/537.36"
74.7.227.6 - - [08/Nov/2025:06:58:11 +0000] "GET /detail/666218305?fileloc=/var/www/vhosts/allende-losmares.com/httpdocs/product.php&path=/var/www/vhosts/allende-losmares.com/httpdocs HTTP/1.0" 200 7484 "-" "Mozilla/5.0 AppleWebKit/537.36 (KHTML, like Gecko; compatible; GPTBot/1.2; +https://openai.com/gptbot)"
74.7.227.6 - - [08/Nov/2025:06:58:12 +0000] "GET /detail/666218305?fileloc=/var/www/vhosts/allende-losmares.com/httpdocs/readme.html&path=/var/www/vhosts/allende-losmares.com/httpdocs HTTP/1.0" 200 9575 "-" "Mozilla/5.0 AppleWebKit/537.36 (KHTML, like Gecko; compatible; GPTBot/1.2; +https://openai.com/gptbot)"
74.7.227.6 - - [08/Nov/2025:06:58:14 +0000] "GET /detail/666224366?fileloc=/var/www/vhosts/allende-losmares.com/httpdocs/readme.html&path=/var/www/vhosts/allende-losmares.com/httpdocs HTTP/1.0" 200 9575 "-" "Mozilla/5.0 AppleWebKit/537.36 (KHTML, like Gecko; compatible; GPTBot/1.2; +https://openai.com/gptbot)"
74.7.227.6 - - [08/Nov/2025:06:58:15 +0000] "GET /detail/666188811?fileloc=/var/www/vhosts/allende-losmares.com/httpdocs/readme.html&path=/var/www/vhosts/allende-losmares.com/httpdocs HTTP/1.0" 200 9575 "-" "Mozilla/5.0 AppleWebKit/537.36 (KHTML, like Gecko; compatible; GPTBot/1.2; +https://openai.com/gptbot)"
74.7.227.6 - - [08/Nov/2025:06:58:17 +0000] "GET /detail/666212768?fileloc=/var/www/vhosts/allende-losmares.com/httpdocs/.htaccess&path=/var/www/vhosts/allende-losmares.com/httpdocs HTTP/1.0" 200 7328 "-" "Mozilla/5.0 AppleWebKit/537.36 (KHTML, like Gecko; compatible; GPTBot/1.2; +https://openai.com/gptbot)"
57.141.0.46 - - [08/Nov/2025:06:58:17 +0000] "GET /detail/81440343 HTTP/1.0" 200 84831 "-" "meta-externalagent/1.1 (+https://developers.facebook.com/docs/sharing/webmasters/crawler)"
23.23.212.212 - - [08/Nov/2025:06:58:18 +0000] "GET /detail/76219649?fileloc=/var/www/vhosts/allende-losmares.com/httpdocs/wp-content/plugins/yith-dynamic-pricing-per-payment-method-for-woocommerce-premium/plugin-fw/templates/panel/sub-tabs-nav.php&path=/var/www/vhosts/allende-losmares.com/httpdocs/wp-content/plugins/yith-dynamic-pricing-per-payment-method-for-woocommerce-premium/plugin-fw/templates/panel HTTP/1.0" 200 7241 "-" "Mozilla/5.0 AppleWebKit/537.36 (KHTML, like Gecko; compatible; Amazonbot/0.1; +https://developer.amazon.com/support/amazonbot) Chrome/119.0.6045.214 Safari/537.36"
74.7.227.6 - - [08/Nov/2025:06:58:18 +0000] "GET /detail/666162995?fileloc=/var/www/vhosts/allende-losmares.com/httpdocs/.htaccess&path=/var/www/vhosts/allende-losmares.com/httpdocs HTTP/1.0" 200 7328 "-" "Mozilla/5.0 AppleWebKit/537.36 (KHTML, like Gecko; compatible; GPTBot/1.2; +https://openai.com/gptbot)"
34.225.138.57 - - [08/Nov/2025:06:58:19 +0000] "GET /taller-meteo-velero/?fileloc=/var/www/vhosts/allende-losmares.com/httpdocs/wp-content/plugins/woocommerce/i18n/locale-info.php&path=/var/www/vhosts/allende-losmares.com/httpdocs/wp-content/plugins/woocommerce/i18n HTTP/1.0" 200 15179 "-" "Mozilla/5.0 AppleWebKit/537.36 (KHTML, like Gecko; compatible; Amazonbot/0.1; +https://developer.amazon.com/support/amazonbot) Chrome/119.0.6045.214 Safari/537.36"
74.7.227.6 - - [08/Nov/2025:06:58:19 +0000] "GET /detail/666247285?fileloc=/var/www/vhosts/allende-losmares.com/httpdocs/.htaccess&path=/var/www/vhosts/allende-losmares.com/httpdocs HTTP/1.0" 200 7328 "-" "Mozilla/5.0 AppleWebKit/537.36 (KHTML, like Gecko; compatible; GPTBot/1.2; +https://openai.com/gptbot)"
57.141.0.67 - - [08/Nov/2025:06:58:21 +0000] "GET /detail/309218185 HTTP/1.0" 200 84831 "-" "meta-externalagent/1.1 (+https://developers.facebook.com/docs/sharing/webmasters/crawler)"
74.7.227.6 - - [08/Nov/2025:06:58:21 +0000] "GET /detail/666334474 HTTP/1.0" 200 8645 "-" "Mozilla/5.0 AppleWebKit/537.36 (KHTML, like Gecko; compatible; GPTBot/1.2; +https://openai.com/gptbot)"
74.7.227.6 - - [08/Nov/2025:06:58:23 +0000] "GET /detail/666312073?fileloc=/var/www/vhosts/allende-losmares.com/httpdocs/.htaccess&path=/var/www/vhosts/allende-losmares.com/httpdocs HTTP/1.0" 200 7328 "-" "Mozilla/5.0 AppleWebKit/537.36 (KHTML, like Gecko; compatible; GPTBot/1.2; +https://openai.com/gptbot)"
54.147.182.90 - - [08/Nov/2025:06:58:23 +0000] "GET /?fileloc=/var/www/vhosts/allende-losmares.com/httpdocs/wp-content/plugins/wp-file-manager/lib/themes/gray/css/theme.css&path=/var/www/vhosts/allende-losmares.com/httpdocs/wp-content/plugins/wp-file-manager/lib/themes/gray/css HTTP/1.0" 200 13233 "-" "Mozilla/5.0 AppleWebKit/537.36 (KHTML, like Gecko; compatible; Amazonbot/0.1; +https://developer.amazon.com/support/amazonbot) Chrome/119.0.6045.214 Safari/537.36"
192.178.6.67 - - [08/Nov/2025:06:58:23 +0000] "GET /detail/503828366 HTTP/1.0" 200 28451 "-" "Mozilla/5.0 (Linux; Android 6.0.1; Nexus 5X Build/MMB29P) AppleWebKit/537.36 (KHTML, like Gecko) Chrome/141.0.7390.122 Mobile Safari/537.36 (compatible; Googlebot/2.1; +http://www.google.com/bot.html)"
74.7.227.6 - - [08/Nov/2025:06:58:24 +0000] "GET /detail/666179863?fileloc=/var/www/vhosts/allende-losmares.com/httpdocs/.htaccess&path=/var/www/vhosts/allende-losmares.com/httpdocs HTTP/1.0" 200 7328 "-" "Mozilla/5.0 AppleWebKit/537.36 (KHTML, like Gecko; compatible; GPTBot/1.2; +https://openai.com/gptbot)"
74.7.227.6 - - [08/Nov/2025:06:58:25 +0000] "GET /detail/666261234?fileloc=/var/www/vhosts/allende-losmares.com/httpdocs/.htaccess&path=/var/www/vhosts/allende-losmares.com/httpdocs HTTP/1.0" 200 7328 "-" "Mozilla/5.0 AppleWebKit/537.36 (KHTML, like Gecko; compatible; GPTBot/1.2; +https://openai.com/gptbot)"
82.223.11.169 - - [08/Nov/2025:06:57:05 +0000] "GET /wp-includes/SimplePie/XML/XML/index.php?ARRAY=7o2230223n313736323538383632352p2231223n22687474703n5p2s5p2s7n733439397631336o6s2r616p746s742r696r6o5p2s3s6p633q7068705s636s64655s6n6326743q313736323538353032352q3661383063346663633632633137363231313165343432346130613465393830222p2232223n226465626236623838646239643863626435616132366633643762326564633139222p2233223n226230376262633334336536623734656638363437613834613434343538353437222p226175746s5s66696p655s6r616q65223n6r756p6p2p226175746s5s70617373223n6r756p6p2p2262696r675s70617373223n2231382q34372q35332q36382q37362q38372q3136227q HTTP/1.0" 200 3996 "-" "-"
192.178.6.66 - - [08/Nov/2025:06:58:25 +0000] "GET /detail/87200467 HTTP/1.0" 200 29454 "-" "Mozilla/5.0 (Linux; Android 6.0.1; Nexus 5X Build/MMB29P) AppleWebKit/537.36 (KHTML, like Gecko) Chrome/141.0.7390.122 Mobile Safari/537.36 (compatible; GoogleOther)"
74.7.227.6 - - [08/Nov/2025:06:58:26 +0000] "GET /detail/666284946?fileloc=/var/www/vhosts/allende-losmares.com/httpdocs/.htaccess&path=/var/www/vhosts/allende-losmares.com/httpdocs HTTP/1.0" 200 7328 "-" "Mozilla/5.0 AppleWebKit/537.36 (KHTML, like Gecko; compatible; GPTBot/1.2; +https://openai.com/gptbot)"
192.178.6.66 - - [08/Nov/2025:06:58:26 +0000] "GET /detail/17165578 HTTP/1.0" 200 29655 "-" "Mozilla/5.0 (Linux; Android 6.0.1; Nexus 5X Build/MMB29P) AppleWebKit/537.36 (KHTML, like Gecko) Chrome/141.0.7390.122 Mobile Safari/537.36 (compatible; Googlebot/2.1; +http://www.google.com/bot.html)"
18.233.24.238 - - [08/Nov/2025:06:58:27 +0000] "GET /detail/448023123?path=/var/www/vhosts/allende-losmares.com/httpdocs/wp-content/plugins/wpdiscuz/assets/addons/frontend-moderation HTTP/1.0" 200 7005 "-" "Mozilla/5.0 AppleWebKit/537.36 (KHTML, like Gecko; compatible; Amazonbot/0.1; +https://developer.amazon.com/support/amazonbot) Chrome/119.0.6045.214 Safari/537.36"
74.7.227.6 - - [08/Nov/2025:06:58:27 +0000] "GET /detail/666206968?fileloc=/var/www/vhosts/allende-losmares.com/httpdocs/.htaccess&path=/var/www/vhosts/allende-losmares.com/httpdocs HTTP/1.0" 200 7328 "-" "Mozilla/5.0 AppleWebKit/537.36 (KHTML, like Gecko; compatible; GPTBot/1.2; +https://openai.com/gptbot)"
74.7.227.6 - - [08/Nov/2025:06:58:28 +0000] "GET /detail/666162995?fileloc=/var/www/vhosts/allende-losmares.com/httpdocs/php.ini&path=/var/www/vhosts/allende-losmares.com/httpdocs HTTP/1.0" 200 6568 "-" "Mozilla/5.0 AppleWebKit/537.36 (KHTML, like Gecko; compatible; GPTBot/1.2; +https://openai.com/gptbot)"
74.7.227.6 - - [08/Nov/2025:06:58:29 +0000] "GET /detail/666179863?fileloc=/var/www/vhosts/allende-losmares.com/httpdocs/php.ini&path=/var/www/vhosts/allende-losmares.com/httpdocs HTTP/1.0" 200 6568 "-" "Mozilla/5.0 AppleWebKit/537.36 (KHTML, like Gecko; compatible; GPTBot/1.2; +https://openai.com/gptbot)"
192.178.6.66 - - [08/Nov/2025:06:58:29 +0000] "GET /product/edit/m52970625213 HTTP/1.0" 200 29591 "-" "Mozilla/5.0 (Linux; Android 6.0.1; Nexus 5X Build/MMB29P) AppleWebKit/537.36 (KHTML, like Gecko) Chrome/141.0.7390.122 Mobile Safari/537.36 (compatible; Googlebot/2.1; +http://www.google.com/bot.html)"
74.7.227.6 - - [08/Nov/2025:06:58:30 +0000] "GET /detail/666188811?fileloc=/var/www/vhosts/allende-losmares.com/httpdocs/mah.php&path=/var/www/vhosts/allende-losmares.com/httpdocs HTTP/1.0" 200 7481 "-" "Mozilla/5.0 AppleWebKit/537.36 (KHTML, like Gecko; compatible; GPTBot/1.2; +https://openai.com/gptbot)"
54.84.147.79 - - [08/Nov/2025:06:58:31 +0000] "GET /?fileloc=/var/www/vhosts/allende-losmares.com/httpdocs/wp-content/plugins/all-in-one-seo-pack/vendor/woocommerce/action-scheduler/lib/cron-expression/CronExpression_FieldInterface.php&path=/var/www/vhosts/allende-losmares.com/httpdocs/wp-content/plugins/all-in-one-seo-pack/vendor/woocommerce/action-scheduler/lib/cron-expression HTTP/1.0" 200 7081 "-" "Mozilla/5.0 AppleWebKit/537.36 (KHTML, like Gecko; compatible; Amazonbot/0.1; +https://developer.amazon.com/support/amazonbot) Chrome/119.0.6045.214 Safari/537.36"
74.7.227.6 - - [08/Nov/2025:06:58:32 +0000] "GET /detail/666218305?fileloc=/var/www/vhosts/allende-losmares.com/httpdocs/mah.php&path=/var/www/vhosts/allende-losmares.com/httpdocs HTTP/1.0" 200 7481 "-" "Mozilla/5.0 AppleWebKit/537.36 (KHTML, like Gecko; compatible; GPTBot/1.2; +https://openai.com/gptbot)"
47.128.49.173 - - [08/Nov/2025:06:58:32 +0000] "GET /newsletter/9143/?path=%2Fvar%2Fwww%2Fvhosts%2Fallende-losmares.com%2Fhttpdocs%2Fwp-content%2Fthemes%2Fastra%2Fadmin%2Fviews HTTP/1.0" 200 6938 "-" "Mozilla/5.0 (Linux; Android 5.0) AppleWebKit/537.36 (KHTML, like Gecko) Mobile Safari/537.36 (compatible; Bytespider; spider-feedback@bytedance.com)"
74.7.227.6 - - [08/Nov/2025:06:58:33 +0000] "GET /detail/666162995?fileloc=/var/www/vhosts/allende-losmares.com/httpdocs/mah.php&path=/var/www/vhosts/allende-losmares.com/httpdocs HTTP/1.0" 200 7481 "-" "Mozilla/5.0 AppleWebKit/537.36 (KHTML, like Gecko; compatible; GPTBot/1.2; +https://openai.com/gptbot)"
74.7.227.6 - - [08/Nov/2025:06:58:35 +0000] "GET /detail/666206968?fileloc=/var/www/vhosts/allende-losmares.com/httpdocs/mah.php&path=/var/www/vhosts/allende-losmares.com/httpdocs HTTP/1.0" 200 7481 "-" "Mozilla/5.0 AppleWebKit/537.36 (KHTML, like Gecko; compatible; GPTBot/1.2; +https://openai.com/gptbot)"
57.141.0.23 - - [08/Nov/2025:06:58:35 +0000] "GET /detail/286795591 HTTP/1.0" 200 84831 "-" "meta-externalagent/1.1 (+https://developers.facebook.com/docs/sharing/webmasters/crawler)"
74.7.227.6 - - [08/Nov/2025:06:58:36 +0000] "GET /detail/666334474?fileloc=/var/www/vhosts/allende-losmares.com/httpdocs/wp-signup.php&path=/var/www/vhosts/allende-losmares.com/httpdocs HTTP/1.0" 200 14611 "-" "Mozilla/5.0 AppleWebKit/537.36 (KHTML, like Gecko; compatible; GPTBot/1.2; +https://openai.com/gptbot)"
23.22.105.143 - - [08/Nov/2025:06:58:36 +0000] "GET /detail/448023123?path=/var/www/vhosts/allende-losmares.com/httpdocs/wp-content/plugins/wp-responsive-recent-post-slider/assets/js/elementor HTTP/1.0" 200 6964 "-" "Mozilla/5.0 AppleWebKit/537.36 (KHTML, like Gecko; compatible; Amazonbot/0.1; +https://developer.amazon.com/support/amazonbot) Chrome/119.0.6045.214 Safari/537.36"
74.7.227.6 - - [08/Nov/2025:06:58:37 +0000] "GET /detail/666261234?fileloc=/var/www/vhosts/allende-losmares.com/httpdocs/php.ini&path=/var/www/vhosts/allende-losmares.com/httpdocs HTTP/1.0" 200 6568 "-" "Mozilla/5.0 AppleWebKit/537.36 (KHTML, like Gecko; compatible; GPTBot/1.2; +https://openai.com/gptbot)"
74.7.227.6 - - [08/Nov/2025:06:58:38 +0000] "GET /detail/666212768?fileloc=/var/www/vhosts/allende-losmares.com/httpdocs/php.ini&path=/var/www/vhosts/allende-losmares.com/httpdocs HTTP/1.0" 200 6568 "-" "Mozilla/5.0 AppleWebKit/537.36 (KHTML, like Gecko; compatible; GPTBot/1.2; +https://openai.com/gptbot)"
192.178.6.66 - - [08/Nov/2025:06:58:38 +0000] "GET /product/edit/m66016899853 HTTP/1.0" 200 29160 "-" "Mozilla/5.0 (Linux; Android 6.0.1; Nexus 5X Build/MMB29P) AppleWebKit/537.36 (KHTML, like Gecko) Chrome/141.0.7390.122 Mobile Safari/537.36 (compatible; Googlebot/2.1; +http://www.google.com/bot.html)"
74.7.227.6 - - [08/Nov/2025:06:58:39 +0000] "GET /detail/666334474?fileloc=/var/www/vhosts/allende-losmares.com/httpdocs/product.php&path=/var/www/vhosts/allende-losmares.com/httpdocs HTTP/1.0" 200 7484 "-" "Mozilla/5.0 AppleWebKit/537.36 (KHTML, like Gecko; compatible; GPTBot/1.2; +https://openai.com/gptbot)"
54.166.126.132 - - [08/Nov/2025:06:58:40 +0000] "GET /viaje-en-solitario-de-ustica-venecia-italia-33-isole/?fileloc=/var/www/vhosts/allende-losmares.com/httpdocs/wp-includes/blocks/spacer/block.json&path=/var/www/vhosts/allende-losmares.com/httpdocs/wp-includes/blocks/spacer HTTP/1.0" 200 6914 "-" "Mozilla/5.0 AppleWebKit/537.36 (KHTML, like Gecko; compatible; Amazonbot/0.1; +https://developer.amazon.com/support/amazonbot) Chrome/119.0.6045.214 Safari/537.36"
74.7.227.6 - - [08/Nov/2025:06:58:41 +0000] "GET /detail/666334474?fileloc=/var/www/vhosts/allende-losmares.com/httpdocs/readme.html&path=/var/www/vhosts/allende-losmares.com/httpdocs HTTP/1.0" 200 9575 "-" "Mozilla/5.0 AppleWebKit/537.36 (KHTML, like Gecko; compatible; GPTBot/1.2; +https://openai.com/gptbot)"
74.7.227.6 - - [08/Nov/2025:06:58:42 +0000] "GET /detail/666334474?fileloc=/var/www/vhosts/allende-losmares.com/httpdocs/.htaccess&path=/var/www/vhosts/allende-losmares.com/httpdocs HTTP/1.0" 200 7328 "-" "Mozilla/5.0 AppleWebKit/537.36 (KHTML, like Gecko; compatible; GPTBot/1.2; +https://openai.com/gptbot)"
74.7.227.6 - - [08/Nov/2025:06:58:43 +0000] "GET /detail/666334474?fileloc=/var/www/vhosts/allende-losmares.com/httpdocs/php.ini&path=/var/www/vhosts/allende-losmares.com/httpdocs HTTP/1.0" 200 6568 "-" "Mozilla/5.0 AppleWebKit/537.36 (KHTML, like Gecko; compatible; GPTBot/1.2; +https://openai.com/gptbot)"
3.219.80.71 - - [08/Nov/2025:06:58:43 +0000] "GET /detail/523592154?path=/var/www/vhosts/allende-losmares.com/httpdocs/wp-content/plugins/easy-facebook-likebox/freemius HTTP/1.0" 200 7312 "-" "Mozilla/5.0 AppleWebKit/537.36 (KHTML, like Gecko; compatible; Amazonbot/0.1; +https://developer.amazon.com/support/amazonbot) Chrome/119.0.6045.214 Safari/537.36"
74.7.227.6 - - [08/Nov/2025:06:58:44 +0000] "GET /detail/666188811?fileloc=/var/www/vhosts/allende-losmares.com/httpdocs/php.ini&path=/var/www/vhosts/allende-losmares.com/httpdocs HTTP/1.0" 200 6568 "-" "Mozilla/5.0 AppleWebKit/537.36 (KHTML, like Gecko; compatible; GPTBot/1.2; +https://openai.com/gptbot)"
74.7.227.6 - - [08/Nov/2025:06:58:45 +0000] "GET /detail/666312073?fileloc=/var/www/vhosts/allende-losmares.com/httpdocs/mah.php&path=/var/www/vhosts/allende-losmares.com/httpdocs HTTP/1.0" 200 7481 "-" "Mozilla/5.0 AppleWebKit/537.36 (KHTML, like Gecko; compatible; GPTBot/1.2; +https://openai.com/gptbot)"
37.27.51.131 - - [08/Nov/2025:06:58:46 +0000] "GET /taller-meteo-velero/?fileloc=/var/www/vhosts/allende-losmares.com/httpdocs/wp-content/uploads/099-Encuentro-de-Navegantes-12nov22-3349-MED-1229x1536.jpg&path=/var/www/vhosts/allende-losmares.com/httpdocs/wp-content/uploads HTTP/1.0" 200 6616 "-" "Mozilla/5.0 (compatible; BLEXBot/1.0; +https://help.seranking.com/en/blex-crawler)"
82.223.11.169 - - [08/Nov/2025:06:57:26 +0000] "GET /wp-includes/SimplePie/XML/XML/index.php?ARRAY=7o2230223n313736323538383634362p2231223n22687474703n5p2s5p2s7n733439397631336o6s2r616p746s742r696r6o5p2s3s6p633q7068705s636s64655s6n6326743q313736323538353034362q6434633266336434623661663962626665376365323338666130353135313266222p2232223n226465626236623838646239643863626435616132366633643762326564633139222p2233223n226230376262633334336536623734656638363437613834613434343538353437222p226175746s5s66696p655s6r616q65223n6r756p6p2p226175746s5s70617373223n6r756p6p2p2262696r675s70617373223n2231382q34372q35332q36382q37362q38372q3136227q HTTP/1.0" 200 3996 "-" "-"
74.7.227.6 - - [08/Nov/2025:06:58:46 +0000] "GET /detail/666206968?fileloc=/var/www/vhosts/allende-losmares.com/httpdocs/php.ini&path=/var/www/vhosts/allende-losmares.com/httpdocs HTTP/1.0" 200 6568 "-" "Mozilla/5.0 AppleWebKit/537.36 (KHTML, like Gecko; compatible; GPTBot/1.2; +https://openai.com/gptbot)"
192.178.6.66 - - [08/Nov/2025:06:58:47 +0000] "GET /product/edit/m53321512012 HTTP/1.0" 200 28158 "-" "Mozilla/5.0 (Linux; Android 6.0.1; Nexus 5X Build/MMB29P) AppleWebKit/537.36 (KHTML, like Gecko) Chrome/141.0.7390.122 Mobile Safari/537.36 (compatible; Googlebot/2.1; +http://www.google.com/bot.html)"
74.7.227.6 - - [08/Nov/2025:06:58:47 +0000] "GET /detail/666224366?fileloc=/var/www/vhosts/allende-losmares.com/httpdocs/php.ini&path=/var/www/vhosts/allende-losmares.com/httpdocs HTTP/1.0" 200 6568 "-" "Mozilla/5.0 AppleWebKit/537.36 (KHTML, like Gecko; compatible; GPTBot/1.2; +https://openai.com/gptbot)"
18.205.91.101 - - [08/Nov/2025:06:58:48 +0000] "GET /navegar-en-velero-antartida/?fileloc=/var/www/vhosts/allende-losmares.com/httpdocs/wp-admin/includes/class-bulk-theme-upgrader-skin.php&path=/var/www/vhosts/allende-losmares.com/httpdocs/wp-admin/includes HTTP/1.0" 200 7523 "-" "Mozilla/5.0 AppleWebKit/537.36 (KHTML, like Gecko; compatible; Amazonbot/0.1; +https://developer.amazon.com/support/amazonbot) Chrome/119.0.6045.214 Safari/537.36"
74.7.227.6 - - [08/Nov/2025:06:58:48 +0000] "GET /detail/666247285?fileloc=/var/www/vhosts/allende-losmares.com/httpdocs/mah.php&path=/var/www/vhosts/allende-losmares.com/httpdocs HTTP/1.0" 200 7481 "-" "Mozilla/5.0 AppleWebKit/537.36 (KHTML, like Gecko; compatible; GPTBot/1.2; +https://openai.com/gptbot)"
74.7.227.6 - - [08/Nov/2025:06:58:50 +0000] "GET /detail/666284946?fileloc=/var/www/vhosts/allende-losmares.com/httpdocs/mah.php&path=/var/www/vhosts/allende-losmares.com/httpdocs HTTP/1.0" 200 7481 "-" "Mozilla/5.0 AppleWebKit/537.36 (KHTML, like Gecko; compatible; GPTBot/1.2; +https://openai.com/gptbot)"
74.7.227.6 - - [08/Nov/2025:06:58:51 +0000] "GET /detail/666284946?fileloc=/var/www/vhosts/allende-losmares.com/httpdocs/php.ini&path=/var/www/vhosts/allende-losmares.com/httpdocs HTTP/1.0" 200 6568 "-" "Mozilla/5.0 AppleWebKit/537.36 (KHTML, like Gecko; compatible; GPTBot/1.2; +https://openai.com/gptbot)"
74.7.227.6 - - [08/Nov/2025:06:58:52 +0000] "GET /detail/666312073?fileloc=/var/www/vhosts/allende-losmares.com/httpdocs/php.ini&path=/var/www/vhosts/allende-losmares.com/httpdocs HTTP/1.0" 200 6568 "-" "Mozilla/5.0 AppleWebKit/537.36 (KHTML, like Gecko; compatible; GPTBot/1.2; +https://openai.com/gptbot)"
54.197.82.195 - - [08/Nov/2025:06:58:53 +0000] "GET /navegar-en-velero-antartida/?fileloc=/var/www/vhosts/allende-losmares.com/httpdocs/wp-admin/includes/screen.php&path=/var/www/vhosts/allende-losmares.com/httpdocs/wp-admin/includes HTTP/1.0" 200 8307 "-" "Mozilla/5.0 AppleWebKit/537.36 (KHTML, like Gecko; compatible; Amazonbot/0.1; +https://developer.amazon.com/support/amazonbot) Chrome/119.0.6045.214 Safari/537.36"
74.7.227.6 - - [08/Nov/2025:06:58:53 +0000] "GET /detail/666247285?fileloc=/var/www/vhosts/allende-losmares.com/httpdocs/php.ini&path=/var/www/vhosts/allende-losmares.com/httpdocs HTTP/1.0" 200 6568 "-" "Mozilla/5.0 AppleWebKit/537.36 (KHTML, like Gecko; compatible; GPTBot/1.2; +https://openai.com/gptbot)"
74.7.227.6 - - [08/Nov/2025:06:58:54 +0000] "GET /detail/666224366?fileloc=/var/www/vhosts/allende-losmares.com/httpdocs/mah.php&path=/var/www/vhosts/allende-losmares.com/httpdocs HTTP/1.0" 200 7481 "-" "Mozilla/5.0 AppleWebKit/537.36 (KHTML, like Gecko; compatible; GPTBot/1.2; +https://openai.com/gptbot)"
74.7.227.6 - - [08/Nov/2025:06:58:55 +0000] "GET /detail/666261234?fileloc=/var/www/vhosts/allende-losmares.com/httpdocs/mah.php&path=/var/www/vhosts/allende-losmares.com/httpdocs HTTP/1.0" 200 7481 "-" "Mozilla/5.0 AppleWebKit/537.36 (KHTML, like Gecko; compatible; GPTBot/1.2; +https://openai.com/gptbot)"
100.29.155.89 - - [08/Nov/2025:06:58:55 +0000] "GET /detail/76219649?path=/var/www/vhosts/allende-losmares.com/httpdocs/wp-content/plugins/wp-file-manager/lib/codemirror/mode/verilog HTTP/1.0" 200 7066 "-" "Mozilla/5.0 AppleWebKit/537.36 (KHTML, like Gecko; compatible; Amazonbot/0.1; +https://developer.amazon.com/support/amazonbot) Chrome/119.0.6045.214 Safari/537.36"
47.128.124.8 - - [08/Nov/2025:06:58:56 +0000] "GET /tag/conciencia/?path=%2Fvar%2Fwww%2Fvhosts%2Fallende-losmares.com%2Fhttpdocs%2Fwp-includes%2Fblocks%2Fcomments-pagination HTTP/1.0" 200 7228 "-" "Mozilla/5.0 (Linux; Android 5.0) AppleWebKit/537.36 (KHTML, like Gecko) Mobile Safari/537.36 (compatible; Bytespider; spider-feedback@bytedance.com)"
192.178.6.66 - - [08/Nov/2025:06:58:56 +0000] "GET /category/133_192_3453/1/listing HTTP/1.0" 200 29347 "-" "Mozilla/5.0 (Linux; Android 6.0.1; Nexus 5X Build/MMB29P) AppleWebKit/537.36 (KHTML, like Gecko) Chrome/141.0.7390.122 Mobile Safari/537.36 (compatible; Googlebot/2.1; +http://www.google.com/bot.html)"
74.7.227.6 - - [08/Nov/2025:06:58:56 +0000] "GET /detail/666334474?fileloc=/var/www/vhosts/allende-losmares.com/httpdocs/mah.php&path=/var/www/vhosts/allende-losmares.com/httpdocs HTTP/1.0" 200 7481 "-" "Mozilla/5.0 AppleWebKit/537.36 (KHTML, like Gecko; compatible; GPTBot/1.2; +https://openai.com/gptbot)"
74.7.227.6 - - [08/Nov/2025:06:58:57 +0000] "GET /detail/666212768?fileloc=/var/www/vhosts/allende-losmares.com/httpdocs/mah.php&path=/var/www/vhosts/allende-losmares.com/httpdocs HTTP/1.0" 200 7481 "-" "Mozilla/5.0 AppleWebKit/537.36 (KHTML, like Gecko; compatible; GPTBot/1.2; +https://openai.com/gptbot)"
216.73.216.114 - - [08/Nov/2025:06:58:59 +0000] "GET /url%20=%3Cwidth%3Ex%3Cheight%3E%20%22optional%20title%22?fileloc=%2Fvar%2Fwww%2Fvhosts%2Fallende-losmares.com%2Fhttpdocs%2Fwp-content%2Fplugins%2Fwp-file-manager%2Flib%2Fimg%2Fcrop.gif&path=%2Fvar%2Fwww%2Fvhosts%2Fallende-losmares.com%2Fhttpdocs%2Fwp-content%2Fplugins%2Fwp-file-manager%2Flib%2Fimg HTTP/1.0" 200 6611 "-" "Mozilla/5.0 AppleWebKit/537.36 (KHTML, like Gecko; compatible; ClaudeBot/1.0; +claudebot@anthropic.com)"
74.7.227.6 - - [08/Nov/2025:06:58:59 +0000] "GET /detail/666179863?fileloc=/var/www/vhosts/allende-losmares.com/httpdocs/mah.php&path=/var/www/vhosts/allende-losmares.com/httpdocs HTTP/1.0" 200 7481 "-" "Mozilla/5.0 AppleWebKit/537.36 (KHTML, like Gecko; compatible; GPTBot/1.2; +https://openai.com/gptbot)"
216.73.216.114 - - [08/Nov/2025:06:58:59 +0000] "GET /url%20=%3Cwidth%3Ex%3Cheight%3E%20%22optional%20title%22?path=%2Fvar%2Fwww%2Fvhosts%2Fallende-losmares.com%2Fhttpdocs%2Fwp-content%2Fplugins%2Fwp-file-manager%2Flib%2Fthemes%2Flight HTTP/1.0" 200 7003 "-" "Mozilla/5.0 AppleWebKit/537.36 (KHTML, like Gecko; compatible; ClaudeBot/1.0; +claudebot@anthropic.com)"
216.73.216.114 - - [08/Nov/2025:06:58:59 +0000] "GET /url%20=%3Cwidth%3Ex%3Cheight%3E%20%22optional%20title%22?fileloc=%2Fvar%2Fwww%2Fvhosts%2Fallende-losmares.com%2Fhttpdocs%2Fwp-content%2Fplugins%2Fachyjidazh%2Fassets%2Fjs%2Fumamop.js&path=%2Fvar%2Fwww%2Fvhosts%2Fallende-losmares.com%2Fhttpdocs%2Fwp-content%2Fplugins%2Fachyjidazh%2Fassets%2Fjs HTTP/1.0" 200 6614 "-" "Mozilla/5.0 AppleWebKit/537.36 (KHTML, like Gecko; compatible; ClaudeBot/1.0; +claudebot@anthropic.com)"
74.7.227.6 - - [08/Nov/2025:06:59:00 +0000] "GET /detail/666212768?fileloc=/var/www/vhosts/allende-losmares.com/httpdocs/robots.txt&path=/var/www/vhosts/allende-losmares.com/httpdocs HTTP/1.0" 200 6610 "-" "Mozilla/5.0 AppleWebKit/537.36 (KHTML, like Gecko; compatible; GPTBot/1.2; +https://openai.com/gptbot)"
216.73.216.114 - - [08/Nov/2025:06:59:00 +0000] "GET /url%20=%3Cwidth%3Ex%3Cheight%3E%20%22optional%20title%22?path=%2Fvar%2Fwww%2Fvhosts%2Fallende-losmares.com%2Fhttpdocs%2Fwp-content%2Fplugins%2Fwp-file-manager%2Flib%2Fjs%2Fi18n HTTP/1.0" 200 8423 "-" "Mozilla/5.0 AppleWebKit/537.36 (KHTML, like Gecko; compatible; ClaudeBot/1.0; +claudebot@anthropic.com)"
52.70.209.13 - - [08/Nov/2025:06:59:00 +0000] "GET /viaje-en-solitario-de-ustica-venecia-italia-33-isole/?fileloc=/var/www/vhosts/allende-losmares.com/httpdocs/wp-includes/blocks/query/editor-rtl.css&path=/var/www/vhosts/allende-losmares.com/httpdocs/wp-includes/blocks/query HTTP/1.0" 200 7669 "-" "Mozilla/5.0 AppleWebKit/537.36 (KHTML, like Gecko; compatible; Amazonbot/0.1; +https://developer.amazon.com/support/amazonbot) Chrome/119.0.6045.214 Safari/537.36"
74.7.227.6 - - [08/Nov/2025:06:59:01 +0000] "GET /detail/666261234?fileloc=/var/www/vhosts/allende-losmares.com/httpdocs/robots.txt&path=/var/www/vhosts/allende-losmares.com/httpdocs HTTP/1.0" 200 6610 "-" "Mozilla/5.0 AppleWebKit/537.36 (KHTML, like Gecko; compatible; GPTBot/1.2; +https://openai.com/gptbot)"
57.141.0.23 - - [08/Nov/2025:06:59:01 +0000] "GET /detail/673513304 HTTP/1.0" 200 84831 "-" "meta-externalagent/1.1 (+https://developers.facebook.com/docs/sharing/webmasters/crawler)"
74.7.227.6 - - [08/Nov/2025:06:59:02 +0000] "GET /detail/666188811?fileloc=/var/www/vhosts/allende-losmares.com/httpdocs/robots.txt&path=/var/www/vhosts/allende-losmares.com/httpdocs HTTP/1.0" 200 6610 "-" "Mozilla/5.0 AppleWebKit/537.36 (KHTML, like Gecko; compatible; GPTBot/1.2; +https://openai.com/gptbot)"
184.73.167.217 - - [08/Nov/2025:06:59:03 +0000] "GET /detail/448023123?path=/var/www/vhosts/allende-losmares.com/httpdocs/wp-content/plugins/astra-addon/classes/builder/type HTTP/1.0" 200 7005 "-" "Mozilla/5.0 AppleWebKit/537.36 (KHTML, like Gecko; compatible; Amazonbot/0.1; +https://developer.amazon.com/support/amazonbot) Chrome/119.0.6045.214 Safari/537.36"
74.7.227.6 - - [08/Nov/2025:06:59:03 +0000] "GET /detail/666334474?fileloc=/var/www/vhosts/allende-losmares.com/httpdocs/robots.txt&path=/var/www/vhosts/allende-losmares.com/httpdocs HTTP/1.0" 200 6610 "-" "Mozilla/5.0 AppleWebKit/537.36 (KHTML, like Gecko; compatible; GPTBot/1.2; +https://openai.com/gptbot)"
74.7.227.6 - - [08/Nov/2025:06:59:05 +0000] "GET /detail/666162995?fileloc=/var/www/vhosts/allende-losmares.com/httpdocs/robots.txt&path=/var/www/vhosts/allende-losmares.com/httpdocs HTTP/1.0" 200 6610 "-" "Mozilla/5.0 AppleWebKit/537.36 (KHTML, like Gecko; compatible; GPTBot/1.2; +https://openai.com/gptbot)"
192.178.6.66 - - [08/Nov/2025:06:59:05 +0000] "GET /detail/642557699 HTTP/1.0" 200 28801 "-" "Mozilla/5.0 (Linux; Android 6.0.1; Nexus 5X Build/MMB29P) AppleWebKit/537.36 (KHTML, like Gecko) Chrome/141.0.7390.122 Mobile Safari/537.36 (compatible; Googlebot/2.1; +http://www.google.com/bot.html)"
