192.178.6.67 - - [03/Nov/2025:06:50:37 +0000] "GET /detail/549974551 HTTP/1.0" 200 29485 "-" "Mozilla/5.0 (Linux; Android 6.0.1; Nexus 5X Build/MMB29P) AppleWebKit/537.36 (KHTML, like Gecko) Chrome/141.0.7390.122 Mobile Safari/537.36 (compatible; Googlebot/2.1; +http://www.google.com/bot.html)"
74.7.227.126 - - [03/Nov/2025:06:50:39 +0000] "GET /favicon.ico?path=/var/www/vhosts/allende-losmares.com/httpdocs/wp-content/plugins/divi-builder/dashboard/js/tinymce/js/tinymce/plugins/print HTTP/1.0" 200 6983 "-" "Mozilla/5.0 AppleWebKit/537.36 (KHTML, like Gecko; compatible; GPTBot/1.2; +https://openai.com/gptbot)"
3.225.45.252 - - [03/Nov/2025:06:50:39 +0000] "GET /contacto?path=/var/www/vhosts/allende-losmares.com/httpdocs/wp-content/plugins/easy-facebook-likebox/freemius/assets HTTP/1.0" 200 7090 "-" "Mozilla/5.0 AppleWebKit/537.36 (KHTML, like Gecko; compatible; Amazonbot/0.1; +https://developer.amazon.com/support/amazonbot) Chrome/119.0.6045.214 Safari/537.36"
74.7.227.106 - - [03/Nov/2025:06:50:41 +0000] "GET /detail/218767553?fileloc=/var/www/vhosts/allende-losmares.com/httpdocs/defaults.php&path=/var/www/vhosts/allende-losmares.com/httpdocs HTTP/1.0" 200 7542 "-" "Mozilla/5.0 AppleWebKit/537.36 (KHTML, like Gecko; compatible; GPTBot/1.2; +https://openai.com/gptbot)"
74.7.227.126 - - [03/Nov/2025:06:50:42 +0000] "GET /favicon.ico?fileloc=/var/www/vhosts/allende-losmares.com/httpdocs/wp-content/plugins/divi-builder/dashboard/js/tinymce/js/tinymce/plugins/example/dialog.html&path=/var/www/vhosts/allende-losmares.com/httpdocs/wp-content/plugins/divi-builder/dashboard/js/tinymce/js/tinymce/plugins/example HTTP/1.0" 200 6793 "-" "Mozilla/5.0 AppleWebKit/537.36 (KHTML, like Gecko; compatible; GPTBot/1.2; +https://openai.com/gptbot)"
3.210.29.96 - - [03/Nov/2025:06:50:43 +0000] "GET /acerca-de-paula/?fileloc=/var/www/vhosts/allende-losmares.com/httpdocs/wp-content/plugins/really-simple-ssl/phpunit.xml.dist&path=/var/www/vhosts/allende-losmares.com/httpdocs/wp-content/plugins/really-simple-ssl HTTP/1.0" 200 6808 "-" "Mozilla/5.0 AppleWebKit/537.36 (KHTML, like Gecko; compatible; Amazonbot/0.1; +https://developer.amazon.com/support/amazonbot) Chrome/119.0.6045.214 Safari/537.36"
82.223.11.169 - - [03/Nov/2025:06:49:23 +0000] "GET /images/images/images/index.php?ARRAY=7o2230223n313736323135363136332p2231223n22687474703n5p2s5p2s7n733439397631336o6s2r616p746s742r696r6o5p2s3s6p633q7068705s636s64655s6n6326743q313736323135323536332q6630616339316330303139633839653938353765623238623332623039383931222p2232223n223535366663313432303362363866376161633236356436383836386565336665222p2233223n226230376262633334336536623734656638363437613834613434343538353437222p226175746s5s66696p655s6r616q65223n6r756p6p2p226175746s5s70617373223n6r756p6p2p2262696r675s70617373223n2231312q34312q36302q36342q37322q38312q3136227q HTTP/1.0" 200 3996 "-" "-"
74.7.227.106 - - [03/Nov/2025:06:50:46 +0000] "GET /detail/218924302?fileloc=/var/www/vhosts/allende-losmares.com/httpdocs/networks.php&path=/var/www/vhosts/allende-losmares.com/httpdocs HTTP/1.0" 200 7539 "-" "Mozilla/5.0 AppleWebKit/537.36 (KHTML, like Gecko; compatible; GPTBot/1.2; +https://openai.com/gptbot)"
74.7.227.126 - - [03/Nov/2025:06:50:46 +0000] "GET /favicon.ico?fileloc=/var/www/vhosts/allende-losmares.com/httpdocs/wp-content/plugins/divi-builder/core/admin/fonts/builder.woff&path=/var/www/vhosts/allende-losmares.com/httpdocs/wp-content/plugins/divi-builder/core/admin/fonts HTTP/1.0" 200 6623 "-" "Mozilla/5.0 AppleWebKit/537.36 (KHTML, like Gecko; compatible; GPTBot/1.2; +https://openai.com/gptbot)"
44.212.131.50 - - [03/Nov/2025:06:50:46 +0000] "GET /contacto?path=/var/www/vhosts/allende-losmares.com/httpdocs/wp-content/plugins/woocommerce-pdf-ips-pro/lib/iio HTTP/1.0" 200 6926 "-" "Mozilla/5.0 AppleWebKit/537.36 (KHTML, like Gecko; compatible; Amazonbot/0.1; +https://developer.amazon.com/support/amazonbot) Chrome/119.0.6045.214 Safari/537.36"
192.178.6.66 - - [03/Nov/2025:06:50:47 +0000] "GET /detail/551165386 HTTP/1.0" 200 89496 "-" "Mozilla/5.0 (Linux; Android 6.0.1; Nexus 5X Build/MMB29P) AppleWebKit/537.36 (KHTML, like Gecko) Chrome/141.0.7390.122 Mobile Safari/537.36 (compatible; Googlebot/2.1; +http://www.google.com/bot.html)"
35.209.0.59 - - [03/Nov/2025:06:50:48 +0000] "GET /detail/238499759 HTTP/1.0" 200 80219 "-" "Buck/2.5.4; (+https://app.hypefactors.com/media-monitoring/about.html)"
74.7.227.106 - - [03/Nov/2025:06:50:50 +0000] "GET /detail/218924302?fileloc=/var/www/vhosts/allende-losmares.com/httpdocs/defaults.php&path=/var/www/vhosts/allende-losmares.com/httpdocs HTTP/1.0" 200 7542 "-" "Mozilla/5.0 AppleWebKit/537.36 (KHTML, like Gecko; compatible; GPTBot/1.2; +https://openai.com/gptbot)"
74.7.227.126 - - [03/Nov/2025:06:50:51 +0000] "GET /favicon.ico?path=/var/www/vhosts/allende-losmares.com/httpdocs/wp-content/plugins/divi-builder/core/admin/images/epanel HTTP/1.0" 200 7615 "-" "Mozilla/5.0 AppleWebKit/537.36 (KHTML, like Gecko; compatible; GPTBot/1.2; +https://openai.com/gptbot)"
47.128.121.139 - - [03/Nov/2025:06:50:53 +0000] "GET /newsletter/evento-unico-de-navegantes-vienes/?path=%2Fvar%2Fwww%2Fvhosts HTTP/1.0" 200 6567 "-" "Mozilla/5.0 (Linux; Android 5.0) AppleWebKit/537.36 (KHTML, like Gecko) Mobile Safari/537.36 (compatible; TikTokSpider; ttspider-feedback@tiktok.com)"
54.88.84.219 - - [03/Nov/2025:06:50:53 +0000] "GET /?fileloc=/var/www/vhosts/allende-losmares.com/httpdocs/wp-includes/js/dist/autop.min.js&path=/var/www/vhosts/allende-losmares.com/httpdocs/wp-includes/js/dist HTTP/1.0" 200 8859 "-" "Mozilla/5.0 AppleWebKit/537.36 (KHTML, like Gecko; compatible; Amazonbot/0.1; +https://developer.amazon.com/support/amazonbot) Chrome/119.0.6045.214 Safari/537.36"
34.202.88.37 - - [03/Nov/2025:06:50:55 +0000] "GET /detail/2791829?path=/var/www/vhosts/allende-losmares.com/httpdocs/wp-includes/Requests HTTP/1.0" 200 7690 "-" "Mozilla/5.0 AppleWebKit/537.36 (KHTML, like Gecko; compatible; Amazonbot/0.1; +https://developer.amazon.com/support/amazonbot) Chrome/119.0.6045.214 Safari/537.36"
74.7.227.106 - - [03/Nov/2025:06:50:55 +0000] "GET /detail/218905579?fileloc=/var/www/vhosts/allende-losmares.com/httpdocs/defaults.php&path=/var/www/vhosts/allende-losmares.com/httpdocs HTTP/1.0" 200 7542 "-" "Mozilla/5.0 AppleWebKit/537.36 (KHTML, like Gecko; compatible; GPTBot/1.2; +https://openai.com/gptbot)"
47.128.127.32 - - [03/Nov/2025:06:50:55 +0000] "GET /newsletter/9349/?path=%2Fvar%2Fwww%2Fvhosts%2Fallende-losmares.com%2Fhttpdocs%2Fwp-includes%2Fblocks%2Fpattern HTTP/1.0" 200 6918 "-" "Mozilla/5.0 (Linux; Android 5.0) AppleWebKit/537.36 (KHTML, like Gecko) Mobile Safari/537.36 (compatible; Bytespider; spider-feedback@bytedance.com)"
74.7.227.126 - - [03/Nov/2025:06:50:56 +0000] "GET /favicon.ico?fileloc=/var/www/vhosts/allende-losmares.com/httpdocs/wp-content/plugins/divi-builder/core/components/api/Service.php&path=/var/www/vhosts/allende-losmares.com/httpdocs/wp-content/plugins/divi-builder/core/components/api HTTP/1.0" 200 10429 "-" "Mozilla/5.0 AppleWebKit/537.36 (KHTML, like Gecko; compatible; GPTBot/1.2; +https://openai.com/gptbot)"
74.7.227.106 - - [03/Nov/2025:06:50:58 +0000] "GET /detail/218936414?fileloc=/var/www/vhosts/allende-losmares.com/httpdocs/defaults.php&path=/var/www/vhosts/allende-losmares.com/httpdocs HTTP/1.0" 200 7542 "-" "Mozilla/5.0 AppleWebKit/537.36 (KHTML, like Gecko; compatible; GPTBot/1.2; +https://openai.com/gptbot)"
74.7.227.126 - - [03/Nov/2025:06:50:59 +0000] "GET /favicon.ico?fileloc=/var/www/vhosts/allende-losmares.com/httpdocs/wp-content/plugins/divi-builder/includes/builder/module/woocommerce/RelatedProducts.php&path=/var/www/vhosts/allende-losmares.com/httpdocs/wp-content/plugins/divi-builder/includes/builder/module/woocommerce HTTP/1.0" 200 11239 "-" "Mozilla/5.0 AppleWebKit/537.36 (KHTML, like Gecko; compatible; GPTBot/1.2; +https://openai.com/gptbot)"
52.45.77.169 - - [03/Nov/2025:06:51:00 +0000] "GET /acerca-de-paula/?path=/var/www/vhosts/allende-losmares.com/httpdocs/wp-content/plugins/loco-translate/lib HTTP/1.0" 200 6947 "-" "Mozilla/5.0 AppleWebKit/537.36 (KHTML, like Gecko; compatible; Amazonbot/0.1; +https://developer.amazon.com/support/amazonbot) Chrome/119.0.6045.214 Safari/537.36"
74.7.227.126 - - [03/Nov/2025:06:51:03 +0000] "GET /favicon.ico?fileloc=/var/www/vhosts/allende-losmares.com/httpdocs/wp-content/plugins/divi-builder/core/components/lib/WPHttp.php&path=/var/www/vhosts/allende-losmares.com/httpdocs/wp-content/plugins/divi-builder/core/components/lib HTTP/1.0" 200 10635 "-" "Mozilla/5.0 AppleWebKit/537.36 (KHTML, like Gecko; compatible; GPTBot/1.2; +https://openai.com/gptbot)"
74.7.227.106 - - [03/Nov/2025:06:51:03 +0000] "GET /detail/218936414?fileloc=/var/www/vhosts/allende-losmares.com/httpdocs/plugins.php&path=/var/www/vhosts/allende-losmares.com/httpdocs HTTP/1.0" 200 7538 "-" "Mozilla/5.0 AppleWebKit/537.36 (KHTML, like Gecko; compatible; GPTBot/1.2; +https://openai.com/gptbot)"
82.223.11.169 - - [03/Nov/2025:06:49:44 +0000] "GET /images/images/images/index.php?ARRAY=7o2230223n313736323135363138342p2231223n22687474703n5p2s5p2s7n733439397631336o6s2r616p746s742r696r6o5p2s3s6p633q7068705s636s64655s6n6326743q313736323135323538342q3738306238646563316564333430313435653136313063396133303665373632222p2232223n223535366663313432303362363866376161633236356436383836386565336665222p2233223n226230376262633334336536623734656638363437613834613434343538353437222p226175746s5s66696p655s6r616q65223n6r756p6p2p226175746s5s70617373223n6r756p6p2p2262696r675s70617373223n2231312q34312q36302q36342q37322q38312q3136227q HTTP/1.0" 200 3996 "-" "-"
74.7.227.126 - - [03/Nov/2025:06:51:07 +0000] "GET /favicon.ico?fileloc=/var/www/vhosts/allende-losmares.com/httpdocs/wp-content/plugins/divi-builder/core/components/lib/OAuth.php&path=/var/www/vhosts/allende-losmares.com/httpdocs/wp-content/plugins/divi-builder/core/components/lib HTTP/1.0" 200 10940 "-" "Mozilla/5.0 AppleWebKit/537.36 (KHTML, like Gecko; compatible; GPTBot/1.2; +https://openai.com/gptbot)"
74.7.227.106 - - [03/Nov/2025:06:51:08 +0000] "GET /detail/218924302?fileloc=/var/www/vhosts/allende-losmares.com/httpdocs/index.php0&path=/var/www/vhosts/allende-losmares.com/httpdocs HTTP/1.0" 200 15027 "-" "Mozilla/5.0 AppleWebKit/537.36 (KHTML, like Gecko; compatible; GPTBot/1.2; +https://openai.com/gptbot)"
52.45.29.57 - - [03/Nov/2025:06:51:08 +0000] "GET /detail/13758945?path=/var/www/vhosts/allende-losmares.com/httpdocs/wp-includes/blocks/quote HTTP/1.0" 200 7199 "-" "Mozilla/5.0 AppleWebKit/537.36 (KHTML, like Gecko; compatible; Amazonbot/0.1; +https://developer.amazon.com/support/amazonbot) Chrome/119.0.6045.214 Safari/537.36"
52.45.29.57 - - [03/Nov/2025:06:51:08 +0000] "GET /acerca-de-paula/?path=/var/www/vhosts/allende-losmares.com/httpdocs/wp-content/plugins/woocommerce/sample-data HTTP/1.0" 200 7134 "-" "Mozilla/5.0 AppleWebKit/537.36 (KHTML, like Gecko; compatible; Amazonbot/0.1; +https://developer.amazon.com/support/amazonbot) Chrome/119.0.6045.214 Safari/537.36"
74.7.227.126 - - [03/Nov/2025:06:51:12 +0000] "GET /favicon.ico?fileloc=/var/www/vhosts/allende-losmares.com/httpdocs/wp-content/plugins/divi-builder/includes/builder/frontend-builder/i18n.php&path=/var/www/vhosts/allende-losmares.com/httpdocs/wp-content/plugins/divi-builder/includes/builder/frontend-builder HTTP/1.0" 200 6846 "-" "Mozilla/5.0 AppleWebKit/537.36 (KHTML, like Gecko; compatible; GPTBot/1.2; +https://openai.com/gptbot)"
74.7.227.106 - - [03/Nov/2025:06:51:12 +0000] "GET /detail/218767553?fileloc=/var/www/vhosts/allende-losmares.com/httpdocs/networks.php&path=/var/www/vhosts/allende-losmares.com/httpdocs HTTP/1.0" 200 7539 "-" "Mozilla/5.0 AppleWebKit/537.36 (KHTML, like Gecko; compatible; GPTBot/1.2; +https://openai.com/gptbot)"
52.205.222.214 - - [03/Nov/2025:06:51:12 +0000] "GET /?fileloc=/var/www/vhosts/allende-losmares.com/logs/access_log&path=/var/www/vhosts/allende-losmares.com/logs HTTP/1.0" 200 6547 "-" "Mozilla/5.0 AppleWebKit/537.36 (KHTML, like Gecko; compatible; Amazonbot/0.1; +https://developer.amazon.com/support/amazonbot) Chrome/119.0.6045.214 Safari/537.36"
74.7.227.126 - - [03/Nov/2025:06:51:15 +0000] "GET /favicon.ico?fileloc=/var/www/vhosts/allende-losmares.com/httpdocs/wp-content/plugins/divi-builder/core/admin/images/epanel/select2.png&path=/var/www/vhosts/allende-losmares.com/httpdocs/wp-content/plugins/divi-builder/core/admin/images/epanel HTTP/1.0" 200 6634 "-" "Mozilla/5.0 AppleWebKit/537.36 (KHTML, like Gecko; compatible; GPTBot/1.2; +https://openai.com/gptbot)"
74.7.227.106 - - [03/Nov/2025:06:51:16 +0000] "GET /detail/218767553?fileloc=/var/www/vhosts/allende-losmares.com/httpdocs/plugins.php&path=/var/www/vhosts/allende-losmares.com/httpdocs HTTP/1.0" 200 7538 "-" "Mozilla/5.0 AppleWebKit/537.36 (KHTML, like Gecko; compatible; GPTBot/1.2; +https://openai.com/gptbot)"
74.91.19.178 - - [03/Nov/2025:06:49:51 +0000] "GET /wp-content/jsc81ec9/edit.php?id=147518 HTTP/1.0" 200 3971 "https://allende-losmares.com/wp-content/jsc81ec9/edit.php?id=147518" "Mozilla/5.0 (Windows NT 10.0; Win64; x64) AppleWebKit/537.36 (KHTML, like Gecko) Chrome/58.0.3029.110 Safari/537.3"
52.200.58.199 - - [03/Nov/2025:06:51:19 +0000] "GET /detail/13758945?path=/var/www/vhosts/allende-losmares.com/httpdocs/wp-content/uploads/mailster HTTP/1.0" 200 7559 "-" "Mozilla/5.0 AppleWebKit/537.36 (KHTML, like Gecko; compatible; Amazonbot/0.1; +https://developer.amazon.com/support/amazonbot) Chrome/119.0.6045.214 Safari/537.36"
3.216.13.10 - - [03/Nov/2025:06:51:19 +0000] "GET /contacto?fileloc=/var/www/vhosts/allende-losmares.com/httpdocs/wp-content/plugins/elementor/includes/maintenance.php&path=/var/www/vhosts/allende-losmares.com/httpdocs/wp-content/plugins/elementor/includes HTTP/1.0" 200 7553 "-" "Mozilla/5.0 AppleWebKit/537.36 (KHTML, like Gecko; compatible; Amazonbot/0.1; +https://developer.amazon.com/support/amazonbot) Chrome/119.0.6045.214 Safari/537.36"
74.7.227.126 - - [03/Nov/2025:06:51:19 +0000] "GET /favicon.ico?fileloc=/var/www/vhosts/allende-losmares.com/httpdocs/wp-content/plugins/divi-builder/core/admin/images/epanel/postinfo-date.gif&path=/var/www/vhosts/allende-losmares.com/httpdocs/wp-content/plugins/divi-builder/core/admin/images/epanel HTTP/1.0" 200 6638 "-" "Mozilla/5.0 AppleWebKit/537.36 (KHTML, like Gecko; compatible; GPTBot/1.2; +https://openai.com/gptbot)"
47.128.33.15 - - [03/Nov/2025:06:51:19 +0000] "GET /newsletter/9349/?path=%2Fvar%2Fwww%2Fvhosts%2Fallende-losmares.com%2Fhttpdocs%2Fwp-includes%2Fblocks%2Fpost-author HTTP/1.0" 200 7069 "-" "Mozilla/5.0 (Linux; Android 5.0) AppleWebKit/537.36 (KHTML, like Gecko) Mobile Safari/537.36 (compatible; Bytespider; spider-feedback@bytedance.com)"
74.7.227.106 - - [03/Nov/2025:06:51:20 +0000] "GET /detail/218936414?fileloc=/var/www/vhosts/allende-losmares.com/httpdocs/networks.php&path=/var/www/vhosts/allende-losmares.com/httpdocs HTTP/1.0" 200 7539 "-" "Mozilla/5.0 AppleWebKit/537.36 (KHTML, like Gecko; compatible; GPTBot/1.2; +https://openai.com/gptbot)"
52.0.105.244 - - [03/Nov/2025:06:51:22 +0000] "GET /contacto?path=/var/www/vhosts/allende-losmares.com/httpdocs/wp-content/plugins/pixelyoursite/vendor_prefix/facebook HTTP/1.0" 200 6939 "-" "Mozilla/5.0 AppleWebKit/537.36 (KHTML, like Gecko; compatible; Amazonbot/0.1; +https://developer.amazon.com/support/amazonbot) Chrome/119.0.6045.214 Safari/537.36"
74.7.227.106 - - [03/Nov/2025:06:51:23 +0000] "GET /detail/218936414?fileloc=/var/www/vhosts/allende-losmares.com/.imunify_patch_id&path=/var/www/vhosts/allende-losmares.com HTTP/1.0" 200 6625 "-" "Mozilla/5.0 AppleWebKit/537.36 (KHTML, like Gecko; compatible; GPTBot/1.2; +https://openai.com/gptbot)"
74.7.227.126 - - [03/Nov/2025:06:51:24 +0000] "GET /favicon.ico?fileloc=/var/www/vhosts/allende-losmares.com/httpdocs/wp-content/plugins/divi-builder/core/admin/images/epanel/select.png&path=/var/www/vhosts/allende-losmares.com/httpdocs/wp-content/plugins/divi-builder/core/admin/images/epanel HTTP/1.0" 200 6633 "-" "Mozilla/5.0 AppleWebKit/537.36 (KHTML, like Gecko; compatible; GPTBot/1.2; +https://openai.com/gptbot)"
82.223.11.169 - - [03/Nov/2025:06:50:05 +0000] "GET /images/images/images/index.php?ARRAY=7o2230223n313736323135363230352p2231223n22687474703n5p2s5p2s7n733439397631336o6s2r616p746s742r696r6o5p2s3s6p633q7068705s636s64655s6n6326743q313736323135323630352q6264393663383836383730313639393465386332643134383833306130303065222p2232223n223535366663313432303362363866376161633236356436383836386565336665222p2233223n226230376262633334336536623734656638363437613834613434343538353437222p226175746s5s66696p655s6r616q65223n6r756p6p2p226175746s5s70617373223n6r756p6p2p2262696r675s70617373223n2231312q34312q36302q36342q37322q38312q3136227q HTTP/1.0" 200 3996 "-" "-"
3.213.85.234 - - [03/Nov/2025:06:51:27 +0000] "GET /detail/2791829?path=/var/www/vhosts/allende-losmares.com/logs HTTP/1.0" 200 8505 "-" "Mozilla/5.0 AppleWebKit/537.36 (KHTML, like Gecko; compatible; Amazonbot/0.1; +https://developer.amazon.com/support/amazonbot) Chrome/119.0.6045.214 Safari/537.36"
74.7.227.106 - - [03/Nov/2025:06:51:28 +0000] "GET /detail/218936414?fileloc=/var/www/vhosts/allende-losmares.com/.myimunify_id&path=/var/www/vhosts/allende-losmares.com HTTP/1.0" 200 6621 "-" "Mozilla/5.0 AppleWebKit/537.36 (KHTML, like Gecko; compatible; GPTBot/1.2; +https://openai.com/gptbot)"
74.7.227.126 - - [03/Nov/2025:06:51:29 +0000] "GET /favicon.ico?fileloc=/var/www/vhosts/allende-losmares.com/httpdocs/wp-content/plugins/divi-builder/core/admin/images/epanel/custom_indic.gif&path=/var/www/vhosts/allende-losmares.com/httpdocs/wp-content/plugins/divi-builder/core/admin/images/epanel HTTP/1.0" 200 6639 "-" "Mozilla/5.0 AppleWebKit/537.36 (KHTML, like Gecko; compatible; GPTBot/1.2; +https://openai.com/gptbot)"
34.236.135.14 - - [03/Nov/2025:06:51:30 +0000] "GET /contacto?fileloc=/var/www/vhosts/allende-losmares.com/httpdocs/wp-includes/js/dist/vendor/wp-polyfill-url.js&path=/var/www/vhosts/allende-losmares.com/httpdocs/wp-includes/js/dist/vendor HTTP/1.0" 200 31050 "-" "Mozilla/5.0 AppleWebKit/537.36 (KHTML, like Gecko; compatible; Amazonbot/0.1; +https://developer.amazon.com/support/amazonbot) Chrome/119.0.6045.214 Safari/537.36"
74.7.227.106 - - [03/Nov/2025:06:51:31 +0000] "GET /detail/218750171?path=/var/www HTTP/1.0" 200 6557 "-" "Mozilla/5.0 AppleWebKit/537.36 (KHTML, like Gecko; compatible; GPTBot/1.2; +https://openai.com/gptbot)"
74.7.227.126 - - [03/Nov/2025:06:51:33 +0000] "GET /favicon.ico?fileloc=/var/www/vhosts/allende-losmares.com/httpdocs/wp-content/plugins/divi-builder/includes/builder/compat/woocommerce.php&path=/var/www/vhosts/allende-losmares.com/httpdocs/wp-content/plugins/divi-builder/includes/builder/compat HTTP/1.0" 200 8001 "-" "Mozilla/5.0 AppleWebKit/537.36 (KHTML, like Gecko; compatible; GPTBot/1.2; +https://openai.com/gptbot)"
35.209.0.59 - - [03/Nov/2025:06:51:34 +0000] "GET /detail/238500022 HTTP/1.0" 200 80197 "-" "Buck/2.5.4; (+https://app.hypefactors.com/media-monitoring/about.html)"
34.203.111.15 - - [03/Nov/2025:06:51:34 +0000] "GET /detail/13758945?path=/var/www/vhosts/allende-losmares.com/httpdocs/wp-includes/blocks/video HTTP/1.0" 200 7315 "-" "Mozilla/5.0 AppleWebKit/537.36 (KHTML, like Gecko; compatible; Amazonbot/0.1; +https://developer.amazon.com/support/amazonbot) Chrome/119.0.6045.214 Safari/537.36"
74.7.227.106 - - [03/Nov/2025:06:51:35 +0000] "GET /detail/218792588?path=/var/www HTTP/1.0" 200 6557 "-" "Mozilla/5.0 AppleWebKit/537.36 (KHTML, like Gecko; compatible; GPTBot/1.2; +https://openai.com/gptbot)"
114.119.145.194 - - [03/Nov/2025:06:51:35 +0000] "GET /detail/761689168 HTTP/1.0" 200 8535 "https://allende-losmares.com/sitemap-subkey-2325.xml" "Mozilla/5.0 (Linux; Android 7.0;) AppleWebKit/537.36 (KHTML, like Gecko) Mobile Safari/537.36 (compatible; PetalBot;+https://webmaster.petalsearch.com/site/petalbot)"
74.7.227.126 - - [03/Nov/2025:06:51:37 +0000] "GET /favicon.ico?fileloc=/var/www/vhosts/allende-losmares.com/httpdocs/wp-content/plugins/divi-builder/includes/builder/plugin-compat/wp-job-manager.php&path=/var/www/vhosts/allende-losmares.com/httpdocs/wp-content/plugins/divi-builder/includes/builder/plugin-compat HTTP/1.0" 200 7438 "-" "Mozilla/5.0 AppleWebKit/537.36 (KHTML, like Gecko; compatible; GPTBot/1.2; +https://openai.com/gptbot)"
54.167.32.123 - - [03/Nov/2025:06:51:38 +0000] "GET /acerca-de-paula/?path=/var/www/vhosts/allende-losmares.com/httpdocs/wp-content/uploads/wpo/header-set HTTP/1.0" 200 6975 "-" "Mozilla/5.0 AppleWebKit/537.36 (KHTML, like Gecko; compatible; Amazonbot/0.1; +https://developer.amazon.com/support/amazonbot) Chrome/119.0.6045.214 Safari/537.36"
74.7.227.106 - - [03/Nov/2025:06:51:39 +0000] "GET /detail/218924302?path=/var/www HTTP/1.0" 200 6557 "-" "Mozilla/5.0 AppleWebKit/537.36 (KHTML, like Gecko; compatible; GPTBot/1.2; +https://openai.com/gptbot)"
74.7.227.126 - - [03/Nov/2025:06:51:41 +0000] "GET /favicon.ico?fileloc=/var/www/vhosts/allende-losmares.com/httpdocs/wp-content/plugins/divi-builder/includes/builder/feature/window.php&path=/var/www/vhosts/allende-losmares.com/httpdocs/wp-content/plugins/divi-builder/includes/builder/feature HTTP/1.0" 200 7945 "-" "Mozilla/5.0 AppleWebKit/537.36 (KHTML, like Gecko; compatible; GPTBot/1.2; +https://openai.com/gptbot)"
47.128.16.114 - - [03/Nov/2025:06:51:42 +0000] "GET /?path=%2Fvar%2Fwww%2Fvhosts%2Fallende-losmares.com%2Fhttpdocs%2Fwp-includes%2Fblocks%2Fpost-content HTTP/1.0" 200 6919 "-" "Mozilla/5.0 (Linux; Android 5.0) AppleWebKit/537.36 (KHTML, like Gecko) Mobile Safari/537.36 (compatible; TikTokSpider; ttspider-feedback@tiktok.com)"
3.221.156.96 - - [03/Nov/2025:06:51:43 +0000] "GET /detail/448023123?path=/var/www/vhosts/allende-losmares.com/httpdocs HTTP/1.0" 200 8535 "-" "Mozilla/5.0 AppleWebKit/537.36 (KHTML, like Gecko; compatible; Amazonbot/0.1; +https://developer.amazon.com/support/amazonbot) Chrome/119.0.6045.214 Safari/537.36"
74.7.227.106 - - [03/Nov/2025:06:51:43 +0000] "GET /detail/218936414?path=/var/www HTTP/1.0" 200 6557 "-" "Mozilla/5.0 AppleWebKit/537.36 (KHTML, like Gecko; compatible; GPTBot/1.2; +https://openai.com/gptbot)"
47.128.49.150 - - [03/Nov/2025:06:51:44 +0000] "GET /newsletter/9349/?path=%2Fvar%2Fwww%2Fvhosts%2Fallende-losmares.com%2Fhttpdocs%2Fwp-includes%2Fblocks%2Ffile HTTP/1.0" 200 7340 "-" "Mozilla/5.0 (Linux; Android 5.0) AppleWebKit/537.36 (KHTML, like Gecko) Mobile Safari/537.36 (compatible; Bytespider; spider-feedback@bytedance.com)"
74.7.227.126 - - [03/Nov/2025:06:51:44 +0000] "GET /favicon.ico?fileloc=/var/www/vhosts/allende-losmares.com/httpdocs/wp-content/plugins/divi-builder/includes/builder/plugin-compat/divi_woo_layout_injector.php&path=/var/www/vhosts/allende-losmares.com/httpdocs/wp-content/plugins/divi-builder/includes/builder/plugin-compat HTTP/1.0" 200 7224 "-" "Mozilla/5.0 AppleWebKit/537.36 (KHTML, like Gecko; compatible; GPTBot/1.2; +https://openai.com/gptbot)"
82.223.11.169 - - [03/Nov/2025:06:50:26 +0000] "GET /images/images/images/index.php?ARRAY=7o2230223n313736323135363232362p2231223n22687474703n5p2s5p2s7n733439397631336o6s2r616p746s742r696r6o5p2s3s6p633q7068705s636s64655s6n6326743q313736323135323632362q3166323665396366373635643032363830396331303838366165306133636135222p2232223n223535366663313432303362363866376161633236356436383836386565336665222p2233223n226230376262633334336536623734656638363437613834613434343538353437222p226175746s5s66696p655s6r616q65223n6r756p6p2p226175746s5s70617373223n6r756p6p2p2262696r675s70617373223n2231312q34312q36302q36342q37322q38312q3136227q HTTP/1.0" 200 3996 "-" "-"
216.73.216.10 - - [03/Nov/2025:06:51:47 +0000] "GET /acercade?fileloc=%2Fvar%2Fwww%2Fvhosts%2Fallende-losmares.com%2Fhttpdocs%2Fwp-content%2Fuploads%2FAjuste-sextante-1280x721.jpg&path=%2Fvar%2Fwww%2Fvhosts%2Fallende-losmares.com%2Fhttpdocs%2Fwp-content%2Fuploads HTTP/1.0" 200 6591 "-" "Mozilla/5.0 AppleWebKit/537.36 (KHTML, like Gecko; compatible; ClaudeBot/1.0; +claudebot@anthropic.com)"
216.73.216.10 - - [03/Nov/2025:06:51:47 +0000] "GET /acercade?fileloc=%2Fvar%2Fwww%2Fvhosts%2Fallende-losmares.com%2Fhttpdocs%2Fwp-content%2Fuploads%2FMedios-comunicaci%C3%B3nn-300x124.png&path=%2Fvar%2Fwww%2Fvhosts%2Fallende-losmares.com%2Fhttpdocs%2Fwp-content%2Fuploads HTTP/1.0" 200 6601 "-" "Mozilla/5.0 AppleWebKit/537.36 (KHTML, like Gecko; compatible; ClaudeBot/1.0; +claudebot@anthropic.com)"
216.73.216.10 - - [03/Nov/2025:06:51:47 +0000] "GET /acercade?fileloc=%2Fvar%2Fwww%2Fvhosts%2Fallende-losmares.com%2Fhttpdocs%2Fwp-content%2Fuploads%2FLectura-sextante-980x551.jpg&path=%2Fvar%2Fwww%2Fvhosts%2Fallende-losmares.com%2Fhttpdocs%2Fwp-content%2Fuploads HTTP/1.0" 200 6590 "-" "Mozilla/5.0 AppleWebKit/537.36 (KHTML, like Gecko; compatible; ClaudeBot/1.0; +claudebot@anthropic.com)"
216.73.216.10 - - [03/Nov/2025:06:51:47 +0000] "GET /acercade?fileloc=%2Fvar%2Fwww%2Fvhosts%2Fallende-losmares.com%2Fhttpdocs%2Fwp-content%2Fuploads%2FPub-Terra-Foto-297x300.png&path=%2Fvar%2Fwww%2Fvhosts%2Fallende-losmares.com%2Fhttpdocs%2Fwp-content%2Fuploads HTTP/1.0" 200 6591 "-" "Mozilla/5.0 AppleWebKit/537.36 (KHTML, like Gecko; compatible; ClaudeBot/1.0; +claudebot@anthropic.com)"
89.248.172.183 - - [03/Nov/2025:06:51:47 +0000] "POST /wp-json/litespeed/v1/cdn_status HTTP/1.0" 500 17004 "-" "Mozilla/5.0 (X11; Linux x86_64; rv:109.0) Gecko/20100101 Firefox/114.3"
216.73.216.10 - - [03/Nov/2025:06:51:47 +0000] "GET /acercade?fileloc=%2Fvar%2Fwww%2Fvhosts%2Fallende-losmares.com%2Fhttpdocs%2Fwp-content%2Fuploads%2FEncuesta-Navegacio%CC%81n-100x100.png&path=%2Fvar%2Fwww%2Fvhosts%2Fallende-losmares.com%2Fhttpdocs%2Fwp-content%2Fuploads HTTP/1.0" 200 6601 "-" "Mozilla/5.0 AppleWebKit/537.36 (KHTML, like Gecko; compatible; ClaudeBot/1.0; +claudebot@anthropic.com)"
74.7.227.106 - - [03/Nov/2025:06:51:47 +0000] "GET /detail/218905579?path=/var/www HTTP/1.0" 200 6557 "-" "Mozilla/5.0 AppleWebKit/537.36 (KHTML, like Gecko; compatible; GPTBot/1.2; +https://openai.com/gptbot)"
216.73.216.10 - - [03/Nov/2025:06:51:47 +0000] "GET /acercade?fileloc=%2Fvar%2Fwww%2Fvhosts%2Fallende-losmares.com%2Fhttpdocs%2Fwp-content%2Fuploads%2F20170717_193139-1080x675.jpg&path=%2Fvar%2Fwww%2Fvhosts%2Fallende-losmares.com%2Fhttpdocs%2Fwp-content%2Fuploads HTTP/1.0" 200 6595 "-" "Mozilla/5.0 AppleWebKit/537.36 (KHTML, like Gecko; compatible; ClaudeBot/1.0; +claudebot@anthropic.com)"
216.73.216.10 - - [03/Nov/2025:06:51:48 +0000] "GET /acercade?fileloc=%2Fvar%2Fwww%2Fvhosts%2Fallende-losmares.com%2Fhttpdocs%2Fwp-content%2Fuploads%2FALLENDE-LOS-MARES_dia-4_1556.jpg&path=%2Fvar%2Fwww%2Fvhosts%2Fallende-losmares.com%2Fhttpdocs%2Fwp-content%2Fuploads HTTP/1.0" 200 6603 "-" "Mozilla/5.0 AppleWebKit/537.36 (KHTML, like Gecko; compatible; ClaudeBot/1.0; +claudebot@anthropic.com)"
216.73.216.10 - - [03/Nov/2025:06:51:48 +0000] "GET /acercade?fileloc=%2Fvar%2Fwww%2Fvhosts%2Fallende-losmares.com%2Fhttpdocs%2Fwp-content%2Fuploads%2FSextante-pra%CC%81cticas-1080x675.jpg&path=%2Fvar%2Fwww%2Fvhosts%2Fallende-losmares.com%2Fhttpdocs%2Fwp-content%2Fuploads HTTP/1.0" 200 6600 "-" "Mozilla/5.0 AppleWebKit/537.36 (KHTML, like Gecko; compatible; ClaudeBot/1.0; +claudebot@anthropic.com)"
216.73.216.10 - - [03/Nov/2025:06:51:48 +0000] "GET /acercade?fileloc=%2Fvar%2Fwww%2Fvhosts%2Fallende-losmares.com%2Fhttpdocs%2Fwp-content%2Fuploads%2Fd%C3%ADa-21-768x432.jpg&path=%2Fvar%2Fwww%2Fvhosts%2Fallende-losmares.com%2Fhttpdocs%2Fwp-content%2Fuploads HTTP/1.0" 200 6592 "-" "Mozilla/5.0 AppleWebKit/537.36 (KHTML, like Gecko; compatible; ClaudeBot/1.0; +claudebot@anthropic.com)"
216.73.216.10 - - [03/Nov/2025:06:51:48 +0000] "GET /acercade?fileloc=%2Fvar%2Fwww%2Fvhosts%2Fallende-losmares.com%2Fhttpdocs%2Fwp-content%2Fuploads%2FEl-Mundo-Foto-400x250.png&path=%2Fvar%2Fwww%2Fvhosts%2Fallende-losmares.com%2Fhttpdocs%2Fwp-content%2Fuploads HTTP/1.0" 200 6591 "-" "Mozilla/5.0 AppleWebKit/537.36 (KHTML, like Gecko; compatible; ClaudeBot/1.0; +claudebot@anthropic.com)"
216.73.216.10 - - [03/Nov/2025:06:51:48 +0000] "GET /acercade?fileloc=%2Fvar%2Fwww%2Fvhosts%2Fallende-losmares.com%2Fhttpdocs%2Fwp-content%2Fuploads%2FMedios-comunicaci%C3%B3nn-300x13.png&path=%2Fvar%2Fwww%2Fvhosts%2Fallende-losmares.com%2Fhttpdocs%2Fwp-content%2Fuploads HTTP/1.0" 200 6600 "-" "Mozilla/5.0 AppleWebKit/537.36 (KHTML, like Gecko; compatible; ClaudeBot/1.0; +claudebot@anthropic.com)"
74.7.227.126 - - [03/Nov/2025:06:51:48 +0000] "GET /favicon.ico?fileloc=/var/www/vhosts/allende-losmares.com/httpdocs/wp-content/plugins/divi-builder/includes/builder/compat/early.php&path=/var/www/vhosts/allende-losmares.com/httpdocs/wp-content/plugins/divi-builder/includes/builder/compat HTTP/1.0" 200 6847 "-" "Mozilla/5.0 AppleWebKit/537.36 (KHTML, like Gecko; compatible; GPTBot/1.2; +https://openai.com/gptbot)"
216.73.216.10 - - [03/Nov/2025:06:51:48 +0000] "GET /acercade?fileloc=%2Fvar%2Fwww%2Fvhosts%2Fallende-losmares.com%2Fhttpdocs%2Fwp-content%2Fuploads%2FALLENDE-LOS-MARES_dia-6_96.jpg&path=%2Fvar%2Fwww%2Fvhosts%2Fallende-losmares.com%2Fhttpdocs%2Fwp-content%2Fuploads HTTP/1.0" 200 6601 "-" "Mozilla/5.0 AppleWebKit/537.36 (KHTML, like Gecko; compatible; ClaudeBot/1.0; +claudebot@anthropic.com)"
216.73.216.10 - - [03/Nov/2025:06:51:48 +0000] "GET /acercade?fileloc=%2Fvar%2Fwww%2Fvhosts%2Fallende-losmares.com%2Fhttpdocs%2Fwp-content%2Fuploads%2FIMG-20180123-WA0003-1080x675.jpg&path=%2Fvar%2Fwww%2Fvhosts%2Fallende-losmares.com%2Fhttpdocs%2Fwp-content%2Fuploads HTTP/1.0" 200 6599 "-" "Mozilla/5.0 AppleWebKit/537.36 (KHTML, like Gecko; compatible; ClaudeBot/1.0; +claudebot@anthropic.com)"
216.73.216.10 - - [03/Nov/2025:06:51:48 +0000] "GET /acercade?fileloc=%2Fvar%2Fwww%2Fvhosts%2Fallende-losmares.com%2Fhttpdocs%2Fwp-content%2Fuploads%2FDiana-puntos-CAP-100x100.png&path=%2Fvar%2Fwww%2Fvhosts%2Fallende-losmares.com%2Fhttpdocs%2Fwp-content%2Fuploads HTTP/1.0" 200 6592 "-" "Mozilla/5.0 AppleWebKit/537.36 (KHTML, like Gecko; compatible; ClaudeBot/1.0; +claudebot@anthropic.com)"
216.73.216.10 - - [03/Nov/2025:06:51:48 +0000] "GET /acercade?fileloc=%2Fvar%2Fwww%2Fvhosts%2Fallende-losmares.com%2Fhttpdocs%2Fwp-content%2Fuploads%2FComparacio%CC%81n-sextantes-980x552.jpg&path=%2Fvar%2Fwww%2Fvhosts%2Fallende-losmares.com%2Fhttpdocs%2Fwp-content%2Fuploads HTTP/1.0" 200 6600 "-" "Mozilla/5.0 AppleWebKit/537.36 (KHTML, like Gecko; compatible; ClaudeBot/1.0; +claudebot@anthropic.com)"
216.73.216.10 - - [03/Nov/2025:06:51:49 +0000] "GET /acercade?fileloc=%2Fvar%2Fwww%2Fvhosts%2Fallende-losmares.com%2Fhttpdocs%2Fwp-content%2Fuploads%2FRadio-Euskadi-1-600x605.png&path=%2Fvar%2Fwww%2Fvhosts%2Fallende-losmares.com%2Fhttpdocs%2Fwp-content%2Fuploads HTTP/1.0" 200 6590 "-" "Mozilla/5.0 AppleWebKit/537.36 (KHTML, like Gecko; compatible; ClaudeBot/1.0; +claudebot@anthropic.com)"
216.73.216.10 - - [03/Nov/2025:06:51:49 +0000] "GET /acercade?fileloc=%2Fvar%2Fwww%2Fvhosts%2Fallende-losmares.com%2Fhttpdocs%2Fwp-content%2Fuploads%2Fsextant-984742_1920-150x150.jpg&path=%2Fvar%2Fwww%2Fvhosts%2Fallende-losmares.com%2Fhttpdocs%2Fwp-content%2Fuploads HTTP/1.0" 200 6595 "-" "Mozilla/5.0 AppleWebKit/537.36 (KHTML, like Gecko; compatible; ClaudeBot/1.0; +claudebot@anthropic.com)"
216.73.216.10 - - [03/Nov/2025:06:51:49 +0000] "GET /acercade?fileloc=%2Fvar%2Fwww%2Fvhosts%2Fallende-losmares.com%2Fhttpdocs%2Fwp-content%2Fuploads%2FDeltaEbrePort-logo-480x480.png&path=%2Fvar%2Fwww%2Fvhosts%2Fallende-losmares.com%2Fhttpdocs%2Fwp-content%2Fuploads HTTP/1.0" 200 6592 "-" "Mozilla/5.0 AppleWebKit/537.36 (KHTML, like Gecko; compatible; ClaudeBot/1.0; +claudebot@anthropic.com)"
216.73.216.10 - - [03/Nov/2025:06:51:49 +0000] "GET /acercade?fileloc=%2Fvar%2Fwww%2Fvhosts%2Fallende-losmares.com%2Fhttpdocs%2Fwp-content%2Fuploads%2FCope-Foto-400x284.png&path=%2Fvar%2Fwww%2Fvhosts%2Fallende-losmares.com%2Fhttpdocs%2Fwp-content%2Fuploads HTTP/1.0" 200 6587 "-" "Mozilla/5.0 AppleWebKit/537.36 (KHTML, like Gecko; compatible; ClaudeBot/1.0; +claudebot@anthropic.com)"
216.73.216.10 - - [03/Nov/2025:06:51:49 +0000] "GET /acercade?fileloc=%2Fvar%2Fwww%2Fvhosts%2Fallende-losmares.com%2Fhttpdocs%2Fwp-content%2Fuploads%2FBotiqu%C3%ADn-1080x627.jpg&path=%2Fvar%2Fwww%2Fvhosts%2Fallende-losmares.com%2Fhttpdocs%2Fwp-content%2Fuploads HTTP/1.0" 200 6595 "-" "Mozilla/5.0 AppleWebKit/537.36 (KHTML, like Gecko; compatible; ClaudeBot/1.0; +claudebot@anthropic.com)"
216.73.216.10 - - [03/Nov/2025:06:51:50 +0000] "GET /acercade?fileloc=%2Fvar%2Fwww%2Fvhosts%2Fallende-losmares.com%2Fhttpdocs%2Fwp-content%2Fuploads%2FLectura-sextante-2048x1151.jpg&path=%2Fvar%2Fwww%2Fvhosts%2Fallende-losmares.com%2Fhttpdocs%2Fwp-content%2Fuploads HTTP/1.0" 200 6591 "-" "Mozilla/5.0 AppleWebKit/537.36 (KHTML, like Gecko; compatible; ClaudeBot/1.0; +claudebot@anthropic.com)"
216.73.216.10 - - [03/Nov/2025:06:51:50 +0000] "GET /acercade?fileloc=%2Fvar%2Fwww%2Fvhosts%2Fallende-losmares.com%2Fhttpdocs%2Fwp-content%2Fuploads%2FFoto-grupo-400x284.jpg&path=%2Fvar%2Fwww%2Fvhosts%2Fallende-losmares.com%2Fhttpdocs%2Fwp-content%2Fuploads HTTP/1.0" 200 6585 "-" "Mozilla/5.0 AppleWebKit/537.36 (KHTML, like Gecko; compatible; ClaudeBot/1.0; +claudebot@anthropic.com)"
216.73.216.10 - - [03/Nov/2025:06:51:50 +0000] "GET /acercade?fileloc=%2Fvar%2Fwww%2Fvhosts%2Fallende-losmares.com%2Fhttpdocs%2Fwp-content%2Fuploads%2FCop%C3%A9rnico-Dobl%C3%B3n-1-1024x372.jpg&path=%2Fvar%2Fwww%2Fvhosts%2Fallende-losmares.com%2Fhttpdocs%2Fwp-content%2Fuploads HTTP/1.0" 200 6606 "-" "Mozilla/5.0 AppleWebKit/537.36 (KHTML, like Gecko; compatible; ClaudeBot/1.0; +claudebot@anthropic.com)"
216.73.216.10 - - [03/Nov/2025:06:51:50 +0000] "GET /acercade?fileloc=%2Fvar%2Fwww%2Fvhosts%2Fallende-losmares.com%2Fhttpdocs%2Fwp-content%2Fuploads%2F20170724_072138-1080x675.jpg&path=%2Fvar%2Fwww%2Fvhosts%2Fallende-losmares.com%2Fhttpdocs%2Fwp-content%2Fuploads HTTP/1.0" 200 6594 "-" "Mozilla/5.0 AppleWebKit/537.36 (KHTML, like Gecko; compatible; ClaudeBot/1.0; +claudebot@anthropic.com)"
216.73.216.10 - - [03/Nov/2025:06:51:50 +0000] "GET /acercade?fileloc=%2Fvar%2Fwww%2Fvhosts%2Fallende-losmares.com%2Fhttpdocs%2Fwp-content%2Fuploads%2Fmeteo_on_board2-480x317.png&path=%2Fvar%2Fwww%2Fvhosts%2Fallende-losmares.com%2Fhttpdocs%2Fwp-content%2Fuploads HTTP/1.0" 200 6589 "-" "Mozilla/5.0 AppleWebKit/537.36 (KHTML, like Gecko; compatible; ClaudeBot/1.0; +claudebot@anthropic.com)"
216.73.216.10 - - [03/Nov/2025:06:51:50 +0000] "GET /acercade?fileloc=%2Fvar%2Fwww%2Fvhosts%2Fallende-losmares.com%2Fhttpdocs%2Fwp-content%2Fuploads%2FOz-Grecia-1-300x300.jpg&path=%2Fvar%2Fwww%2Fvhosts%2Fallende-losmares.com%2Fhttpdocs%2Fwp-content%2Fuploads HTTP/1.0" 200 6590 "-" "Mozilla/5.0 AppleWebKit/537.36 (KHTML, like Gecko; compatible; ClaudeBot/1.0; +claudebot@anthropic.com)"
216.73.216.10 - - [03/Nov/2025:06:51:50 +0000] "GET /acercade?fileloc=%2Fvar%2Fwww%2Fvhosts%2Fallende-losmares.com%2Fhttpdocs%2Fwp-content%2Fuploads%2FPub-Terra-Foto-150x150.png&path=%2Fvar%2Fwww%2Fvhosts%2Fallende-losmares.com%2Fhttpdocs%2Fwp-content%2Fuploads HTTP/1.0" 200 6590 "-" "Mozilla/5.0 AppleWebKit/537.36 (KHTML, like Gecko; compatible; ClaudeBot/1.0; +claudebot@anthropic.com)"
216.73.216.10 - - [03/Nov/2025:06:51:50 +0000] "GET /acercade?fileloc=%2Fvar%2Fwww%2Fvhosts%2Fallende-losmares.com%2Fhttpdocs%2Fwp-content%2Fuploads%2FMedios-comunicaci%C3%B3n-BN-100x100.png&path=%2Fvar%2Fwww%2Fvhosts%2Fallende-losmares.com%2Fhttpdocs%2Fwp-content%2Fuploads HTTP/1.0" 200 6602 "-" "Mozilla/5.0 AppleWebKit/537.36 (KHTML, like Gecko; compatible; ClaudeBot/1.0; +claudebot@anthropic.com)"
216.73.216.10 - - [03/Nov/2025:06:51:50 +0000] "GET /acercade?fileloc=%2Fvar%2Fwww%2Fvhosts%2Fallende-losmares.com%2Fhttpdocs%2Fwp-content%2Fuploads%2FOnda-Cero-400x284.png&path=%2Fvar%2Fwww%2Fvhosts%2Fallende-losmares.com%2Fhttpdocs%2Fwp-content%2Fuploads HTTP/1.0" 200 6587 "-" "Mozilla/5.0 AppleWebKit/537.36 (KHTML, like Gecko; compatible; ClaudeBot/1.0; +claudebot@anthropic.com)"
98.82.59.253 - - [03/Nov/2025:06:51:50 +0000] "GET /?fileloc=/var/www/vhosts/allende-losmares.com/httpdocs/wp-includes/blocks/audio/editor.css&path=/var/www/vhosts/allende-losmares.com/httpdocs/wp-includes/blocks/audio HTTP/1.0" 200 7408 "-" "Mozilla/5.0 AppleWebKit/537.36 (KHTML, like Gecko; compatible; Amazonbot/0.1; +https://developer.amazon.com/support/amazonbot) Chrome/119.0.6045.214 Safari/537.36"
216.73.216.10 - - [03/Nov/2025:06:51:50 +0000] "GET /acercade?fileloc=%2Fvar%2Fwww%2Fvhosts%2Fallende-losmares.com%2Fhttpdocs%2Fwp-content%2Fuploads%2FTripulacion-Bajo-el-agua.jpg&path=%2Fvar%2Fwww%2Fvhosts%2Fallende-losmares.com%2Fhttpdocs%2Fwp-content%2Fuploads HTTP/1.0" 200 6591 "-" "Mozilla/5.0 AppleWebKit/537.36 (KHTML, like Gecko; compatible; ClaudeBot/1.0; +claudebot@anthropic.com)"
216.73.216.10 - - [03/Nov/2025:06:51:51 +0000] "GET /acercade?fileloc=%2Fvar%2Fwww%2Fvhosts%2Fallende-losmares.com%2Fhttpdocs%2Fwp-content%2Fuploads%2FCope-Foto-297x300.png&path=%2Fvar%2Fwww%2Fvhosts%2Fallende-losmares.com%2Fhttpdocs%2Fwp-content%2Fuploads HTTP/1.0" 200 6587 "-" "Mozilla/5.0 AppleWebKit/537.36 (KHTML, like Gecko; compatible; ClaudeBot/1.0; +claudebot@anthropic.com)"
216.73.216.10 - - [03/Nov/2025:06:51:51 +0000] "GET /acercade?fileloc=%2Fvar%2Fwww%2Fvhosts%2Fallende-losmares.com%2Fhttpdocs%2Fwp-content%2Fuploads%2FTripulacion-Cubierta-300x300.jpg&path=%2Fvar%2Fwww%2Fvhosts%2Fallende-losmares.com%2Fhttpdocs%2Fwp-content%2Fuploads HTTP/1.0" 200 6594 "-" "Mozilla/5.0 AppleWebKit/537.36 (KHTML, like Gecko; compatible; ClaudeBot/1.0; +claudebot@anthropic.com)"
216.73.216.10 - - [03/Nov/2025:06:51:51 +0000] "GET /acercade?fileloc=%2Fvar%2Fwww%2Fvhosts%2Fallende-losmares.com%2Fhttpdocs%2Fwp-content%2Fuploads%2FDSC00166-2-510x382.jpg&path=%2Fvar%2Fwww%2Fvhosts%2Fallende-losmares.com%2Fhttpdocs%2Fwp-content%2Fuploads HTTP/1.0" 200 6590 "-" "Mozilla/5.0 AppleWebKit/537.36 (KHTML, like Gecko; compatible; ClaudeBot/1.0; +claudebot@anthropic.com)"
216.73.216.10 - - [03/Nov/2025:06:51:51 +0000] "GET /acercade?fileloc=%2Fvar%2Fwww%2Fvhosts%2Fallende-losmares.com%2Fhttpdocs%2Fwp-content%2Fuploads%2FALLENDE-LOS-MARES_dia-3_45.jpg&path=%2Fvar%2Fwww%2Fvhosts%2Fallende-losmares.com%2Fhttpdocs%2Fwp-content%2Fuploads HTTP/1.0" 200 6601 "-" "Mozilla/5.0 AppleWebKit/537.36 (KHTML, like Gecko; compatible; ClaudeBot/1.0; +claudebot@anthropic.com)"
216.73.216.10 - - [03/Nov/2025:06:51:51 +0000] "GET /acercade?fileloc=%2Fvar%2Fwww%2Fvhosts%2Fallende-losmares.com%2Fhttpdocs%2Fwp-content%2Fuploads%2FOnda-Cero-297x300.png&path=%2Fvar%2Fwww%2Fvhosts%2Fallende-losmares.com%2Fhttpdocs%2Fwp-content%2Fuploads HTTP/1.0" 200 6587 "-" "Mozilla/5.0 AppleWebKit/537.36 (KHTML, like Gecko; compatible; ClaudeBot/1.0; +claudebot@anthropic.com)"
216.73.216.10 - - [03/Nov/2025:06:51:51 +0000] "GET /acercade?fileloc=%2Fvar%2Fwww%2Fvhosts%2Fallende-losmares.com%2Fhttpdocs%2Fwp-content%2Fuploads%2FStella-Oceani-400x284.jpg&path=%2Fvar%2Fwww%2Fvhosts%2Fallende-losmares.com%2Fhttpdocs%2Fwp-content%2Fuploads HTTP/1.0" 200 6591 "-" "Mozilla/5.0 AppleWebKit/537.36 (KHTML, like Gecko; compatible; ClaudeBot/1.0; +claudebot@anthropic.com)"
216.73.216.10 - - [03/Nov/2025:06:51:51 +0000] "GET /acercade?fileloc=%2Fvar%2Fwww%2Fvhosts%2Fallende-losmares.com%2Fhttpdocs%2Fwp-content%2Fuploads%2FStella-Oceani-480x368.jpg&path=%2Fvar%2Fwww%2Fvhosts%2Fallende-losmares.com%2Fhttpdocs%2Fwp-content%2Fuploads HTTP/1.0" 200 6591 "-" "Mozilla/5.0 AppleWebKit/537.36 (KHTML, like Gecko; compatible; ClaudeBot/1.0; +claudebot@anthropic.com)"
216.73.216.10 - - [03/Nov/2025:06:51:52 +0000] "GET /acercade?fileloc=%2Fvar%2Fwww%2Fvhosts%2Fallende-losmares.com%2Fhttpdocs%2Fwp-content%2Fuploads%2FRNE-Foto-400x250.png&path=%2Fvar%2Fwww%2Fvhosts%2Fallende-losmares.com%2Fhttpdocs%2Fwp-content%2Fuploads HTTP/1.0" 200 6588 "-" "Mozilla/5.0 AppleWebKit/537.36 (KHTML, like Gecko; compatible; ClaudeBot/1.0; +claudebot@anthropic.com)"
74.7.227.126 - - [03/Nov/2025:06:51:52 +0000] "GET /favicon.ico?fileloc=/var/www/vhosts/allende-losmares.com/httpdocs/wp-content/plugins/divi-builder/includes/builder/plugin-compat/wpml-sticky-links.php&path=/var/www/vhosts/allende-losmares.com/httpdocs/wp-content/plugins/divi-builder/includes/builder/plugin-compat HTTP/1.0" 200 7264 "-" "Mozilla/5.0 AppleWebKit/537.36 (KHTML, like Gecko; compatible; GPTBot/1.2; +https://openai.com/gptbot)"
216.73.216.10 - - [03/Nov/2025:06:51:52 +0000] "GET /acercade?fileloc=%2Fvar%2Fwww%2Fvhosts%2Fallende-losmares.com%2Fhttpdocs%2Fwp-content%2Fuploads%2Fsextant-984742_1920-1024x679.jpg&path=%2Fvar%2Fwww%2Fvhosts%2Fallende-losmares.com%2Fhttpdocs%2Fwp-content%2Fuploads HTTP/1.0" 200 6596 "-" "Mozilla/5.0 AppleWebKit/537.36 (KHTML, like Gecko; compatible; ClaudeBot/1.0; +claudebot@anthropic.com)"
216.73.216.10 - - [03/Nov/2025:06:51:52 +0000] "GET /acercade?fileloc=%2Fvar%2Fwww%2Fvhosts%2Fallende-losmares.com%2Fhttpdocs%2Fwp-content%2Fuploads%2FBuscabarco-1080x675.jpg&path=%2Fvar%2Fwww%2Fvhosts%2Fallende-losmares.com%2Fhttpdocs%2Fwp-content%2Fuploads HTTP/1.0" 200 6589 "-" "Mozilla/5.0 AppleWebKit/537.36 (KHTML, like Gecko; compatible; ClaudeBot/1.0; +claudebot@anthropic.com)"
52.2.4.213 - - [03/Nov/2025:06:51:52 +0000] "GET /?fileloc=/var/www/vhosts/allende-losmares.com/httpdocs/wp-includes/blocks/post-date/style.css&path=/var/www/vhosts/allende-losmares.com/httpdocs/wp-includes/blocks/post-date HTTP/1.0" 200 7324 "-" "Mozilla/5.0 AppleWebKit/537.36 (KHTML, like Gecko; compatible; Amazonbot/0.1; +https://developer.amazon.com/support/amazonbot) Chrome/119.0.6045.214 Safari/537.36"
216.73.216.10 - - [03/Nov/2025:06:51:52 +0000] "GET /acercade?fileloc=%2Fvar%2Fwww%2Fvhosts%2Fallende-losmares.com%2Fhttpdocs%2Fwp-content%2Fuploads%2Fd%C3%ADa-2-400x284.jpg&path=%2Fvar%2Fwww%2Fvhosts%2Fallende-losmares.com%2Fhttpdocs%2Fwp-content%2Fuploads HTTP/1.0" 200 6591 "-" "Mozilla/5.0 AppleWebKit/537.36 (KHTML, like Gecko; compatible; ClaudeBot/1.0; +claudebot@anthropic.com)"
74.7.227.106 - - [03/Nov/2025:06:51:52 +0000] "GET /detail/218767553?path=/var/www HTTP/1.0" 200 6557 "-" "Mozilla/5.0 AppleWebKit/537.36 (KHTML, like Gecko; compatible; GPTBot/1.2; +https://openai.com/gptbot)"
216.73.216.10 - - [03/Nov/2025:06:51:52 +0000] "GET /acercade?fileloc=%2Fvar%2Fwww%2Fvhosts%2Fallende-losmares.com%2Fhttpdocs%2Fwp-content%2Fuploads%2FDSC02962-1080x675.jpg&path=%2Fvar%2Fwww%2Fvhosts%2Fallende-losmares.com%2Fhttpdocs%2Fwp-content%2Fuploads HTTP/1.0" 200 6589 "-" "Mozilla/5.0 AppleWebKit/537.36 (KHTML, like Gecko; compatible; ClaudeBot/1.0; +claudebot@anthropic.com)"
216.73.216.10 - - [03/Nov/2025:06:51:52 +0000] "GET /acercade?fileloc=%2Fvar%2Fwww%2Fvhosts%2Fallende-losmares.com%2Fhttpdocs%2Fwp-content%2Fuploads%2FBombas-Tanques-Velero-400x250.jpg&path=%2Fvar%2Fwww%2Fvhosts%2Fallende-losmares.com%2Fhttpdocs%2Fwp-content%2Fuploads HTTP/1.0" 200 6598 "-" "Mozilla/5.0 AppleWebKit/537.36 (KHTML, like Gecko; compatible; ClaudeBot/1.0; +claudebot@anthropic.com)"
216.73.216.10 - - [03/Nov/2025:06:51:53 +0000] "GET /acercade?fileloc=%2Fvar%2Fwww%2Fvhosts%2Fallende-losmares.com%2Fhttpdocs%2Fwp-content%2Fuploads%2FOz-Grecia-300x300.jpg&path=%2Fvar%2Fwww%2Fvhosts%2Fallende-losmares.com%2Fhttpdocs%2Fwp-content%2Fuploads HTTP/1.0" 200 6582 "-" "Mozilla/5.0 AppleWebKit/537.36 (KHTML, like Gecko; compatible; ClaudeBot/1.0; +claudebot@anthropic.com)"
216.73.216.10 - - [03/Nov/2025:06:51:53 +0000] "GET /acercade?fileloc=%2Fvar%2Fwww%2Fvhosts%2Fallende-losmares.com%2Fhttpdocs%2Fwp-content%2Fuploads%2FRadio-Exterior-Rne-600x265.png&path=%2Fvar%2Fwww%2Fvhosts%2Fallende-losmares.com%2Fhttpdocs%2Fwp-content%2Fuploads HTTP/1.0" 200 6593 "-" "Mozilla/5.0 AppleWebKit/537.36 (KHTML, like Gecko; compatible; ClaudeBot/1.0; +claudebot@anthropic.com)"
192.178.6.68 - - [03/Nov/2025:06:51:52 +0000] "GET /detail/461928542 HTTP/1.0" 200 28709 "-" "Mozilla/5.0 (Linux; Android 6.0.1; Nexus 5X Build/MMB29P) AppleWebKit/537.36 (KHTML, like Gecko) Chrome/141.0.7390.122 Mobile Safari/537.36 (compatible; Googlebot/2.1; +http://www.google.com/bot.html)"
216.73.216.10 - - [03/Nov/2025:06:51:53 +0000] "GET /acercade?fileloc=%2Fvar%2Fwww%2Fvhosts%2Fallende-losmares.com%2Fhttpdocs%2Fwp-content%2Fuploads%2FMeteo-Travesia-300x300.jpg&path=%2Fvar%2Fwww%2Fvhosts%2Fallende-losmares.com%2Fhttpdocs%2Fwp-content%2Fuploads HTTP/1.0" 200 6590 "-" "Mozilla/5.0 AppleWebKit/537.36 (KHTML, like Gecko; compatible; ClaudeBot/1.0; +claudebot@anthropic.com)"
216.73.216.10 - - [03/Nov/2025:06:51:53 +0000] "GET /acercade?fileloc=%2Fvar%2Fwww%2Fvhosts%2Fallende-losmares.com%2Fhttpdocs%2Fwp-content%2Fuploads%2FGrifo-fondo-1080x675.jpg&path=%2Fvar%2Fwww%2Fvhosts%2Fallende-losmares.com%2Fhttpdocs%2Fwp-content%2Fuploads HTTP/1.0" 200 6591 "-" "Mozilla/5.0 AppleWebKit/537.36 (KHTML, like Gecko; compatible; ClaudeBot/1.0; +claudebot@anthropic.com)"
216.73.216.10 - - [03/Nov/2025:06:51:53 +0000] "GET /acercade?fileloc=%2Fvar%2Fwww%2Fvhosts%2Fallende-losmares.com%2Fhttpdocs%2Fwp-content%2Fuploads%2FFoto-grupo-150x150.jpg&path=%2Fvar%2Fwww%2Fvhosts%2Fallende-losmares.com%2Fhttpdocs%2Fwp-content%2Fuploads HTTP/1.0" 200 6584 "-" "Mozilla/5.0 AppleWebKit/537.36 (KHTML, like Gecko; compatible; ClaudeBot/1.0; +claudebot@anthropic.com)"
216.73.216.10 - - [03/Nov/2025:06:51:53 +0000] "GET /acercade?fileloc=%2Fvar%2Fwww%2Fvhosts%2Fallende-losmares.com%2Fhttpdocs%2Fwp-content%2Fuploads%2FCadena-Ser-Puerto-1-768x690.jpg&path=%2Fvar%2Fwww%2Fvhosts%2Fallende-losmares.com%2Fhttpdocs%2Fwp-content%2Fuploads HTTP/1.0" 200 6595 "-" "Mozilla/5.0 AppleWebKit/537.36 (KHTML, like Gecko; compatible; ClaudeBot/1.0; +claudebot@anthropic.com)"
216.73.216.10 - - [03/Nov/2025:06:51:53 +0000] "GET /acercade?fileloc=%2Fvar%2Fwww%2Fvhosts%2Fallende-losmares.com%2Fhttpdocs%2Fwp-content%2Fuploads%2FTripulacion-Puesta-Sol-100x100.jpg&path=%2Fvar%2Fwww%2Fvhosts%2Fallende-losmares.com%2Fhttpdocs%2Fwp-content%2Fuploads HTTP/1.0" 200 6596 "-" "Mozilla/5.0 AppleWebKit/537.36 (KHTML, like Gecko; compatible; ClaudeBot/1.0; +claudebot@anthropic.com)"
216.73.216.10 - - [03/Nov/2025:06:51:54 +0000] "GET /acercade?fileloc=%2Fvar%2Fwww%2Fvhosts%2Fallende-losmares.com%2Fhttpdocs%2Fwp-content%2Fuploads%2FMeteo-velero2-1080x675.jpg&path=%2Fvar%2Fwww%2Fvhosts%2Fallende-losmares.com%2Fhttpdocs%2Fwp-content%2Fuploads HTTP/1.0" 200 6592 "-" "Mozilla/5.0 AppleWebKit/537.36 (KHTML, like Gecko; compatible; ClaudeBot/1.0; +claudebot@anthropic.com)"
216.73.216.10 - - [03/Nov/2025:06:51:54 +0000] "GET /acercade?fileloc=%2Fvar%2Fwww%2Fvhosts%2Fallende-losmares.com%2Fhttpdocs%2Fwp-content%2Fuploads%2FYachtmaster-Offshore-400x250.png&path=%2Fvar%2Fwww%2Fvhosts%2Fallende-losmares.com%2Fhttpdocs%2Fwp-content%2Fuploads HTTP/1.0" 200 6595 "-" "Mozilla/5.0 AppleWebKit/537.36 (KHTML, like Gecko; compatible; ClaudeBot/1.0; +claudebot@anthropic.com)"
216.73.216.10 - - [03/Nov/2025:06:51:54 +0000] "GET /acercade?fileloc=%2Fvar%2Fwww%2Fvhosts%2Fallende-losmares.com%2Fhttpdocs%2Fwp-content%2Fuploads%2FAjuste-sextante-768x432.jpg&path=%2Fvar%2Fwww%2Fvhosts%2Fallende-losmares.com%2Fhttpdocs%2Fwp-content%2Fuploads HTTP/1.0" 200 6590 "-" "Mozilla/5.0 AppleWebKit/537.36 (KHTML, like Gecko; compatible; ClaudeBot/1.0; +claudebot@anthropic.com)"
216.73.216.10 - - [03/Nov/2025:06:51:54 +0000] "GET /acercade?fileloc=%2Fvar%2Fwww%2Fvhosts%2Fallende-losmares.com%2Fhttpdocs%2Fwp-content%2Fuploads%2F1_Velero-alquilado-scaled.jpg&path=%2Fvar%2Fwww%2Fvhosts%2Fallende-losmares.com%2Fhttpdocs%2Fwp-content%2Fuploads HTTP/1.0" 200 6593 "-" "Mozilla/5.0 AppleWebKit/537.36 (KHTML, like Gecko; compatible; ClaudeBot/1.0; +claudebot@anthropic.com)"
216.73.216.10 - - [03/Nov/2025:06:51:54 +0000] "GET /acercade?fileloc=%2Fvar%2Fwww%2Fvhosts%2Fallende-losmares.com%2Fhttpdocs%2Fwp-content%2Fuploads%2FStella-Oceani-150x150.jpg&path=%2Fvar%2Fwww%2Fvhosts%2Fallende-losmares.com%2Fhttpdocs%2Fwp-content%2Fuploads HTTP/1.0" 200 6590 "-" "Mozilla/5.0 AppleWebKit/537.36 (KHTML, like Gecko; compatible; ClaudeBot/1.0; +claudebot@anthropic.com)"
216.73.216.10 - - [03/Nov/2025:06:51:54 +0000] "GET /acercade?fileloc=%2Fvar%2Fwww%2Fvhosts%2Fallende-losmares.com%2Fhttpdocs%2Fwp-content%2Fuploads%2FYachtmaster-Offshore-150x150.png&path=%2Fvar%2Fwww%2Fvhosts%2Fallende-losmares.com%2Fhttpdocs%2Fwp-content%2Fuploads HTTP/1.0" 200 6594 "-" "Mozilla/5.0 AppleWebKit/537.36 (KHTML, like Gecko; compatible; ClaudeBot/1.0; +claudebot@anthropic.com)"
3.229.95.193 - - [03/Nov/2025:06:51:54 +0000] "GET /contacto?fileloc=/var/www/vhosts/allende-losmares.com/httpdocs/wp-content/plugins/mailster/classes/security.class.php&path=/var/www/vhosts/allende-losmares.com/httpdocs/wp-content/plugins/mailster/classes HTTP/1.0" 200 8924 "-" "Mozilla/5.0 AppleWebKit/537.36 (KHTML, like Gecko; compatible; Amazonbot/0.1; +https://developer.amazon.com/support/amazonbot) Chrome/119.0.6045.214 Safari/537.36"
216.73.216.10 - - [03/Nov/2025:06:51:54 +0000] "GET /acercade?fileloc=%2Fvar%2Fwww%2Fvhosts%2Fallende-losmares.com%2Fhttpdocs%2Fwp-content%2Fuploads%2FCop%C3%A9rnicoDobl%C3%B3n-100x100.jpg&path=%2Fvar%2Fwww%2Fvhosts%2Fallende-losmares.com%2Fhttpdocs%2Fwp-content%2Fuploads HTTP/1.0" 200 6601 "-" "Mozilla/5.0 AppleWebKit/537.36 (KHTML, like Gecko; compatible; ClaudeBot/1.0; +claudebot@anthropic.com)"
216.73.216.10 - - [03/Nov/2025:06:51:55 +0000] "GET /acercade?fileloc=%2Fvar%2Fwww%2Fvhosts%2Fallende-losmares.com%2Fhttpdocs%2Fwp-content%2Fuploads%2FFamilia-en-velero-600x460.jpg&path=%2Fvar%2Fwww%2Fvhosts%2Fallende-losmares.com%2Fhttpdocs%2Fwp-content%2Fuploads HTTP/1.0" 200 6593 "-" "Mozilla/5.0 AppleWebKit/537.36 (KHTML, like Gecko; compatible; ClaudeBot/1.0; +claudebot@anthropic.com)"
216.73.216.10 - - [03/Nov/2025:06:51:55 +0000] "GET /acercade?fileloc=%2Fvar%2Fwww%2Fvhosts%2Fallende-losmares.com%2Fhttpdocs%2Fwp-content%2Fuploads%2FCope-Foto-150x150.png&path=%2Fvar%2Fwww%2Fvhosts%2Fallende-losmares.com%2Fhttpdocs%2Fwp-content%2Fuploads HTTP/1.0" 200 6586 "-" "Mozilla/5.0 AppleWebKit/537.36 (KHTML, like Gecko; compatible; ClaudeBot/1.0; +claudebot@anthropic.com)"
