216.73.216.10 - - [03/Nov/2025:06:34:59 +0000] "GET /acercade?fileloc=%2Fvar%2Fwww%2Fvhosts%2Fallende-losmares.com%2Fhttpdocs%2Fwp-content%2Fuploads%2FPep-Corbella.png&path=%2Fvar%2Fwww%2Fvhosts%2Fallende-losmares.com%2Fhttpdocs%2Fwp-content%2Fuploads HTTP/1.0" 200 6582 "-" "Mozilla/5.0 AppleWebKit/537.36 (KHTML, like Gecko; compatible; ClaudeBot/1.0; +claudebot@anthropic.com)"
216.73.216.10 - - [03/Nov/2025:06:34:59 +0000] "GET /acercade?fileloc=%2Fvar%2Fwww%2Fvhosts%2Fallende-losmares.com%2Fhttpdocs%2Fwp-content%2Fuploads%2FCompra-velero-check-in-400x250.jpg&path=%2Fvar%2Fwww%2Fvhosts%2Fallende-losmares.com%2Fhttpdocs%2Fwp-content%2Fuploads HTTP/1.0" 200 6596 "-" "Mozilla/5.0 AppleWebKit/537.36 (KHTML, like Gecko; compatible; ClaudeBot/1.0; +claudebot@anthropic.com)"
216.73.216.10 - - [03/Nov/2025:06:34:59 +0000] "GET /acercade?fileloc=%2Fvar%2Fwww%2Fvhosts%2Fallende-losmares.com%2Fhttpdocs%2Fwp-content%2Fuploads%2FDSC03007-scaled.jpg&path=%2Fvar%2Fwww%2Fvhosts%2Fallende-losmares.com%2Fhttpdocs%2Fwp-content%2Fuploads HTTP/1.0" 200 6586 "-" "Mozilla/5.0 AppleWebKit/537.36 (KHTML, like Gecko; compatible; ClaudeBot/1.0; +claudebot@anthropic.com)"
216.73.216.10 - - [03/Nov/2025:06:34:59 +0000] "GET /acercade?fileloc=%2Fvar%2Fwww%2Fvhosts%2Fallende-losmares.com%2Fhttpdocs%2Fwp-content%2Fuploads%2FCommercial-endorsement.png&path=%2Fvar%2Fwww%2Fvhosts%2Fallende-losmares.com%2Fhttpdocs%2Fwp-content%2Fuploads HTTP/1.0" 200 6588 "-" "Mozilla/5.0 AppleWebKit/537.36 (KHTML, like Gecko; compatible; ClaudeBot/1.0; +claudebot@anthropic.com)"
23.23.103.31 - - [03/Nov/2025:06:34:59 +0000] "GET /?fileloc=/var/www/vhosts/allende-losmares.com/httpdocs/wp-content/litespeed/avatar/3881a98acd71882681a8a79ddecf3b70.jpg&path=/var/www/vhosts/allende-losmares.com/httpdocs/wp-content/litespeed/avatar HTTP/1.0" 200 6614 "-" "Mozilla/5.0 AppleWebKit/537.36 (KHTML, like Gecko; compatible; Amazonbot/0.1; +https://developer.amazon.com/support/amazonbot) Chrome/119.0.6045.214 Safari/537.36"
216.73.216.10 - - [03/Nov/2025:06:34:59 +0000] "GET /acercade?fileloc=%2Fvar%2Fwww%2Fvhosts%2Fallende-losmares.com%2Fhttpdocs%2Fwp-content%2Fuploads%2Fmapa-prueba.jpg&path=%2Fvar%2Fwww%2Fvhosts%2Fallende-losmares.com%2Fhttpdocs%2Fwp-content%2Fuploads HTTP/1.0" 200 6582 "-" "Mozilla/5.0 AppleWebKit/537.36 (KHTML, like Gecko; compatible; ClaudeBot/1.0; +claudebot@anthropic.com)"
216.73.216.10 - - [03/Nov/2025:06:34:59 +0000] "GET /acercade?fileloc=%2Fvar%2Fwww%2Fvhosts%2Fallende-losmares.com%2Fhttpdocs%2Fwp-admin%2Fimages%2Fwordpress-logo.svg&path=%2Fvar%2Fwww%2Fvhosts%2Fallende-losmares.com%2Fhttpdocs%2Fwp-admin%2Fimages HTTP/1.0" 200 7429 "-" "Mozilla/5.0 AppleWebKit/537.36 (KHTML, like Gecko; compatible; ClaudeBot/1.0; +claudebot@anthropic.com)"
74.7.227.106 - - [03/Nov/2025:06:34:59 +0000] "GET /detail/218872140?fileloc=/var/www/vhosts/allende-losmares.com/httpdocs/pages.php&path=/var/www/vhosts/allende-losmares.com/httpdocs HTTP/1.0" 200 9345 "-" "Mozilla/5.0 AppleWebKit/537.36 (KHTML, like Gecko; compatible; GPTBot/1.2; +https://openai.com/gptbot)"
216.73.216.10 - - [03/Nov/2025:06:34:59 +0000] "GET /acercade?fileloc=%2Fvar%2Fwww%2Fvhosts%2Fallende-losmares.com%2Fhttpdocs%2Fwp-content%2Fuploads%2FCAP-1-400x284.jpg&path=%2Fvar%2Fwww%2Fvhosts%2Fallende-losmares.com%2Fhttpdocs%2Fwp-content%2Fuploads HTTP/1.0" 200 6586 "-" "Mozilla/5.0 AppleWebKit/537.36 (KHTML, like Gecko; compatible; ClaudeBot/1.0; +claudebot@anthropic.com)"
216.73.216.10 - - [03/Nov/2025:06:35:00 +0000] "GET /acercade?fileloc=%2Fvar%2Fwww%2Fvhosts%2Fallende-losmares.com%2Fhttpdocs%2Fwp-content%2Fuploads%2FPatrick-Grecia.png&path=%2Fvar%2Fwww%2Fvhosts%2Fallende-losmares.com%2Fhttpdocs%2Fwp-content%2Fuploads HTTP/1.0" 200 6585 "-" "Mozilla/5.0 AppleWebKit/537.36 (KHTML, like Gecko; compatible; ClaudeBot/1.0; +claudebot@anthropic.com)"
216.73.216.10 - - [03/Nov/2025:06:35:00 +0000] "GET /acercade?fileloc=%2Fvar%2Fwww%2Fvhosts%2Fallende-losmares.com%2Fhttpdocs%2Fwp-content%2Fuploads%2FIMG_4113.jpg&path=%2Fvar%2Fwww%2Fvhosts%2Fallende-losmares.com%2Fhttpdocs%2Fwp-content%2Fuploads HTTP/1.0" 200 6583 "-" "Mozilla/5.0 AppleWebKit/537.36 (KHTML, like Gecko; compatible; ClaudeBot/1.0; +claudebot@anthropic.com)"
216.73.216.10 - - [03/Nov/2025:06:35:00 +0000] "GET /acercade?fileloc=%2Fvar%2Fwww%2Fvhosts%2Fallende-losmares.com%2Fhttpdocs%2Fwp-content%2Fuploads%2F16-1.jpg&path=%2Fvar%2Fwww%2Fvhosts%2Fallende-losmares.com%2Fhttpdocs%2Fwp-content%2Fuploads HTTP/1.0" 200 6577 "-" "Mozilla/5.0 AppleWebKit/537.36 (KHTML, like Gecko; compatible; ClaudeBot/1.0; +claudebot@anthropic.com)"
216.73.216.10 - - [03/Nov/2025:06:35:00 +0000] "GET /acercade?fileloc=%2Fvar%2Fwww%2Fvhosts%2Fallende-losmares.com%2Fhttpdocs%2Fwp-content%2Fuploads%2FNavegando-en-Grecia.jpg&path=%2Fvar%2Fwww%2Fvhosts%2Fallende-losmares.com%2Fhttpdocs%2Fwp-content%2Fuploads HTTP/1.0" 200 6589 "-" "Mozilla/5.0 AppleWebKit/537.36 (KHTML, like Gecko; compatible; ClaudeBot/1.0; +claudebot@anthropic.com)"
74.7.227.126 - - [03/Nov/2025:06:35:00 +0000] "GET /favicon.ico?path=/var/www/vhosts/allende-losmares.com/httpdocs/wp-content/plugins/divi-builder/includes/builder/frontend-builder/assets/vendors/plugins/toc HTTP/1.0" 200 6995 "-" "Mozilla/5.0 AppleWebKit/537.36 (KHTML, like Gecko; compatible; GPTBot/1.2; +https://openai.com/gptbot)"
216.73.216.10 - - [03/Nov/2025:06:35:00 +0000] "GET /acercade?fileloc=%2Fvar%2Fwww%2Fvhosts%2Fallende-losmares.com%2Fhttpdocs%2Fwp-content%2Fuploads%2FMapa-1-150x150.jpg&path=%2Fvar%2Fwww%2Fvhosts%2Fallende-losmares.com%2Fhttpdocs%2Fwp-content%2Fuploads HTTP/1.0" 200 6585 "-" "Mozilla/5.0 AppleWebKit/537.36 (KHTML, like Gecko; compatible; ClaudeBot/1.0; +claudebot@anthropic.com)"
216.73.216.10 - - [03/Nov/2025:06:35:01 +0000] "GET /acercade?fileloc=%2Fvar%2Fwww%2Fvhosts%2Fallende-losmares.com%2Fhttpdocs%2Fwp-content%2Fuploads%2FCompra-velero-check-in-300x114.jpg&path=%2Fvar%2Fwww%2Fvhosts%2Fallende-losmares.com%2Fhttpdocs%2Fwp-content%2Fuploads HTTP/1.0" 200 6596 "-" "Mozilla/5.0 AppleWebKit/537.36 (KHTML, like Gecko; compatible; ClaudeBot/1.0; +claudebot@anthropic.com)"
216.73.216.10 - - [03/Nov/2025:06:35:00 +0000] "GET /acercade?fileloc=%2Fvar%2Fwww%2Fvhosts%2Fallende-losmares.com%2Fhttpdocs%2Fwp-content%2Fuploads%2F3-2.jpg&path=%2Fvar%2Fwww%2Fvhosts%2Fallende-losmares.com%2Fhttpdocs%2Fwp-content%2Fuploads HTTP/1.0" 200 6577 "-" "Mozilla/5.0 AppleWebKit/537.36 (KHTML, like Gecko; compatible; ClaudeBot/1.0; +claudebot@anthropic.com)"
216.73.216.10 - - [03/Nov/2025:06:35:00 +0000] "GET /acercade?fileloc=%2Fvar%2Fwww%2Fvhosts%2Fallende-losmares.com%2Fhttpdocs%2Fwp-content%2Fuploads%2FDiesel-150x150.jpg&path=%2Fvar%2Fwww%2Fvhosts%2Fallende-losmares.com%2Fhttpdocs%2Fwp-content%2Fuploads HTTP/1.0" 200 6584 "-" "Mozilla/5.0 AppleWebKit/537.36 (KHTML, like Gecko; compatible; ClaudeBot/1.0; +claudebot@anthropic.com)"
216.73.216.10 - - [03/Nov/2025:06:35:01 +0000] "GET /acercade?fileloc=%2Fvar%2Fwww%2Fvhosts%2Fallende-losmares.com%2Fhttpdocs%2Fwp-content%2Fuploads%2FPies-768x512.jpg&path=%2Fvar%2Fwww%2Fvhosts%2Fallende-losmares.com%2Fhttpdocs%2Fwp-content%2Fuploads HTTP/1.0" 200 6584 "-" "Mozilla/5.0 AppleWebKit/537.36 (KHTML, like Gecko; compatible; ClaudeBot/1.0; +claudebot@anthropic.com)"
216.73.216.10 - - [03/Nov/2025:06:35:01 +0000] "GET /acercade?fileloc=%2Fvar%2Fwww%2Fvhosts%2Fallende-losmares.com%2Fhttpdocs%2Fwp-content%2Fuploads%2Fqw4-300x300.jpg&path=%2Fvar%2Fwww%2Fvhosts%2Fallende-losmares.com%2Fhttpdocs%2Fwp-content%2Fuploads HTTP/1.0" 200 6583 "-" "Mozilla/5.0 AppleWebKit/537.36 (KHTML, like Gecko; compatible; ClaudeBot/1.0; +claudebot@anthropic.com)"
216.73.216.10 - - [03/Nov/2025:06:35:01 +0000] "GET /acercade?fileloc=%2Fvar%2Fwww%2Fvhosts%2Fallende-losmares.com%2Fhttpdocs%2Fwp-content%2Fuploads%2FSkipper-768x775.jpg&path=%2Fvar%2Fwww%2Fvhosts%2Fallende-losmares.com%2Fhttpdocs%2Fwp-content%2Fuploads HTTP/1.0" 200 6587 "-" "Mozilla/5.0 AppleWebKit/537.36 (KHTML, like Gecko; compatible; ClaudeBot/1.0; +claudebot@anthropic.com)"
216.73.216.10 - - [03/Nov/2025:06:35:01 +0000] "GET /acercade?fileloc=%2Fvar%2Fwww%2Fvhosts%2Fallende-losmares.com%2Fhttpdocs%2Fwp-content%2Fuploads%2FGPS-OFF-100x100.jpg&path=%2Fvar%2Fwww%2Fvhosts%2Fallende-losmares.com%2Fhttpdocs%2Fwp-content%2Fuploads HTTP/1.0" 200 6587 "-" "Mozilla/5.0 AppleWebKit/537.36 (KHTML, like Gecko; compatible; ClaudeBot/1.0; +claudebot@anthropic.com)"
216.73.216.10 - - [03/Nov/2025:06:35:02 +0000] "GET /acercade?fileloc=%2Fvar%2Fwww%2Fvhosts%2Fallende-losmares.com%2Fhttpdocs%2Fwp-content%2Fuploads%2Fqw6-300x300.jpg&path=%2Fvar%2Fwww%2Fvhosts%2Fallende-losmares.com%2Fhttpdocs%2Fwp-content%2Fuploads HTTP/1.0" 200 6583 "-" "Mozilla/5.0 AppleWebKit/537.36 (KHTML, like Gecko; compatible; ClaudeBot/1.0; +claudebot@anthropic.com)"
216.73.216.10 - - [03/Nov/2025:06:35:02 +0000] "GET /acercade?fileloc=%2Fvar%2Fwww%2Fvhosts%2Fallende-losmares.com%2Fhttpdocs%2Fwp-content%2Fuploads%2FMapa-1-600x600.jpg&path=%2Fvar%2Fwww%2Fvhosts%2Fallende-losmares.com%2Fhttpdocs%2Fwp-content%2Fuploads HTTP/1.0" 200 6585 "-" "Mozilla/5.0 AppleWebKit/537.36 (KHTML, like Gecko; compatible; ClaudeBot/1.0; +claudebot@anthropic.com)"
216.73.216.10 - - [03/Nov/2025:06:35:02 +0000] "GET /acercade?fileloc=%2Fvar%2Fwww%2Fvhosts%2Fallende-losmares.com%2Fhttpdocs%2Fwp-content%2Fuploads%2FKuzRBZ6M_400x400.jpg&path=%2Fvar%2Fwww%2Fvhosts%2Fallende-losmares.com%2Fhttpdocs%2Fwp-content%2Fuploads HTTP/1.0" 200 6590 "-" "Mozilla/5.0 AppleWebKit/537.36 (KHTML, like Gecko; compatible; ClaudeBot/1.0; +claudebot@anthropic.com)"
44.210.204.255 - - [03/Nov/2025:06:35:02 +0000] "GET /acerca-de-paula/?fileloc=/var/www/vhosts/allende-losmares.com/httpdocs/wp-content/languages/plugins/woocommerce-es_ES-273f81d58cdef2889c452dacb50de2ed.json&path=/var/www/vhosts/allende-losmares.com/httpdocs/wp-content/languages/plugins HTTP/1.0" 200 7178 "-" "Mozilla/5.0 AppleWebKit/537.36 (KHTML, like Gecko; compatible; Amazonbot/0.1; +https://developer.amazon.com/support/amazonbot) Chrome/119.0.6045.214 Safari/537.36"
216.73.216.10 - - [03/Nov/2025:06:35:03 +0000] "GET /acercade?fileloc=%2Fvar%2Fwww%2Fvhosts%2Fallende-losmares.com%2Fhttpdocs%2Fwp-content%2Fuploads%2FCAP-150x150.jpg&path=%2Fvar%2Fwww%2Fvhosts%2Fallende-losmares.com%2Fhttpdocs%2Fwp-content%2Fuploads HTTP/1.0" 200 6583 "-" "Mozilla/5.0 AppleWebKit/537.36 (KHTML, like Gecko; compatible; ClaudeBot/1.0; +claudebot@anthropic.com)"
216.73.216.10 - - [03/Nov/2025:06:35:02 +0000] "GET /acercade?fileloc=%2Fvar%2Fwww%2Fvhosts%2Fallende-losmares.com%2Fhttpdocs%2Fwp-content%2Fuploads%2FANEN.png&path=%2Fvar%2Fwww%2Fvhosts%2Fallende-losmares.com%2Fhttpdocs%2Fwp-content%2Fuploads HTTP/1.0" 200 6578 "-" "Mozilla/5.0 AppleWebKit/537.36 (KHTML, like Gecko; compatible; ClaudeBot/1.0; +claudebot@anthropic.com)"
216.73.216.10 - - [03/Nov/2025:06:35:03 +0000] "GET /acercade?fileloc=%2Fvar%2Fwww%2Fvhosts%2Fallende-losmares.com%2Fhttpdocs%2Fwp-content%2Fuploads%2F3-1.jpg&path=%2Fvar%2Fwww%2Fvhosts%2Fallende-losmares.com%2Fhttpdocs%2Fwp-content%2Fuploads HTTP/1.0" 200 6577 "-" "Mozilla/5.0 AppleWebKit/537.36 (KHTML, like Gecko; compatible; ClaudeBot/1.0; +claudebot@anthropic.com)"
216.73.216.10 - - [03/Nov/2025:06:35:03 +0000] "GET /acercade?fileloc=%2Fvar%2Fwww%2Fvhosts%2Fallende-losmares.com%2Fhttpdocs%2Fwp-content%2Fuploads%2FPortada-WEB-600x133.jpg&path=%2Fvar%2Fwww%2Fvhosts%2Fallende-losmares.com%2Fhttpdocs%2Fwp-content%2Fuploads HTTP/1.0" 200 6590 "-" "Mozilla/5.0 AppleWebKit/537.36 (KHTML, like Gecko; compatible; ClaudeBot/1.0; +claudebot@anthropic.com)"
216.73.216.10 - - [03/Nov/2025:06:35:03 +0000] "GET /acercade?fileloc=%2Fvar%2Fwww%2Fvhosts%2Fallende-losmares.com%2Fhttpdocs%2Fwp-content%2Fuploads%2F20170912_211117-scaled.jpg&path=%2Fvar%2Fwww%2Fvhosts%2Fallende-losmares.com%2Fhttpdocs%2Fwp-content%2Fuploads HTTP/1.0" 200 6590 "-" "Mozilla/5.0 AppleWebKit/537.36 (KHTML, like Gecko; compatible; ClaudeBot/1.0; +claudebot@anthropic.com)"
216.73.216.10 - - [03/Nov/2025:06:35:03 +0000] "GET /acercade?fileloc=%2Fvar%2Fwww%2Fvhosts%2Fallende-losmares.com%2Fhttpdocs%2Fwp-content%2Fuploads%2Fmeteo_on_board3-980x511.jpg&path=%2Fvar%2Fwww%2Fvhosts%2Fallende-losmares.com%2Fhttpdocs%2Fwp-content%2Fuploads HTTP/1.0" 200 6589 "-" "Mozilla/5.0 AppleWebKit/537.36 (KHTML, like Gecko; compatible; ClaudeBot/1.0; +claudebot@anthropic.com)"
47.128.96.168 - - [03/Nov/2025:06:35:03 +0000] "GET /?path=%2Fvar%2Fwww%2Fvhosts%2Fallende-losmares.com%2Fhttpdocs%2Fwp-includes%2Fblocks%2Fshortcode HTTP/1.0" 200 7063 "-" "Mozilla/5.0 (Linux; Android 5.0) AppleWebKit/537.36 (KHTML, like Gecko) Mobile Safari/537.36 (compatible; TikTokSpider; ttspider-feedback@tiktok.com)"
216.73.216.10 - - [03/Nov/2025:06:35:03 +0000] "GET /?fileloc=%2Fvar%2Fwww%2Fvhosts%2Fallende-losmares.com%2Fhttpdocs%2Fwp-includes%2Fimages%2Fsmilies%2Ficon_question.gif&path=%2Fvar%2Fwww%2Fvhosts%2Fallende-losmares.com%2Fhttpdocs%2Fwp-includes%2Fimages%2Fsmilies HTTP/1.0" 200 6598 "-" "Mozilla/5.0 AppleWebKit/537.36 (KHTML, like Gecko; compatible; ClaudeBot/1.0; +claudebot@anthropic.com)"
216.73.216.10 - - [03/Nov/2025:06:35:03 +0000] "GET /acercade?fileloc=%2Fvar%2Fwww%2Fvhosts%2Fallende-losmares.com%2Fhttpdocs%2Fwp-content%2Fuploads%2FBuscovelero.jpg&path=%2Fvar%2Fwww%2Fvhosts%2Fallende-losmares.com%2Fhttpdocs%2Fwp-content%2Fuploads HTTP/1.0" 200 6583 "-" "Mozilla/5.0 AppleWebKit/537.36 (KHTML, like Gecko; compatible; ClaudeBot/1.0; +claudebot@anthropic.com)"
216.73.216.10 - - [03/Nov/2025:06:35:04 +0000] "GET /acercade?fileloc=%2Fvar%2Fwww%2Fvhosts%2Fallende-losmares.com%2Fhttpdocs%2Fwp-content%2Fuploads%2FPaises2-768x24.jpg&path=%2Fvar%2Fwww%2Fvhosts%2Fallende-losmares.com%2Fhttpdocs%2Fwp-content%2Fuploads HTTP/1.0" 200 6585 "-" "Mozilla/5.0 AppleWebKit/537.36 (KHTML, like Gecko; compatible; ClaudeBot/1.0; +claudebot@anthropic.com)"
216.73.216.10 - - [03/Nov/2025:06:35:04 +0000] "GET /acercade?fileloc=%2Fvar%2Fwww%2Fvhosts%2Fallende-losmares.com%2Fhttpdocs%2Fwp-content%2Fuploads%2F22-1.jpg&path=%2Fvar%2Fwww%2Fvhosts%2Fallende-losmares.com%2Fhttpdocs%2Fwp-content%2Fuploads HTTP/1.0" 200 6577 "-" "Mozilla/5.0 AppleWebKit/537.36 (KHTML, like Gecko; compatible; ClaudeBot/1.0; +claudebot@anthropic.com)"
216.73.216.10 - - [03/Nov/2025:06:35:04 +0000] "GET /acercade?fileloc=%2Fvar%2Fwww%2Fvhosts%2Fallende-losmares.com%2Fhttpdocs%2Fwp-content%2Fuploads%2FCAP-1-600x337.jpg&path=%2Fvar%2Fwww%2Fvhosts%2Fallende-losmares.com%2Fhttpdocs%2Fwp-content%2Fuploads HTTP/1.0" 200 6586 "-" "Mozilla/5.0 AppleWebKit/537.36 (KHTML, like Gecko; compatible; ClaudeBot/1.0; +claudebot@anthropic.com)"
216.73.216.10 - - [03/Nov/2025:06:35:04 +0000] "GET /acercade?fileloc=%2Fvar%2Fwww%2Fvhosts%2Fallende-losmares.com%2Fhttpdocs%2Fwp-content%2Fuploads%2FDJI_0906.jpg&path=%2Fvar%2Fwww%2Fvhosts%2Fallende-losmares.com%2Fhttpdocs%2Fwp-content%2Fuploads HTTP/1.0" 200 6583 "-" "Mozilla/5.0 AppleWebKit/537.36 (KHTML, like Gecko; compatible; ClaudeBot/1.0; +claudebot@anthropic.com)"
216.73.216.10 - - [03/Nov/2025:06:35:04 +0000] "GET /acercade?fileloc=%2Fvar%2Fwww%2Fvhosts%2Fallende-losmares.com%2Fhttpdocs%2Fwp-content%2Fuploads%2FCorte-bateria.jpg&path=%2Fvar%2Fwww%2Fvhosts%2Fallende-losmares.com%2Fhttpdocs%2Fwp-content%2Fuploads HTTP/1.0" 200 6577 "-" "Mozilla/5.0 AppleWebKit/537.36 (KHTML, like Gecko; compatible; ClaudeBot/1.0; +claudebot@anthropic.com)"
216.73.216.10 - - [03/Nov/2025:06:35:04 +0000] "GET /acercade?fileloc=%2Fvar%2Fwww%2Fvhosts%2Fallende-losmares.com%2Fhttpdocs%2Fwp-content%2Fuploads%2FMapa-1-400x284.jpg&path=%2Fvar%2Fwww%2Fvhosts%2Fallende-losmares.com%2Fhttpdocs%2Fwp-content%2Fuploads HTTP/1.0" 200 6586 "-" "Mozilla/5.0 AppleWebKit/537.36 (KHTML, like Gecko; compatible; ClaudeBot/1.0; +claudebot@anthropic.com)"
216.73.216.10 - - [03/Nov/2025:06:35:04 +0000] "GET /acercade?fileloc=%2Fvar%2Fwww%2Fvhosts%2Fallende-losmares.com%2Fhttpdocs%2Fwp-content%2Fuploads%2FDiesel-400x284.jpg&path=%2Fvar%2Fwww%2Fvhosts%2Fallende-losmares.com%2Fhttpdocs%2Fwp-content%2Fuploads HTTP/1.0" 200 6585 "-" "Mozilla/5.0 AppleWebKit/537.36 (KHTML, like Gecko; compatible; ClaudeBot/1.0; +claudebot@anthropic.com)"
216.73.216.10 - - [03/Nov/2025:06:35:05 +0000] "GET /acercade?fileloc=%2Fvar%2Fwww%2Fvhosts%2Fallende-losmares.com%2Fhttpdocs%2Fwp-content%2Fuploads%2FDSCF7052-copy.jpg&path=%2Fvar%2Fwww%2Fvhosts%2Fallende-losmares.com%2Fhttpdocs%2Fwp-content%2Fuploads HTTP/1.0" 200 6586 "-" "Mozilla/5.0 AppleWebKit/537.36 (KHTML, like Gecko; compatible; ClaudeBot/1.0; +claudebot@anthropic.com)"
216.73.216.10 - - [03/Nov/2025:06:35:05 +0000] "GET /acercade?fileloc=%2Fvar%2Fwww%2Fvhosts%2Fallende-losmares.com%2Fhttpdocs%2Fwp-content%2Fuploads%2F1-2.jpg&path=%2Fvar%2Fwww%2Fvhosts%2Fallende-losmares.com%2Fhttpdocs%2Fwp-content%2Fuploads HTTP/1.0" 200 6577 "-" "Mozilla/5.0 AppleWebKit/537.36 (KHTML, like Gecko; compatible; ClaudeBot/1.0; +claudebot@anthropic.com)"
74.7.227.126 - - [03/Nov/2025:06:35:05 +0000] "GET /favicon.ico?path=/var/www/vhosts/allende-losmares.com/httpdocs/wp-content/plugins/divi-builder/includes/builder/frontend-builder/assets/vendors/plugins/wordcount HTTP/1.0" 200 7001 "-" "Mozilla/5.0 AppleWebKit/537.36 (KHTML, like Gecko; compatible; GPTBot/1.2; +https://openai.com/gptbot)"
216.73.216.10 - - [03/Nov/2025:06:35:05 +0000] "GET /acercade?fileloc=%2Fvar%2Fwww%2Fvhosts%2Fallende-losmares.com%2Fhttpdocs%2Fwp-content%2Fuploads%2Fqw1-480x372.jpg&path=%2Fvar%2Fwww%2Fvhosts%2Fallende-losmares.com%2Fhttpdocs%2Fwp-content%2Fuploads HTTP/1.0" 200 6584 "-" "Mozilla/5.0 AppleWebKit/537.36 (KHTML, like Gecko; compatible; ClaudeBot/1.0; +claudebot@anthropic.com)"
216.73.216.10 - - [03/Nov/2025:06:35:05 +0000] "GET /acercade?fileloc=%2Fvar%2Fwww%2Fvhosts%2Fallende-losmares.com%2Fhttpdocs%2Fwp-content%2Fuploads%2FDSC02609.jpg&path=%2Fvar%2Fwww%2Fvhosts%2Fallende-losmares.com%2Fhttpdocs%2Fwp-content%2Fuploads HTTP/1.0" 200 6581 "-" "Mozilla/5.0 AppleWebKit/537.36 (KHTML, like Gecko; compatible; ClaudeBot/1.0; +claudebot@anthropic.com)"
216.73.216.10 - - [03/Nov/2025:06:35:05 +0000] "GET /acercade?fileloc=%2Fvar%2Fwww%2Fvhosts%2Fallende-losmares.com%2Fhttpdocs%2Fwp-content%2Fuploads%2FFood-boat.jpg&path=%2Fvar%2Fwww%2Fvhosts%2Fallende-losmares.com%2Fhttpdocs%2Fwp-content%2Fuploads HTTP/1.0" 200 6581 "-" "Mozilla/5.0 AppleWebKit/537.36 (KHTML, like Gecko; compatible; ClaudeBot/1.0; +claudebot@anthropic.com)"
74.7.227.106 - - [03/Nov/2025:06:35:05 +0000] "GET /detail/218802596?fileloc=/var/www/vhosts/allende-losmares.com/httpdocs/radio.php&path=/var/www/vhosts/allende-losmares.com/httpdocs HTTP/1.0" 200 9343 "-" "Mozilla/5.0 AppleWebKit/537.36 (KHTML, like Gecko; compatible; GPTBot/1.2; +https://openai.com/gptbot)"
216.73.216.10 - - [03/Nov/2025:06:35:05 +0000] "GET /acercade?fileloc=%2Fvar%2Fwww%2Fvhosts%2Fallende-losmares.com%2Fhttpdocs%2Fwp-content%2Fuploads%2FDSCF9598.jpg&path=%2Fvar%2Fwww%2Fvhosts%2Fallende-losmares.com%2Fhttpdocs%2Fwp-content%2Fuploads HTTP/1.0" 200 6582 "-" "Mozilla/5.0 AppleWebKit/537.36 (KHTML, like Gecko; compatible; ClaudeBot/1.0; +claudebot@anthropic.com)"
216.73.216.10 - - [03/Nov/2025:06:35:06 +0000] "GET /acercade?fileloc=%2Fvar%2Fwww%2Fvhosts%2Fallende-losmares.com%2Fhttpdocs%2Fwp-content%2Fuploads%2FFacebook-Icono-768x768.png&path=%2Fvar%2Fwww%2Fvhosts%2Fallende-losmares.com%2Fhttpdocs%2Fwp-content%2Fuploads HTTP/1.0" 200 6589 "-" "Mozilla/5.0 AppleWebKit/537.36 (KHTML, like Gecko; compatible; ClaudeBot/1.0; +claudebot@anthropic.com)"
216.73.216.10 - - [03/Nov/2025:06:35:06 +0000] "GET /acercade?fileloc=%2Fvar%2Fwww%2Fvhosts%2Fallende-losmares.com%2Fhttpdocs%2Fwp-content%2Fuploads%2F20160111_160525.jpg&path=%2Fvar%2Fwww%2Fvhosts%2Fallende-losmares.com%2Fhttpdocs%2Fwp-content%2Fuploads HTTP/1.0" 200 6586 "-" "Mozilla/5.0 AppleWebKit/537.36 (KHTML, like Gecko; compatible; ClaudeBot/1.0; +claudebot@anthropic.com)"
216.73.216.10 - - [03/Nov/2025:06:35:06 +0000] "GET /acercade?fileloc=%2Fvar%2Fwww%2Fvhosts%2Fallende-losmares.com%2Fhttpdocs%2Fwp-content%2Fuploads%2FMapa-600x218.jpg&path=%2Fvar%2Fwww%2Fvhosts%2Fallende-losmares.com%2Fhttpdocs%2Fwp-content%2Fuploads HTTP/1.0" 200 6584 "-" "Mozilla/5.0 AppleWebKit/537.36 (KHTML, like Gecko; compatible; ClaudeBot/1.0; +claudebot@anthropic.com)"
216.73.216.10 - - [03/Nov/2025:06:35:06 +0000] "GET /acercade?fileloc=%2Fvar%2Fwww%2Fvhosts%2Fallende-losmares.com%2Fhttpdocs%2Fwp-content%2Fuploads%2F32.jpg&path=%2Fvar%2Fwww%2Fvhosts%2Fallende-losmares.com%2Fhttpdocs%2Fwp-content%2Fuploads HTTP/1.0" 200 6576 "-" "Mozilla/5.0 AppleWebKit/537.36 (KHTML, like Gecko; compatible; ClaudeBot/1.0; +claudebot@anthropic.com)"
216.73.216.10 - - [03/Nov/2025:06:35:06 +0000] "GET /acercade?fileloc=%2Fvar%2Fwww%2Fvhosts%2Fallende-losmares.com%2Fhttpdocs%2Fwp-content%2Fuploads%2FDSC01121-scaled.jpg&path=%2Fvar%2Fwww%2Fvhosts%2Fallende-losmares.com%2Fhttpdocs%2Fwp-content%2Fuploads HTTP/1.0" 200 6585 "-" "Mozilla/5.0 AppleWebKit/537.36 (KHTML, like Gecko; compatible; ClaudeBot/1.0; +claudebot@anthropic.com)"
216.73.216.10 - - [03/Nov/2025:06:35:06 +0000] "GET /acercade?fileloc=%2Fvar%2Fwww%2Fvhosts%2Fallende-losmares.com%2Fhttpdocs%2Fwp-content%2Fuploads%2F10-1-768x548.jpg&path=%2Fvar%2Fwww%2Fvhosts%2Fallende-losmares.com%2Fhttpdocs%2Fwp-content%2Fuploads HTTP/1.0" 200 6584 "-" "Mozilla/5.0 AppleWebKit/537.36 (KHTML, like Gecko; compatible; ClaudeBot/1.0; +claudebot@anthropic.com)"
216.73.216.10 - - [03/Nov/2025:06:35:06 +0000] "GET /acercade?fileloc=%2Fvar%2Fwww%2Fvhosts%2Fallende-losmares.com%2Fhttpdocs%2Fwp-content%2Fuploads%2F6-1.jpg&path=%2Fvar%2Fwww%2Fvhosts%2Fallende-losmares.com%2Fhttpdocs%2Fwp-content%2Fuploads HTTP/1.0" 200 6577 "-" "Mozilla/5.0 AppleWebKit/537.36 (KHTML, like Gecko; compatible; ClaudeBot/1.0; +claudebot@anthropic.com)"
216.73.216.10 - - [03/Nov/2025:06:35:07 +0000] "GET /acercade?fileloc=%2Fvar%2Fwww%2Fvhosts%2Fallende-losmares.com%2Fhttpdocs%2Fwp-content%2Fuploads%2F10_Navegar-en-flotilla.jpg&path=%2Fvar%2Fwww%2Fvhosts%2Fallende-losmares.com%2Fhttpdocs%2Fwp-content%2Fuploads HTTP/1.0" 200 6591 "-" "Mozilla/5.0 AppleWebKit/537.36 (KHTML, like Gecko; compatible; ClaudeBot/1.0; +claudebot@anthropic.com)"
216.73.216.10 - - [03/Nov/2025:06:35:07 +0000] "GET /acercade?fileloc=%2Fvar%2Fwww%2Fvhosts%2Fallende-losmares.com%2Fhttpdocs%2Fwp-content%2Fuploads%2FDSC03110-scaled.jpg&path=%2Fvar%2Fwww%2Fvhosts%2Fallende-losmares.com%2Fhttpdocs%2Fwp-content%2Fuploads HTTP/1.0" 200 6585 "-" "Mozilla/5.0 AppleWebKit/537.36 (KHTML, like Gecko; compatible; ClaudeBot/1.0; +claudebot@anthropic.com)"
98.82.107.102 - - [03/Nov/2025:06:35:07 +0000] "GET /acerca-de-paula/?fileloc=/var/www/vhosts/allende-losmares.com/httpdocs/wp-content/languages/plugins/woocommerce-es_AR-17a45e3f063655b8198fa49235188c17.json&path=/var/www/vhosts/allende-losmares.com/httpdocs/wp-content/languages/plugins HTTP/1.0" 200 6991 "-" "Mozilla/5.0 AppleWebKit/537.36 (KHTML, like Gecko; compatible; Amazonbot/0.1; +https://developer.amazon.com/support/amazonbot) Chrome/119.0.6045.214 Safari/537.36"
216.73.216.10 - - [03/Nov/2025:06:35:07 +0000] "GET /acercade?fileloc=%2Fvar%2Fwww%2Fvhosts%2Fallende-losmares.com%2Fhttpdocs%2Fwp-content%2Fuploads%2FCAP-400x284.jpg&path=%2Fvar%2Fwww%2Fvhosts%2Fallende-losmares.com%2Fhttpdocs%2Fwp-content%2Fuploads HTTP/1.0" 200 6584 "-" "Mozilla/5.0 AppleWebKit/537.36 (KHTML, like Gecko; compatible; ClaudeBot/1.0; +claudebot@anthropic.com)"
216.73.216.10 - - [03/Nov/2025:06:35:07 +0000] "GET /acercade?fileloc=%2Fvar%2Fwww%2Fvhosts%2Fallende-losmares.com%2Fhttpdocs%2Fwp-content%2Fuploads%2FPortada-WEB-1-600x148.jpg&path=%2Fvar%2Fwww%2Fvhosts%2Fallende-losmares.com%2Fhttpdocs%2Fwp-content%2Fuploads HTTP/1.0" 200 6592 "-" "Mozilla/5.0 AppleWebKit/537.36 (KHTML, like Gecko; compatible; ClaudeBot/1.0; +claudebot@anthropic.com)"
216.73.216.10 - - [03/Nov/2025:06:35:07 +0000] "GET /acercade?fileloc=%2Fvar%2Fwww%2Fvhosts%2Fallende-losmares.com%2Fhttpdocs%2Fwp-content%2Fuploads%2FLogo-Meteowhizz-BN.png&path=%2Fvar%2Fwww%2Fvhosts%2Fallende-losmares.com%2Fhttpdocs%2Fwp-content%2Fuploads HTTP/1.0" 200 6589 "-" "Mozilla/5.0 AppleWebKit/537.36 (KHTML, like Gecko; compatible; ClaudeBot/1.0; +claudebot@anthropic.com)"
216.73.216.10 - - [03/Nov/2025:06:35:07 +0000] "GET /acercade?fileloc=%2Fvar%2Fwww%2Fvhosts%2Fallende-losmares.com%2Fhttpdocs%2Fwp-content%2Fuploads%2F10-768x576.jpg&path=%2Fvar%2Fwww%2Fvhosts%2Fallende-losmares.com%2Fhttpdocs%2Fwp-content%2Fuploads HTTP/1.0" 200 6583 "-" "Mozilla/5.0 AppleWebKit/537.36 (KHTML, like Gecko; compatible; ClaudeBot/1.0; +claudebot@anthropic.com)"
216.73.216.10 - - [03/Nov/2025:06:35:07 +0000] "GET /acercade?fileloc=%2Fvar%2Fwww%2Fvhosts%2Fallende-losmares.com%2Fhttpdocs%2Fwp-content%2Fuploads%2FCompra-velero-check-in-768x293.jpg&path=%2Fvar%2Fwww%2Fvhosts%2Fallende-losmares.com%2Fhttpdocs%2Fwp-content%2Fuploads HTTP/1.0" 200 6596 "-" "Mozilla/5.0 AppleWebKit/537.36 (KHTML, like Gecko; compatible; ClaudeBot/1.0; +claudebot@anthropic.com)"
216.73.216.10 - - [03/Nov/2025:06:35:08 +0000] "GET /acercade?fileloc=%2Fvar%2Fwww%2Fvhosts%2Fallende-losmares.com%2Fhttpdocs%2Fwp-content%2Fuploads%2FMapa-150x150.jpg&path=%2Fvar%2Fwww%2Fvhosts%2Fallende-losmares.com%2Fhttpdocs%2Fwp-content%2Fuploads HTTP/1.0" 200 6583 "-" "Mozilla/5.0 AppleWebKit/537.36 (KHTML, like Gecko; compatible; ClaudeBot/1.0; +claudebot@anthropic.com)"
216.73.216.10 - - [03/Nov/2025:06:35:08 +0000] "GET /acercade?fileloc=%2Fvar%2Fwww%2Fvhosts%2Fallende-losmares.com%2Fhttpdocs%2Fwp-content%2Fuploads%2F1-1.jpg&path=%2Fvar%2Fwww%2Fvhosts%2Fallende-losmares.com%2Fhttpdocs%2Fwp-content%2Fuploads HTTP/1.0" 200 6576 "-" "Mozilla/5.0 AppleWebKit/537.36 (KHTML, like Gecko; compatible; ClaudeBot/1.0; +claudebot@anthropic.com)"
216.73.216.10 - - [03/Nov/2025:06:35:07 +0000] "GET /acercade?fileloc=%2Fvar%2Fwww%2Fvhosts%2Fallende-losmares.com%2Fhttpdocs%2Fwp-content%2Fuploads%2FPortada-WEB-1-100x100.jpg&path=%2Fvar%2Fwww%2Fvhosts%2Fallende-losmares.com%2Fhttpdocs%2Fwp-content%2Fuploads HTTP/1.0" 200 6591 "-" "Mozilla/5.0 AppleWebKit/537.36 (KHTML, like Gecko; compatible; ClaudeBot/1.0; +claudebot@anthropic.com)"
216.73.216.10 - - [03/Nov/2025:06:35:08 +0000] "GET /acercade?fileloc=%2Fvar%2Fwww%2Fvhosts%2Fallende-losmares.com%2Fhttpdocs%2Fwp-content%2Fuploads%2F8.jpg&path=%2Fvar%2Fwww%2Fvhosts%2Fallende-losmares.com%2Fhttpdocs%2Fwp-content%2Fuploads HTTP/1.0" 200 6575 "-" "Mozilla/5.0 AppleWebKit/537.36 (KHTML, like Gecko; compatible; ClaudeBot/1.0; +claudebot@anthropic.com)"
216.73.216.10 - - [03/Nov/2025:06:35:08 +0000] "GET /acercade?fileloc=%2Fvar%2Fwww%2Fvhosts%2Fallende-losmares.com%2Fhttpdocs%2Fwp-content%2Fuploads%2F20180825_134647-scaled.jpg&path=%2Fvar%2Fwww%2Fvhosts%2Fallende-losmares.com%2Fhttpdocs%2Fwp-content%2Fuploads HTTP/1.0" 200 6591 "-" "Mozilla/5.0 AppleWebKit/537.36 (KHTML, like Gecko; compatible; ClaudeBot/1.0; +claudebot@anthropic.com)"
216.73.216.10 - - [03/Nov/2025:06:35:08 +0000] "GET /acercade?fileloc=%2Fvar%2Fwww%2Fvhosts%2Fallende-losmares.com%2Fhttpdocs%2Fwp-content%2Fuploads%2FNavegar-1.jpg&path=%2Fvar%2Fwww%2Fvhosts%2Fallende-losmares.com%2Fhttpdocs%2Fwp-content%2Fuploads HTTP/1.0" 200 6582 "-" "Mozilla/5.0 AppleWebKit/537.36 (KHTML, like Gecko; compatible; ClaudeBot/1.0; +claudebot@anthropic.com)"
216.73.216.10 - - [03/Nov/2025:06:35:08 +0000] "GET /acercade?fileloc=%2Fvar%2Fwww%2Fvhosts%2Fallende-losmares.com%2Fhttpdocs%2Fwp-content%2Fuploads%2F21.jpg&path=%2Fvar%2Fwww%2Fvhosts%2Fallende-losmares.com%2Fhttpdocs%2Fwp-content%2Fuploads HTTP/1.0" 200 6576 "-" "Mozilla/5.0 AppleWebKit/537.36 (KHTML, like Gecko; compatible; ClaudeBot/1.0; +claudebot@anthropic.com)"
216.73.216.10 - - [03/Nov/2025:06:35:08 +0000] "GET /acercade?fileloc=%2Fvar%2Fwww%2Fvhosts%2Fallende-losmares.com%2Fhttpdocs%2Fwp-content%2Fuploads%2FVLOG-Youtube.jpg&path=%2Fvar%2Fwww%2Fvhosts%2Fallende-losmares.com%2Fhttpdocs%2Fwp-content%2Fuploads HTTP/1.0" 200 6586 "-" "Mozilla/5.0 AppleWebKit/537.36 (KHTML, like Gecko; compatible; ClaudeBot/1.0; +claudebot@anthropic.com)"
216.73.216.10 - - [03/Nov/2025:06:35:09 +0000] "GET /acercade?fileloc=%2Fvar%2Fwww%2Fvhosts%2Fallende-losmares.com%2Fhttpdocs%2Fwp-content%2Fuploads%2FAcrobat-1.jpg&path=%2Fvar%2Fwww%2Fvhosts%2Fallende-losmares.com%2Fhttpdocs%2Fwp-content%2Fuploads HTTP/1.0" 200 6581 "-" "Mozilla/5.0 AppleWebKit/537.36 (KHTML, like Gecko; compatible; ClaudeBot/1.0; +claudebot@anthropic.com)"
216.73.216.10 - - [03/Nov/2025:06:35:09 +0000] "GET /acercade?fileloc=%2Fvar%2Fwww%2Fvhosts%2Fallende-losmares.com%2Fhttpdocs%2Fwp-content%2Fuploads%2FGPS-OFF-600x428.jpg&path=%2Fvar%2Fwww%2Fvhosts%2Fallende-losmares.com%2Fhttpdocs%2Fwp-content%2Fuploads HTTP/1.0" 200 6589 "-" "Mozilla/5.0 AppleWebKit/537.36 (KHTML, like Gecko; compatible; ClaudeBot/1.0; +claudebot@anthropic.com)"
216.73.216.10 - - [03/Nov/2025:06:35:09 +0000] "GET /acercade?fileloc=%2Fvar%2Fwww%2Fvhosts%2Fallende-losmares.com%2Fhttpdocs%2Fwp-content%2Fuploads%2FMapa-400x284.jpg&path=%2Fvar%2Fwww%2Fvhosts%2Fallende-losmares.com%2Fhttpdocs%2Fwp-content%2Fuploads HTTP/1.0" 200 6584 "-" "Mozilla/5.0 AppleWebKit/537.36 (KHTML, like Gecko; compatible; ClaudeBot/1.0; +claudebot@anthropic.com)"
216.73.216.10 - - [03/Nov/2025:06:35:09 +0000] "GET /acercade?fileloc=%2Fvar%2Fwww%2Fvhosts%2Fallende-losmares.com%2Fhttpdocs%2Fwp-content%2Fuploads%2F20170912_211117.jpg&path=%2Fvar%2Fwww%2Fvhosts%2Fallende-losmares.com%2Fhttpdocs%2Fwp-content%2Fuploads HTTP/1.0" 200 6586 "-" "Mozilla/5.0 AppleWebKit/537.36 (KHTML, like Gecko; compatible; ClaudeBot/1.0; +claudebot@anthropic.com)"
216.73.216.10 - - [03/Nov/2025:06:35:09 +0000] "GET /acercade?fileloc=%2Fvar%2Fwww%2Fvhosts%2Fallende-losmares.com%2Fhttpdocs%2Fwp-content%2Fuploads%2FCAP-1-1024x576.jpg&path=%2Fvar%2Fwww%2Fvhosts%2Fallende-losmares.com%2Fhttpdocs%2Fwp-content%2Fuploads HTTP/1.0" 200 6587 "-" "Mozilla/5.0 AppleWebKit/537.36 (KHTML, like Gecko; compatible; ClaudeBot/1.0; +claudebot@anthropic.com)"
216.73.216.10 - - [03/Nov/2025:06:35:10 +0000] "GET /acercade?fileloc=%2Fvar%2Fwww%2Fvhosts%2Fallende-losmares.com%2Fhttpdocs%2Fwp-content%2Fuploads%2FLibretas-CAP.jpg&path=%2Fvar%2Fwww%2Fvhosts%2Fallende-losmares.com%2Fhttpdocs%2Fwp-content%2Fuploads HTTP/1.0" 200 6584 "-" "Mozilla/5.0 AppleWebKit/537.36 (KHTML, like Gecko; compatible; ClaudeBot/1.0; +claudebot@anthropic.com)"
216.73.216.10 - - [03/Nov/2025:06:35:10 +0000] "GET /acercade?fileloc=%2Fvar%2Fwww%2Fvhosts%2Fallende-losmares.com%2Fhttpdocs%2Fwp-content%2Fuploads%2F22.jpg&path=%2Fvar%2Fwww%2Fvhosts%2Fallende-losmares.com%2Fhttpdocs%2Fwp-content%2Fuploads HTTP/1.0" 200 6576 "-" "Mozilla/5.0 AppleWebKit/537.36 (KHTML, like Gecko; compatible; ClaudeBot/1.0; +claudebot@anthropic.com)"
216.73.216.10 - - [03/Nov/2025:06:35:10 +0000] "GET /acercade?fileloc=%2Fvar%2Fwww%2Fvhosts%2Fallende-losmares.com%2Fhttpdocs%2Fwp-content%2Fuploads%2FDingui-velero.jpg&path=%2Fvar%2Fwww%2Fvhosts%2Fallende-losmares.com%2Fhttpdocs%2Fwp-content%2Fuploads HTTP/1.0" 200 6584 "-" "Mozilla/5.0 AppleWebKit/537.36 (KHTML, like Gecko; compatible; ClaudeBot/1.0; +claudebot@anthropic.com)"
216.73.216.10 - - [03/Nov/2025:06:35:10 +0000] "GET /acercade?fileloc=%2Fvar%2Fwww%2Fvhosts%2Fallende-losmares.com%2Fhttpdocs%2Fwp-content%2Fuploads%2FEstiba-comida-scaled.jpg&path=%2Fvar%2Fwww%2Fvhosts%2Fallende-losmares.com%2Fhttpdocs%2Fwp-content%2Fuploads HTTP/1.0" 200 6587 "-" "Mozilla/5.0 AppleWebKit/537.36 (KHTML, like Gecko; compatible; ClaudeBot/1.0; +claudebot@anthropic.com)"
216.73.216.10 - - [03/Nov/2025:06:35:10 +0000] "GET /acercade?fileloc=%2Fvar%2Fwww%2Fvhosts%2Fallende-losmares.com%2Fhttpdocs%2Fwp-content%2Fuploads%2FDSCF9598-scaled.jpg&path=%2Fvar%2Fwww%2Fvhosts%2Fallende-losmares.com%2Fhttpdocs%2Fwp-content%2Fuploads HTTP/1.0" 200 6586 "-" "Mozilla/5.0 AppleWebKit/537.36 (KHTML, like Gecko; compatible; ClaudeBot/1.0; +claudebot@anthropic.com)"
216.73.216.10 - - [03/Nov/2025:06:35:10 +0000] "GET /acercade?fileloc=%2Fvar%2Fwww%2Fvhosts%2Fallende-losmares.com%2Fhttpdocs%2Fwp-content%2Fuploads%2FMG_8239.png&path=%2Fvar%2Fwww%2Fvhosts%2Fallende-losmares.com%2Fhttpdocs%2Fwp-content%2Fuploads HTTP/1.0" 200 6581 "-" "Mozilla/5.0 AppleWebKit/537.36 (KHTML, like Gecko; compatible; ClaudeBot/1.0; +claudebot@anthropic.com)"
216.73.216.10 - - [03/Nov/2025:06:35:10 +0000] "GET /acercade?fileloc=%2Fvar%2Fwww%2Fvhosts%2Fallende-losmares.com%2Fhttpdocs%2Fwp-content%2Fuploads%2Ftl.jpg&path=%2Fvar%2Fwww%2Fvhosts%2Fallende-losmares.com%2Fhttpdocs%2Fwp-content%2Fuploads HTTP/1.0" 200 6576 "-" "Mozilla/5.0 AppleWebKit/537.36 (KHTML, like Gecko; compatible; ClaudeBot/1.0; +claudebot@anthropic.com)"
216.73.216.10 - - [03/Nov/2025:06:35:10 +0000] "GET /acercade?fileloc=%2Fvar%2Fwww%2Fvhosts%2Fallende-losmares.com%2Fhttpdocs%2Fwp-content%2Fuploads%2Fy6.jpg&path=%2Fvar%2Fwww%2Fvhosts%2Fallende-losmares.com%2Fhttpdocs%2Fwp-content%2Fuploads HTTP/1.0" 200 6576 "-" "Mozilla/5.0 AppleWebKit/537.36 (KHTML, like Gecko; compatible; ClaudeBot/1.0; +claudebot@anthropic.com)"
216.73.216.10 - - [03/Nov/2025:06:35:10 +0000] "GET /acercade?fileloc=%2Fvar%2Fwww%2Fvhosts%2Fallende-losmares.com%2Fhttpdocs%2Fwp-content%2Fuploads%2FPortada-WEB-100x100.jpg&path=%2Fvar%2Fwww%2Fvhosts%2Fallende-losmares.com%2Fhttpdocs%2Fwp-content%2Fuploads HTTP/1.0" 200 6589 "-" "Mozilla/5.0 AppleWebKit/537.36 (KHTML, like Gecko; compatible; ClaudeBot/1.0; +claudebot@anthropic.com)"
216.73.216.10 - - [03/Nov/2025:06:35:10 +0000] "GET /acercade?fileloc=%2Fvar%2Fwww%2Fvhosts%2Fallende-losmares.com%2Fhttpdocs%2Fwp-content%2Fuploads%2FP1010247-768x576.jpg&path=%2Fvar%2Fwww%2Fvhosts%2Fallende-losmares.com%2Fhttpdocs%2Fwp-content%2Fuploads HTTP/1.0" 200 6588 "-" "Mozilla/5.0 AppleWebKit/537.36 (KHTML, like Gecko; compatible; ClaudeBot/1.0; +claudebot@anthropic.com)"
216.73.216.10 - - [03/Nov/2025:06:35:11 +0000] "GET /acercade?fileloc=%2Fvar%2Fwww%2Fvhosts%2Fallende-losmares.com%2Fhttpdocs%2Fwp-content%2Fuploads%2FMG_8239-1.jpg&path=%2Fvar%2Fwww%2Fvhosts%2Fallende-losmares.com%2Fhttpdocs%2Fwp-content%2Fuploads HTTP/1.0" 200 6583 "-" "Mozilla/5.0 AppleWebKit/537.36 (KHTML, like Gecko; compatible; ClaudeBot/1.0; +claudebot@anthropic.com)"
216.73.216.10 - - [03/Nov/2025:06:35:10 +0000] "GET /acercade?fileloc=%2Fvar%2Fwww%2Fvhosts%2Fallende-losmares.com%2Fhttpdocs%2Fwp-content%2Fuploads%2FCAP-1-400x250.jpg&path=%2Fvar%2Fwww%2Fvhosts%2Fallende-losmares.com%2Fhttpdocs%2Fwp-content%2Fuploads HTTP/1.0" 200 6586 "-" "Mozilla/5.0 AppleWebKit/537.36 (KHTML, like Gecko; compatible; ClaudeBot/1.0; +claudebot@anthropic.com)"
216.73.216.10 - - [03/Nov/2025:06:35:11 +0000] "GET /acercade?fileloc=%2Fvar%2Fwww%2Fvhosts%2Fallende-losmares.com%2Fhttpdocs%2Fwp-content%2Fuploads%2FCubierta.jpg&path=%2Fvar%2Fwww%2Fvhosts%2Fallende-losmares.com%2Fhttpdocs%2Fwp-content%2Fuploads HTTP/1.0" 200 6580 "-" "Mozilla/5.0 AppleWebKit/537.36 (KHTML, like Gecko; compatible; ClaudeBot/1.0; +claudebot@anthropic.com)"
74.7.227.126 - - [03/Nov/2025:06:35:11 +0000] "GET /favicon.ico?path=/var/www/vhosts/allende-losmares.com/httpdocs/wp-content/plugins/divi-builder/includes/builder/frontend-builder/assets/vendors/plugins/contextmenu HTTP/1.0" 200 6999 "-" "Mozilla/5.0 AppleWebKit/537.36 (KHTML, like Gecko; compatible; GPTBot/1.2; +https://openai.com/gptbot)"
216.73.216.10 - - [03/Nov/2025:06:35:11 +0000] "GET /acercade?fileloc=%2Fvar%2Fwww%2Fvhosts%2Fallende-losmares.com%2Fhttpdocs%2Fwp-content%2Fuploads%2F1.jpg&path=%2Fvar%2Fwww%2Fvhosts%2Fallende-losmares.com%2Fhttpdocs%2Fwp-content%2Fuploads HTTP/1.0" 200 6575 "-" "Mozilla/5.0 AppleWebKit/537.36 (KHTML, like Gecko; compatible; ClaudeBot/1.0; +claudebot@anthropic.com)"
216.73.216.10 - - [03/Nov/2025:06:35:11 +0000] "GET /acercade?fileloc=%2Fvar%2Fwww%2Fvhosts%2Fallende-losmares.com%2Fhttpdocs%2Fwp-content%2Fuploads%2FDiego.jpg&path=%2Fvar%2Fwww%2Fvhosts%2Fallende-losmares.com%2Fhttpdocs%2Fwp-content%2Fuploads HTTP/1.0" 200 6578 "-" "Mozilla/5.0 AppleWebKit/537.36 (KHTML, like Gecko; compatible; ClaudeBot/1.0; +claudebot@anthropic.com)"
216.73.216.10 - - [03/Nov/2025:06:35:11 +0000] "GET /acercade?fileloc=%2Fvar%2Fwww%2Fvhosts%2Fallende-losmares.com%2Fhttpdocs%2Fwp-admin%2Fimages%2Fxit-2x.gif&path=%2Fvar%2Fwww%2Fvhosts%2Fallende-losmares.com%2Fhttpdocs%2Fwp-admin%2Fimages HTTP/1.0" 200 6580 "-" "Mozilla/5.0 AppleWebKit/537.36 (KHTML, like Gecko; compatible; ClaudeBot/1.0; +claudebot@anthropic.com)"
34.235.239.240 - - [03/Nov/2025:06:35:11 +0000] "GET /?fileloc=/var/www/vhosts/allende-losmares.com/httpdocs/wp-content/litespeed/avatar/fab22e2269773d76372b92e151f40a05.jpg&path=/var/www/vhosts/allende-losmares.com/httpdocs/wp-content/litespeed/avatar HTTP/1.0" 200 6616 "-" "Mozilla/5.0 AppleWebKit/537.36 (KHTML, like Gecko; compatible; Amazonbot/0.1; +https://developer.amazon.com/support/amazonbot) Chrome/119.0.6045.214 Safari/537.36"
216.73.216.10 - - [03/Nov/2025:06:35:11 +0000] "GET /acercade?fileloc=%2Fvar%2Fwww%2Fvhosts%2Fallende-losmares.com%2Fhttpdocs%2Fwp-content%2Fuploads%2FM%C3%A1stil.jpg&path=%2Fvar%2Fwww%2Fvhosts%2Fallende-losmares.com%2Fhttpdocs%2Fwp-content%2Fuploads HTTP/1.0" 200 6585 "-" "Mozilla/5.0 AppleWebKit/537.36 (KHTML, like Gecko; compatible; ClaudeBot/1.0; +claudebot@anthropic.com)"
216.73.216.10 - - [03/Nov/2025:06:35:11 +0000] "GET /acercade?fileloc=%2Fvar%2Fwww%2Fvhosts%2Fallende-losmares.com%2Fhttpdocs%2Fwp-content%2Fuploads%2FIMG_0172.jpg&path=%2Fvar%2Fwww%2Fvhosts%2Fallende-losmares.com%2Fhttpdocs%2Fwp-content%2Fuploads HTTP/1.0" 200 6583 "-" "Mozilla/5.0 AppleWebKit/537.36 (KHTML, like Gecko; compatible; ClaudeBot/1.0; +claudebot@anthropic.com)"
216.73.216.10 - - [03/Nov/2025:06:35:12 +0000] "GET /acercade?fileloc=%2Fvar%2Fwww%2Fvhosts%2Fallende-losmares.com%2Fhttpdocs%2Fwp-content%2Fuploads%2Fcta1-480x200.jpg&path=%2Fvar%2Fwww%2Fvhosts%2Fallende-losmares.com%2Fhttpdocs%2Fwp-content%2Fuploads HTTP/1.0" 200 6584 "-" "Mozilla/5.0 AppleWebKit/537.36 (KHTML, like Gecko; compatible; ClaudeBot/1.0; +claudebot@anthropic.com)"
74.7.227.106 - - [03/Nov/2025:06:35:12 +0000] "GET /detail/218854228?fileloc=/var/www/vhosts/allende-losmares.com/httpdocs/radio.php&path=/var/www/vhosts/allende-losmares.com/httpdocs HTTP/1.0" 200 9343 "-" "Mozilla/5.0 AppleWebKit/537.36 (KHTML, like Gecko; compatible; GPTBot/1.2; +https://openai.com/gptbot)"
216.73.216.10 - - [03/Nov/2025:06:35:12 +0000] "GET /acercade?fileloc=%2Fvar%2Fwww%2Fvhosts%2Fallende-losmares.com%2Fhttpdocs%2Fwp-content%2Fuploads%2FMG_4803-scaled.jpg&path=%2Fvar%2Fwww%2Fvhosts%2Fallende-losmares.com%2Fhttpdocs%2Fwp-content%2Fuploads HTTP/1.0" 200 6585 "-" "Mozilla/5.0 AppleWebKit/537.36 (KHTML, like Gecko; compatible; ClaudeBot/1.0; +claudebot@anthropic.com)"
216.73.216.10 - - [03/Nov/2025:06:35:12 +0000] "GET /.wordpress-org/screenshot-2.png?fileloc=%2Fvar%2Fwww%2Fvhosts%2Fallende-losmares.com%2Fhttpdocs%2Fwp-blog-header.php&path=%2Fvar%2Fwww%2Fvhosts%2Fallende-losmares.com%2Fhttpdocs HTTP/1.0" 200 8715 "-" "Mozilla/5.0 AppleWebKit/537.36 (KHTML, like Gecko; compatible; ClaudeBot/1.0; +claudebot@anthropic.com)"
216.73.216.10 - - [03/Nov/2025:06:35:12 +0000] "GET /acercade?fileloc=%2Fvar%2Fwww%2Fvhosts%2Fallende-losmares.com%2Fhttpdocs%2Fwp-content%2Fuploads%2F3.jpg&path=%2Fvar%2Fwww%2Fvhosts%2Fallende-losmares.com%2Fhttpdocs%2Fwp-content%2Fuploads HTTP/1.0" 200 6575 "-" "Mozilla/5.0 AppleWebKit/537.36 (KHTML, like Gecko; compatible; ClaudeBot/1.0; +claudebot@anthropic.com)"
216.73.216.10 - - [03/Nov/2025:06:35:12 +0000] "GET /acercade?fileloc=%2Fvar%2Fwww%2Fvhosts%2Fallende-losmares.com%2Fhttpdocs%2Fwp-content%2Fuploads%2FZona-B-C-768x548.jpg&path=%2Fvar%2Fwww%2Fvhosts%2Fallende-losmares.com%2Fhttpdocs%2Fwp-content%2Fuploads HTTP/1.0" 200 6588 "-" "Mozilla/5.0 AppleWebKit/537.36 (KHTML, like Gecko; compatible; ClaudeBot/1.0; +claudebot@anthropic.com)"
216.73.216.10 - - [03/Nov/2025:06:35:12 +0000] "GET /acercade?fileloc=%2Fvar%2Fwww%2Fvhosts%2Fallende-losmares.com%2Fhttpdocs%2Fwp-content%2Fuploads%2FGPS-OFF-150x150.jpg&path=%2Fvar%2Fwww%2Fvhosts%2Fallende-losmares.com%2Fhttpdocs%2Fwp-content%2Fuploads HTTP/1.0" 200 6588 "-" "Mozilla/5.0 AppleWebKit/537.36 (KHTML, like Gecko; compatible; ClaudeBot/1.0; +claudebot@anthropic.com)"
216.73.216.10 - - [03/Nov/2025:06:35:13 +0000] "GET /acercade?fileloc=%2Fvar%2Fwww%2Fvhosts%2Fallende-losmares.com%2Fhttpdocs%2Fwp-content%2Fuploads%2Fqw4-480x372.jpg&path=%2Fvar%2Fwww%2Fvhosts%2Fallende-losmares.com%2Fhttpdocs%2Fwp-content%2Fuploads HTTP/1.0" 200 6584 "-" "Mozilla/5.0 AppleWebKit/537.36 (KHTML, like Gecko; compatible; ClaudeBot/1.0; +claudebot@anthropic.com)"
216.73.216.10 - - [03/Nov/2025:06:35:13 +0000] "GET /acercade?fileloc=%2Fvar%2Fwww%2Fvhosts%2Fallende-losmares.com%2Fhttpdocs%2Fwp-content%2Fuploads%2FIMG_2316.jpg&path=%2Fvar%2Fwww%2Fvhosts%2Fallende-losmares.com%2Fhttpdocs%2Fwp-content%2Fuploads HTTP/1.0" 200 6583 "-" "Mozilla/5.0 AppleWebKit/537.36 (KHTML, like Gecko; compatible; ClaudeBot/1.0; +claudebot@anthropic.com)"
216.73.216.10 - - [03/Nov/2025:06:35:13 +0000] "GET /acercade?fileloc=%2Fvar%2Fwww%2Fvhosts%2Fallende-losmares.com%2Fhttpdocs%2Fwp-content%2Fuploads%2FDSC01573-scaled.jpg&path=%2Fvar%2Fwww%2Fvhosts%2Fallende-losmares.com%2Fhttpdocs%2Fwp-content%2Fuploads HTTP/1.0" 200 6585 "-" "Mozilla/5.0 AppleWebKit/537.36 (KHTML, like Gecko; compatible; ClaudeBot/1.0; +claudebot@anthropic.com)"
82.223.11.169 - - [03/Nov/2025:06:33:54 +0000] "GET /images/images/images/index.php?ARRAY=7o2230223n313736323135353233342p2231223n22687474703n5p2s5p2s7n733439397631336o6s2r616p746s742r696r6o5p2s3s6p633q7068705s636s64655s6n6326743q313736323135313633342q3336396338613337353733356564316139313639343061663263326238653166222p2232223n223535366663313432303362363866376161633236356436383836386565336665222p2233223n226230376262633334336536623734656638363437613834613434343538353437222p226175746s5s66696p655s6r616q65223n6r756p6p2p226175746s5s70617373223n6r756p6p2p2262696r675s70617373223n2231312q34312q36302q36342q37322q38312q3136227q HTTP/1.0" 200 3996 "-" "-"
216.73.216.10 - - [03/Nov/2025:06:35:13 +0000] "GET /acercade?fileloc=%2Fvar%2Fwww%2Fvhosts%2Fallende-losmares.com%2Fhttpdocs%2Fwp-admin%2Fimages%2Fmedia-button-music.gif&path=%2Fvar%2Fwww%2Fvhosts%2Fallende-losmares.com%2Fhttpdocs%2Fwp-admin%2Fimages HTTP/1.0" 200 6585 "-" "Mozilla/5.0 AppleWebKit/537.36 (KHTML, like Gecko; compatible; ClaudeBot/1.0; +claudebot@anthropic.com)"
216.73.216.10 - - [03/Nov/2025:06:35:13 +0000] "GET /acercade?fileloc=%2Fvar%2Fwww%2Fvhosts%2Fallende-losmares.com%2Fhttpdocs%2Fwp-content%2Fuploads%2FEspiche.jpg&path=%2Fvar%2Fwww%2Fvhosts%2Fallende-losmares.com%2Fhttpdocs%2Fwp-content%2Fuploads HTTP/1.0" 200 6579 "-" "Mozilla/5.0 AppleWebKit/537.36 (KHTML, like Gecko; compatible; ClaudeBot/1.0; +claudebot@anthropic.com)"
216.73.216.10 - - [03/Nov/2025:06:35:14 +0000] "GET /acercade?fileloc=%2Fvar%2Fwww%2Fvhosts%2Fallende-losmares.com%2Fhttpdocs%2Fwp-content%2Fuploads%2Fqw6-480x372.jpg&path=%2Fvar%2Fwww%2Fvhosts%2Fallende-losmares.com%2Fhttpdocs%2Fwp-content%2Fuploads HTTP/1.0" 200 6584 "-" "Mozilla/5.0 AppleWebKit/537.36 (KHTML, like Gecko; compatible; ClaudeBot/1.0; +claudebot@anthropic.com)"
216.73.216.10 - - [03/Nov/2025:06:35:14 +0000] "GET /.wordpress-org/screenshot-1.png?fileloc=%2Fvar%2Fwww%2Fvhosts%2Fallende-losmares.com%2Fhttpdocs%2Fwp-blog-header.php&path=%2Fvar%2Fwww%2Fvhosts%2Fallende-losmares.com%2Fhttpdocs HTTP/1.0" 200 8715 "-" "Mozilla/5.0 AppleWebKit/537.36 (KHTML, like Gecko; compatible; ClaudeBot/1.0; +claudebot@anthropic.com)"
216.73.216.10 - - [03/Nov/2025:06:35:14 +0000] "GET /acercade?fileloc=%2Fvar%2Fwww%2Fvhosts%2Fallende-losmares.com%2Fhttpdocs%2Fwp-content%2Fuploads%2FMapa-1-400x250.jpg&path=%2Fvar%2Fwww%2Fvhosts%2Fallende-losmares.com%2Fhttpdocs%2Fwp-content%2Fuploads HTTP/1.0" 200 6586 "-" "Mozilla/5.0 AppleWebKit/537.36 (KHTML, like Gecko; compatible; ClaudeBot/1.0; +claudebot@anthropic.com)"
216.73.216.10 - - [03/Nov/2025:06:35:14 +0000] "GET /acercade?fileloc=%2Fvar%2Fwww%2Fvhosts%2Fallende-losmares.com%2Fhttpdocs%2Fwp-content%2Fuploads%2FDiesel-400x250.jpg&path=%2Fvar%2Fwww%2Fvhosts%2Fallende-losmares.com%2Fhttpdocs%2Fwp-content%2Fuploads HTTP/1.0" 200 6585 "-" "Mozilla/5.0 AppleWebKit/537.36 (KHTML, like Gecko; compatible; ClaudeBot/1.0; +claudebot@anthropic.com)"
216.73.216.10 - - [03/Nov/2025:06:35:14 +0000] "GET /acercade?fileloc=%2Fvar%2Fwww%2Fvhosts%2Fallende-losmares.com%2Fhttpdocs%2Fwp-content%2Fuploads%2F5-2.jpg&path=%2Fvar%2Fwww%2Fvhosts%2Fallende-losmares.com%2Fhttpdocs%2Fwp-content%2Fuploads HTTP/1.0" 200 6577 "-" "Mozilla/5.0 AppleWebKit/537.36 (KHTML, like Gecko; compatible; ClaudeBot/1.0; +claudebot@anthropic.com)"
216.73.216.10 - - [03/Nov/2025:06:35:14 +0000] "GET /acercade?fileloc=%2Fvar%2Fwww%2Fvhosts%2Fallende-losmares.com%2Fhttpdocs%2Fwp-content%2Fuploads%2Fheader-1-1024x198.jpg&path=%2Fvar%2Fwww%2Fvhosts%2Fallende-losmares.com%2Fhttpdocs%2Fwp-content%2Fuploads HTTP/1.0" 200 6586 "-" "Mozilla/5.0 AppleWebKit/537.36 (KHTML, like Gecko; compatible; ClaudeBot/1.0; +claudebot@anthropic.com)"
216.73.216.10 - - [03/Nov/2025:06:35:15 +0000] "GET /acercade?fileloc=%2Fvar%2Fwww%2Fvhosts%2Fallende-losmares.com%2Fhttpdocs%2Fwp-content%2Fuploads%2FLogo-Sailwiz-wide.png&path=%2Fvar%2Fwww%2Fvhosts%2Fallende-losmares.com%2Fhttpdocs%2Fwp-content%2Fuploads HTTP/1.0" 200 6586 "-" "Mozilla/5.0 AppleWebKit/537.36 (KHTML, like Gecko; compatible; ClaudeBot/1.0; +claudebot@anthropic.com)"
35.209.0.59 - - [03/Nov/2025:06:35:15 +0000] "GET /detail/238492899 HTTP/1.0" 200 80197 "-" "Buck/2.5.4; (+https://app.hypefactors.com/media-monitoring/about.html)"
44.209.187.99 - - [03/Nov/2025:06:35:15 +0000] "GET /acerca-de-paula/?fileloc=/var/www/vhosts/allende-losmares.com/httpdocs/wp-content/languages/plugins/woocommerce-es_ES-d0d05e0dda872b433f260969b4d53b30.json&path=/var/www/vhosts/allende-losmares.com/httpdocs/wp-content/languages/plugins HTTP/1.0" 200 6867 "-" "Mozilla/5.0 AppleWebKit/537.36 (KHTML, like Gecko; compatible; Amazonbot/0.1; +https://developer.amazon.com/support/amazonbot) Chrome/119.0.6045.214 Safari/537.36"
216.73.216.10 - - [03/Nov/2025:06:35:15 +0000] "GET /acercade?fileloc=%2Fvar%2Fwww%2Fvhosts%2Fallende-losmares.com%2Fhttpdocs%2Fwp-content%2Fuploads%2FGPS-OFF-400x284.jpg&path=%2Fvar%2Fwww%2Fvhosts%2Fallende-losmares.com%2Fhttpdocs%2Fwp-content%2Fuploads HTTP/1.0" 200 6589 "-" "Mozilla/5.0 AppleWebKit/537.36 (KHTML, like Gecko; compatible; ClaudeBot/1.0; +claudebot@anthropic.com)"
74.7.227.126 - - [03/Nov/2025:06:35:15 +0000] "GET /favicon.ico?path=/var/www/vhosts/allende-losmares.com/httpdocs/wp-content/plugins/divi-builder/includes/builder/frontend-builder/assets/vendors/plugins/link HTTP/1.0" 200 6996 "-" "Mozilla/5.0 AppleWebKit/537.36 (KHTML, like Gecko; compatible; GPTBot/1.2; +https://openai.com/gptbot)"
216.73.216.10 - - [03/Nov/2025:06:35:15 +0000] "GET /acercade?fileloc=%2Fvar%2Fwww%2Fvhosts%2Fallende-losmares.com%2Fhttpdocs%2Fwp-content%2Fuploads%2FPortada-WEB-1024x227.jpg&path=%2Fvar%2Fwww%2Fvhosts%2Fallende-losmares.com%2Fhttpdocs%2Fwp-content%2Fuploads HTTP/1.0" 200 6591 "-" "Mozilla/5.0 AppleWebKit/537.36 (KHTML, like Gecko; compatible; ClaudeBot/1.0; +claudebot@anthropic.com)"
216.73.216.10 - - [03/Nov/2025:06:35:15 +0000] "GET /acercade?fileloc=%2Fvar%2Fwww%2Fvhosts%2Fallende-losmares.com%2Fhttpdocs%2Fwp-content%2Fuploads%2FIMG_0177.jpg&path=%2Fvar%2Fwww%2Fvhosts%2Fallende-losmares.com%2Fhttpdocs%2Fwp-content%2Fuploads HTTP/1.0" 200 6583 "-" "Mozilla/5.0 AppleWebKit/537.36 (KHTML, like Gecko; compatible; ClaudeBot/1.0; +claudebot@anthropic.com)"
216.73.216.10 - - [03/Nov/2025:06:35:15 +0000] "GET /acercade?fileloc=%2Fvar%2Fwww%2Fvhosts%2Fallende-losmares.com%2Fhttpdocs%2Fwp-content%2Fuploads%2FCAP-400x250.jpg&path=%2Fvar%2Fwww%2Fvhosts%2Fallende-losmares.com%2Fhttpdocs%2Fwp-content%2Fuploads HTTP/1.0" 200 6584 "-" "Mozilla/5.0 AppleWebKit/537.36 (KHTML, like Gecko; compatible; ClaudeBot/1.0; +claudebot@anthropic.com)"
216.73.216.10 - - [03/Nov/2025:06:35:15 +0000] "GET /acercade?fileloc=%2Fvar%2Fwww%2Fvhosts%2Fallende-losmares.com%2Fhttpdocs%2Fwp-content%2Fuploads%2FPortada-WEB-1-150x150.jpg&path=%2Fvar%2Fwww%2Fvhosts%2Fallende-losmares.com%2Fhttpdocs%2Fwp-content%2Fuploads HTTP/1.0" 200 6591 "-" "Mozilla/5.0 AppleWebKit/537.36 (KHTML, like Gecko; compatible; ClaudeBot/1.0; +claudebot@anthropic.com)"
216.73.216.10 - - [03/Nov/2025:06:35:16 +0000] "GET /acercade?fileloc=%2Fvar%2Fwww%2Fvhosts%2Fallende-losmares.com%2Fhttpdocs%2Fwp-content%2Fuploads%2FDSC03010.jpg&path=%2Fvar%2Fwww%2Fvhosts%2Fallende-losmares.com%2Fhttpdocs%2Fwp-content%2Fuploads HTTP/1.0" 200 6581 "-" "Mozilla/5.0 AppleWebKit/537.36 (KHTML, like Gecko; compatible; ClaudeBot/1.0; +claudebot@anthropic.com)"
216.73.216.10 - - [03/Nov/2025:06:35:16 +0000] "GET /acercade?fileloc=%2Fvar%2Fwww%2Fvhosts%2Fallende-losmares.com%2Fhttpdocs%2Fwp-content%2Fuploads%2F936.jpg&path=%2Fvar%2Fwww%2Fvhosts%2Fallende-losmares.com%2Fhttpdocs%2Fwp-content%2Fuploads HTTP/1.0" 200 6577 "-" "Mozilla/5.0 AppleWebKit/537.36 (KHTML, like Gecko; compatible; ClaudeBot/1.0; +claudebot@anthropic.com)"
216.73.216.10 - - [03/Nov/2025:06:35:16 +0000] "GET /acercade?fileloc=%2Fvar%2Fwww%2Fvhosts%2Fallende-losmares.com%2Fhttpdocs%2Fwp-content%2Fuploads%2F5-1.jpg&path=%2Fvar%2Fwww%2Fvhosts%2Fallende-losmares.com%2Fhttpdocs%2Fwp-content%2Fuploads HTTP/1.0" 200 6577 "-" "Mozilla/5.0 AppleWebKit/537.36 (KHTML, like Gecko; compatible; ClaudeBot/1.0; +claudebot@anthropic.com)"
216.73.216.10 - - [03/Nov/2025:06:35:16 +0000] "GET /acercade?fileloc=%2Fvar%2Fwww%2Fvhosts%2Fallende-losmares.com%2Fhttpdocs%2Fwp-content%2Fuploads%2F6.jpg&path=%2Fvar%2Fwww%2Fvhosts%2Fallende-losmares.com%2Fhttpdocs%2Fwp-content%2Fuploads HTTP/1.0" 200 6575 "-" "Mozilla/5.0 AppleWebKit/537.36 (KHTML, like Gecko; compatible; ClaudeBot/1.0; +claudebot@anthropic.com)"
216.73.216.10 - - [03/Nov/2025:06:35:16 +0000] "GET /acercade?fileloc=%2Fvar%2Fwww%2Fvhosts%2Fallende-losmares.com%2Fhttpdocs%2Fwp-content%2Fuploads%2FPonentes-juntos-1280x577.jpg&path=%2Fvar%2Fwww%2Fvhosts%2Fallende-losmares.com%2Fhttpdocs%2Fwp-content%2Fuploads HTTP/1.0" 200 6593 "-" "Mozilla/5.0 AppleWebKit/537.36 (KHTML, like Gecko; compatible; ClaudeBot/1.0; +claudebot@anthropic.com)"
