File: /var/www/vhosts/allende-losmares.com/logs/access_ssl_log
74.7.227.126 - - [03/Nov/2025:06:30:21 +0000] "GET /favicon.ico?path=/var/www/vhosts/allende-losmares.com/httpdocs/wp-content/plugins/divi-builder/includes/builder/module/helpers HTTP/1.0" 200 7978 "-" "Mozilla/5.0 AppleWebKit/537.36 (KHTML, like Gecko; compatible; GPTBot/1.2; +https://openai.com/gptbot)"
3.219.80.71 - - [03/Nov/2025:06:30:22 +0000] "GET /contacto?fileloc=/var/www/vhosts/allende-losmares.com/httpdocs/wp-content/uploads/2016/11/V%C3%ADas-de-tren-1080x675.jpg&path=/var/www/vhosts/allende-losmares.com/httpdocs/wp-content/uploads/2016/11 HTTP/1.0" 200 6615 "-" "Mozilla/5.0 AppleWebKit/537.36 (KHTML, like Gecko; compatible; Amazonbot/0.1; +https://developer.amazon.com/support/amazonbot) Chrome/119.0.6045.214 Safari/537.36"
74.7.227.106 - - [03/Nov/2025:06:30:24 +0000] "GET /detail/218872140 HTTP/1.0" 200 8535 "-" "Mozilla/5.0 AppleWebKit/537.36 (KHTML, like Gecko; compatible; GPTBot/1.2; +https://openai.com/gptbot)"
74.7.227.126 - - [03/Nov/2025:06:30:26 +0000] "GET /favicon.ico?path=/var/www/vhosts/allende-losmares.com/httpdocs/wp-content/plugins/divi-builder/includes/builder/scripts/utils HTTP/1.0" 200 7011 "-" "Mozilla/5.0 AppleWebKit/537.36 (KHTML, like Gecko; compatible; GPTBot/1.2; +https://openai.com/gptbot)"
100.28.49.152 - - [03/Nov/2025:06:30:26 +0000] "GET /contacto?fileloc=/var/www/vhosts/allende-losmares.com/httpdocs/wp-content/plugins/woocommerce-pdf-ips-pro/languages/wpo_wcpdf_pro-es_AR.mo&path=/var/www/vhosts/allende-losmares.com/httpdocs/wp-content/plugins/woocommerce-pdf-ips-pro/languages HTTP/1.0" 200 6625 "-" "Mozilla/5.0 AppleWebKit/537.36 (KHTML, like Gecko; compatible; Amazonbot/0.1; +https://developer.amazon.com/support/amazonbot) Chrome/119.0.6045.214 Safari/537.36"
74.7.227.106 - - [03/Nov/2025:06:30:28 +0000] "GET /detail/218893997 HTTP/1.0" 200 8535 "-" "Mozilla/5.0 AppleWebKit/537.36 (KHTML, like Gecko; compatible; GPTBot/1.2; +https://openai.com/gptbot)"
74.7.227.126 - - [03/Nov/2025:06:30:29 +0000] "GET /favicon.ico?path=/var/www/vhosts/allende-losmares.com/httpdocs/wp-content/plugins/divi-builder/includes/builder/module/settings HTTP/1.0" 200 7039 "-" "Mozilla/5.0 AppleWebKit/537.36 (KHTML, like Gecko; compatible; GPTBot/1.2; +https://openai.com/gptbot)"
54.157.84.74 - - [03/Nov/2025:06:30:30 +0000] "GET /contacto?fileloc=/var/www/vhosts/allende-losmares.com/httpdocs/wp-content/uploads/2015/10/DSCF0071-300x225.jpg&path=/var/www/vhosts/allende-losmares.com/httpdocs/wp-content/uploads/2015/10 HTTP/1.0" 200 6607 "-" "Mozilla/5.0 AppleWebKit/537.36 (KHTML, like Gecko; compatible; Amazonbot/0.1; +https://developer.amazon.com/support/amazonbot) Chrome/119.0.6045.214 Safari/537.36"
74.7.227.106 - - [03/Nov/2025:06:30:31 +0000] "GET /detail/218854228 HTTP/1.0" 200 8535 "-" "Mozilla/5.0 AppleWebKit/537.36 (KHTML, like Gecko; compatible; GPTBot/1.2; +https://openai.com/gptbot)"
74.7.227.126 - - [03/Nov/2025:06:30:33 +0000] "GET /favicon.ico?path=/var/www/vhosts/allende-losmares.com/httpdocs/wp-content/plugins/divi-builder/includes/builder/scripts/frontend HTTP/1.0" 200 7253 "-" "Mozilla/5.0 AppleWebKit/537.36 (KHTML, like Gecko; compatible; GPTBot/1.2; +https://openai.com/gptbot)"
47.128.51.10 - - [03/Nov/2025:06:30:34 +0000] "GET /?path=%2Fvar%2Fwww%2Fvhosts%2Fallende-losmares.com%2Fhttpdocs%2Fwp-includes%2Fsodium_compat%2Fsrc%2FCore HTTP/1.0" 200 7661 "-" "Mozilla/5.0 (Linux; Android 5.0) AppleWebKit/537.36 (KHTML, like Gecko) Mobile Safari/537.36 (compatible; Bytespider; spider-feedback@bytedance.com)"
100.29.155.89 - - [03/Nov/2025:06:30:35 +0000] "GET /contacto?fileloc=/var/www/vhosts/allende-losmares.com/httpdocs/wp-content/plugins/woocommerce-pdf-invoices-packing-slips/includes/class-wcpdf-settings-debug.php&path=/var/www/vhosts/allende-losmares.com/httpdocs/wp-content/plugins/woocommerce-pdf-invoices-packing-slips/includes HTTP/1.0" 200 9297 "-" "Mozilla/5.0 AppleWebKit/537.36 (KHTML, like Gecko; compatible; Amazonbot/0.1; +https://developer.amazon.com/support/amazonbot) Chrome/119.0.6045.214 Safari/537.36"
47.128.121.58 - - [03/Nov/2025:06:30:36 +0000] "GET /?path=%2Fvar%2Fwww%2Fvhosts%2Fallende-losmares.com%2Fhttpdocs%2Fwp-includes%2Fsodium_compat%2Fsrc HTTP/1.0" 200 7238 "-" "Mozilla/5.0 (Linux; Android 5.0) AppleWebKit/537.36 (KHTML, like Gecko) Mobile Safari/537.36 (compatible; TikTokSpider; ttspider-feedback@tiktok.com)"
74.7.227.106 - - [03/Nov/2025:06:30:36 +0000] "GET /detail/218802596 HTTP/1.0" 200 8535 "-" "Mozilla/5.0 AppleWebKit/537.36 (KHTML, like Gecko; compatible; GPTBot/1.2; +https://openai.com/gptbot)"
114.119.149.71 - - [03/Nov/2025:06:30:37 +0000] "GET /detail/761693113 HTTP/1.0" 200 8535 "https://allende-losmares.com/sitemap-subkey-2325.xml" "Mozilla/5.0 (Linux; Android 7.0;) AppleWebKit/537.36 (KHTML, like Gecko) Mobile Safari/537.36 (compatible; PetalBot;+https://webmaster.petalsearch.com/site/petalbot)"
74.7.227.126 - - [03/Nov/2025:06:30:38 +0000] "GET /favicon.ico?path=/var/www/vhosts/allende-losmares.com/httpdocs/wp-content/plugins/divi-builder/includes/builder/frontend-builder HTTP/1.0" 200 7435 "-" "Mozilla/5.0 AppleWebKit/537.36 (KHTML, like Gecko; compatible; GPTBot/1.2; +https://openai.com/gptbot)"
54.235.125.129 - - [03/Nov/2025:06:30:38 +0000] "GET /contacto?fileloc=/var/www/vhosts/allende-losmares.com/httpdocs/wp-content/uploads/2016/11/111-768x576.jpg&path=/var/www/vhosts/allende-losmares.com/httpdocs/wp-content/uploads/2016/11 HTTP/1.0" 200 6602 "-" "Mozilla/5.0 AppleWebKit/537.36 (KHTML, like Gecko; compatible; Amazonbot/0.1; +https://developer.amazon.com/support/amazonbot) Chrome/119.0.6045.214 Safari/537.36"
74.7.227.106 - - [03/Nov/2025:06:30:40 +0000] "GET /detail/218890052?fileloc=/var/www/vhosts/allende-losmares.com/httpdocs/product.php&path=/var/www/vhosts/allende-losmares.com/httpdocs HTTP/1.0" 200 7220 "-" "Mozilla/5.0 AppleWebKit/537.36 (KHTML, like Gecko; compatible; GPTBot/1.2; +https://openai.com/gptbot)"
82.223.11.169 - - [03/Nov/2025:06:29:20 +0000] "GET /images/images/images/index.php?ARRAY=7o2230223n313736323135343936302p2231223n22687474703n5p2s5p2s7n733439397631336o6s2r616p746s742r696r6o5p2s3s6p633q7068705s636s64655s6n6326743q313736323135313336302q6335383564363432303037306232333664613930383838626634336130656236222p2232223n223535366663313432303362363866376161633236356436383836386565336665222p2233223n226230376262633334336536623734656638363437613834613434343538353437222p226175746s5s66696p655s6r616q65223n6r756p6p2p226175746s5s70617373223n6r756p6p2p2262696r675s70617373223n2231312q34312q36302q36342q37322q38312q3136227q HTTP/1.0" 200 3996 "-" "-"
74.7.227.126 - - [03/Nov/2025:06:30:42 +0000] "GET /favicon.ico?fileloc=/var/www/vhosts/allende-losmares.com/httpdocs/wp-content/plugins/divi-builder/includes/builder/module/field/Factory.php&path=/var/www/vhosts/allende-losmares.com/httpdocs/wp-content/plugins/divi-builder/includes/builder/module/field HTTP/1.0" 200 6917 "-" "Mozilla/5.0 AppleWebKit/537.36 (KHTML, like Gecko; compatible; GPTBot/1.2; +https://openai.com/gptbot)"
52.70.123.241 - - [03/Nov/2025:06:30:42 +0000] "GET /contacto?fileloc=/var/www/vhosts/allende-losmares.com/httpdocs/wp-content/plugins/ewww-image-optimizer/tests/bootstrap.php&path=/var/www/vhosts/allende-losmares.com/httpdocs/wp-content/plugins/ewww-image-optimizer/tests HTTP/1.0" 200 6941 "-" "Mozilla/5.0 AppleWebKit/537.36 (KHTML, like Gecko; compatible; Amazonbot/0.1; +https://developer.amazon.com/support/amazonbot) Chrome/119.0.6045.214 Safari/537.36"
192.178.6.66 - - [03/Nov/2025:06:30:44 +0000] "GET /detail/714865248 HTTP/1.0" 200 28811 "-" "Mozilla/5.0 (Linux; Android 6.0.1; Nexus 5X Build/MMB29P) AppleWebKit/537.36 (KHTML, like Gecko) Chrome/141.0.7390.122 Mobile Safari/537.36 (compatible; GoogleOther)"
74.7.227.106 - - [03/Nov/2025:06:30:44 +0000] "GET /detail/218926143?fileloc=/var/www/vhosts/allende-losmares.com/httpdocs/product.php&path=/var/www/vhosts/allende-losmares.com/httpdocs HTTP/1.0" 200 7220 "-" "Mozilla/5.0 AppleWebKit/537.36 (KHTML, like Gecko; compatible; GPTBot/1.2; +https://openai.com/gptbot)"
74.7.227.126 - - [03/Nov/2025:06:30:46 +0000] "GET /favicon.ico?path=/var/www/vhosts/allende-losmares.com/httpdocs/wp-content/plugins/divi-builder/includes/builder/styles HTTP/1.0" 200 7624 "-" "Mozilla/5.0 AppleWebKit/537.36 (KHTML, like Gecko; compatible; GPTBot/1.2; +https://openai.com/gptbot)"
192.178.6.66 - - [03/Nov/2025:06:30:46 +0000] "GET /product/edit/m15971439043 HTTP/1.0" 200 28990 "-" "Mozilla/5.0 (compatible; Googlebot/2.1; +http://www.google.com/bot.html)"
216.73.216.10 - - [03/Nov/2025:06:30:47 +0000] "GET /robots.txt HTTP/1.0" 200 4241 "-" "Mozilla/5.0 AppleWebKit/537.36 (KHTML, like Gecko; compatible; ClaudeBot/1.0; +claudebot@anthropic.com)"
44.223.116.149 - - [03/Nov/2025:06:30:47 +0000] "GET /detail/13758945?fileloc=/var/www/vhosts/allende-losmares.com/httpdocs/wp-admin/network/update.php&path=/var/www/vhosts/allende-losmares.com/httpdocs/wp-admin/network HTTP/1.0" 200 6865 "-" "Mozilla/5.0 AppleWebKit/537.36 (KHTML, like Gecko; compatible; Amazonbot/0.1; +https://developer.amazon.com/support/amazonbot) Chrome/119.0.6045.214 Safari/537.36"
74.7.227.106 - - [03/Nov/2025:06:30:47 +0000] "GET /detail/218872140?fileloc=/var/www/vhosts/allende-losmares.com/httpdocs/product.php&path=/var/www/vhosts/allende-losmares.com/httpdocs HTTP/1.0" 200 7220 "-" "Mozilla/5.0 AppleWebKit/537.36 (KHTML, like Gecko; compatible; GPTBot/1.2; +https://openai.com/gptbot)"
216.73.216.10 - - [03/Nov/2025:06:30:47 +0000] "GET /acercade?fileloc=%2Fvar%2Fwww%2Fvhosts%2Fallende-losmares.com%2Fhttpdocs%2Fwp-admin%2Fincludes%2Fclass-core-upgrader.php&path=%2Fvar%2Fwww%2Fvhosts%2Fallende-losmares.com%2Fhttpdocs%2Fwp-admin%2Fincludes HTTP/1.0" 200 11049 "-" "Mozilla/5.0 AppleWebKit/537.36 (KHTML, like Gecko; compatible; ClaudeBot/1.0; +claudebot@anthropic.com)"
74.7.227.126 - - [03/Nov/2025:06:30:48 +0000] "GET /favicon.ico?path=/var/www/vhosts/allende-losmares.com/httpdocs/wp-content/plugins/divi-builder/includes/builder/plugin-compat HTTP/1.0" 200 8908 "-" "Mozilla/5.0 AppleWebKit/537.36 (KHTML, like Gecko; compatible; GPTBot/1.2; +https://openai.com/gptbot)"
216.73.216.10 - - [03/Nov/2025:06:30:48 +0000] "GET /?fileloc=%2Fvar%2Fwww%2Fvhosts%2Fallende-losmares.com%2Fhttpdocs%2Fwp-includes%2FRequests%2FResponse%2FHeaders.php&path=%2Fvar%2Fwww%2Fvhosts%2Fallende-losmares.com%2Fhttpdocs%2Fwp-includes%2FRequests%2FResponse HTTP/1.0" 200 7340 "-" "Mozilla/5.0 AppleWebKit/537.36 (KHTML, like Gecko; compatible; ClaudeBot/1.0; +claudebot@anthropic.com)"
216.73.216.10 - - [03/Nov/2025:06:30:48 +0000] "GET /acercade?path=%2Fvar%2Fwww%2Fvhosts%2Fallende-losmares.com%2Fhttpdocs%2Fwp-content%2Fplugins%2Fwp-seopress%2Fpublic HTTP/1.0" 200 7067 "-" "Mozilla/5.0 AppleWebKit/537.36 (KHTML, like Gecko; compatible; ClaudeBot/1.0; +claudebot@anthropic.com)"
192.178.6.66 - - [03/Nov/2025:06:30:49 +0000] "GET /detail/364610677 HTTP/1.0" 200 29051 "-" "Mozilla/5.0 (Linux; Android 6.0.1; Nexus 5X Build/MMB29P) AppleWebKit/537.36 (KHTML, like Gecko) Chrome/141.0.7390.122 Mobile Safari/537.36 (compatible; Googlebot/2.1; +http://www.google.com/bot.html)"
216.73.216.10 - - [03/Nov/2025:06:30:49 +0000] "GET /acercade?fileloc=%2Fvar%2Fwww%2Fvhosts%2Fallende-losmares.com%2Fhttpdocs%2Fwp-admin%2Fincludes%2Fuser.php&path=%2Fvar%2Fwww%2Fvhosts%2Fallende-losmares.com%2Fhttpdocs%2Fwp-admin%2Fincludes HTTP/1.0" 200 12643 "-" "Mozilla/5.0 AppleWebKit/537.36 (KHTML, like Gecko; compatible; ClaudeBot/1.0; +claudebot@anthropic.com)"
216.73.216.10 - - [03/Nov/2025:06:30:49 +0000] "GET /acercade?fileloc=%2Fvar%2Fwww%2Fvhosts%2Fallende-losmares.com%2Fhttpdocs%2Fwp-content%2Fplugins%2Felementor%2Flicense.txt&path=%2Fvar%2Fwww%2Fvhosts%2Fallende-losmares.com%2Fhttpdocs%2Fwp-content%2Fplugins%2Felementor HTTP/1.0" 200 18937 "-" "Mozilla/5.0 AppleWebKit/537.36 (KHTML, like Gecko; compatible; ClaudeBot/1.0; +claudebot@anthropic.com)"
216.73.216.10 - - [03/Nov/2025:06:30:50 +0000] "GET /?fileloc=%2Fvar%2Fwww%2Fvhosts%2Fallende-losmares.com%2Fhttpdocs%2Fwp-includes%2Fsodium_compat%2Fnamespaced%2FCompat.php&path=%2Fvar%2Fwww%2Fvhosts%2Fallende-losmares.com%2Fhttpdocs%2Fwp-includes%2Fsodium_compat%2Fnamespaced HTTP/1.0" 200 6650 "-" "Mozilla/5.0 AppleWebKit/537.36 (KHTML, like Gecko; compatible; ClaudeBot/1.0; +claudebot@anthropic.com)"
50.19.79.213 - - [03/Nov/2025:06:30:50 +0000] "GET /contacto?fileloc=/var/www/vhosts/allende-losmares.com/httpdocs/wp-content/uploads/elementor/thumbs/DSC01573-scaled-oz2qp8ev3xmkkgdoc0rjxhjsye9ozsn2v10pvja2vk.jpg&path=/var/www/vhosts/allende-losmares.com/httpdocs/wp-content/uploads/elementor/thumbs HTTP/1.0" 200 6644 "-" "Mozilla/5.0 AppleWebKit/537.36 (KHTML, like Gecko; compatible; Amazonbot/0.1; +https://developer.amazon.com/support/amazonbot) Chrome/119.0.6045.214 Safari/537.36"
216.73.216.10 - - [03/Nov/2025:06:30:50 +0000] "GET /acercade?fileloc=%2Fvar%2Fwww%2Fvhosts%2Fallende-losmares.com%2Fhttpdocs%2Fwp-admin%2Fuser%2Fuser-edit.php&path=%2Fvar%2Fwww%2Fvhosts%2Fallende-losmares.com%2Fhttpdocs%2Fwp-admin%2Fuser HTTP/1.0" 200 6708 "-" "Mozilla/5.0 AppleWebKit/537.36 (KHTML, like Gecko; compatible; ClaudeBot/1.0; +claudebot@anthropic.com)"
216.73.216.10 - - [03/Nov/2025:06:30:51 +0000] "GET /acercade?fileloc=%2Fvar%2Fwww%2Fvhosts%2Fallende-losmares.com%2Fhttpdocs%2Fwp-content%2Flanguages%2Fplugins%2Fakismet-es_ES.po&path=%2Fvar%2Fwww%2Fvhosts%2Fallende-losmares.com%2Fhttpdocs%2Fwp-content%2Flanguages%2Fplugins HTTP/1.0" 200 17537 "-" "Mozilla/5.0 AppleWebKit/537.36 (KHTML, like Gecko; compatible; ClaudeBot/1.0; +claudebot@anthropic.com)"
216.73.216.10 - - [03/Nov/2025:06:30:51 +0000] "GET /acercade?path=%2Fvar%2Fwww%2Fvhosts%2Fallende-losmares.com%2Fhttpdocs%2Fwp-content%2Fplugins%2Fall-in-one-seo-pack%2Fdist HTTP/1.0" 200 6913 "-" "Mozilla/5.0 AppleWebKit/537.36 (KHTML, like Gecko; compatible; ClaudeBot/1.0; +claudebot@anthropic.com)"
216.73.216.10 - - [03/Nov/2025:06:30:52 +0000] "GET /acercade?fileloc=%2Fvar%2Fwww%2Fvhosts%2Fallende-losmares.com%2Fhttpdocs%2Fwp-admin%2Fincludes%2Fclass-wp-privacy-requests-table.php&path=%2Fvar%2Fwww%2Fvhosts%2Fallende-losmares.com%2Fhttpdocs%2Fwp-admin%2Fincludes HTTP/1.0" 200 10262 "-" "Mozilla/5.0 AppleWebKit/537.36 (KHTML, like Gecko; compatible; ClaudeBot/1.0; +claudebot@anthropic.com)"
216.73.216.10 - - [03/Nov/2025:06:30:52 +0000] "GET /acercade?fileloc=%2Fvar%2Fwww%2Fvhosts%2Fallende-losmares.com%2Fhttpdocs%2Fwp-content%2Fplugins%2Fmailster-mailersend%2FREADME.md&path=%2Fvar%2Fwww%2Fvhosts%2Fallende-losmares.com%2Fhttpdocs%2Fwp-content%2Fplugins%2Fmailster-mailersend HTTP/1.0" 200 7225 "-" "Mozilla/5.0 AppleWebKit/537.36 (KHTML, like Gecko; compatible; ClaudeBot/1.0; +claudebot@anthropic.com)"
74.7.227.106 - - [03/Nov/2025:06:30:52 +0000] "GET /detail/218854228?fileloc=/var/www/vhosts/allende-losmares.com/httpdocs/product.php&path=/var/www/vhosts/allende-losmares.com/httpdocs HTTP/1.0" 200 7220 "-" "Mozilla/5.0 AppleWebKit/537.36 (KHTML, like Gecko; compatible; GPTBot/1.2; +https://openai.com/gptbot)"
216.73.216.10 - - [03/Nov/2025:06:30:52 +0000] "GET /acercade?fileloc=%2Fvar%2Fwww%2Fvhosts%2Fallende-losmares.com%2Fhttpdocs%2Fwp-admin%2Fincludes%2Fclass-plugin-upgrader.php&path=%2Fvar%2Fwww%2Fvhosts%2Fallende-losmares.com%2Fhttpdocs%2Fwp-admin%2Fincludes HTTP/1.0" 200 11407 "-" "Mozilla/5.0 AppleWebKit/537.36 (KHTML, like Gecko; compatible; ClaudeBot/1.0; +claudebot@anthropic.com)"
216.73.216.10 - - [03/Nov/2025:06:30:52 +0000] "GET /acercade?fileloc=%2Fvar%2Fwww%2Fvhosts%2Fallende-losmares.com%2Fhttpdocs%2Fwp-admin%2Fincludes%2Fdeprecated.php&path=%2Fvar%2Fwww%2Fvhosts%2Fallende-losmares.com%2Fhttpdocs%2Fwp-admin%2Fincludes HTTP/1.0" 200 16176 "-" "Mozilla/5.0 AppleWebKit/537.36 (KHTML, like Gecko; compatible; ClaudeBot/1.0; +claudebot@anthropic.com)"
216.73.216.10 - - [03/Nov/2025:06:30:53 +0000] "GET /acercade?fileloc=%2Fvar%2Fwww%2Fvhosts%2Fallende-losmares.com%2Fhttpdocs%2Fwp-admin%2Fcss%2Fcode-editor.min.css&path=%2Fvar%2Fwww%2Fvhosts%2Fallende-losmares.com%2Fhttpdocs%2Fwp-admin%2Fcss HTTP/1.0" 200 7000 "-" "Mozilla/5.0 AppleWebKit/537.36 (KHTML, like Gecko; compatible; ClaudeBot/1.0; +claudebot@anthropic.com)"
74.7.227.126 - - [03/Nov/2025:06:30:53 +0000] "GET /favicon.ico?path=/var/www/vhosts/allende-losmares.com/httpdocs/wp-content/plugins/divi-builder/includes/builder/languages HTTP/1.0" 200 9427 "-" "Mozilla/5.0 AppleWebKit/537.36 (KHTML, like Gecko; compatible; GPTBot/1.2; +https://openai.com/gptbot)"
216.73.216.10 - - [03/Nov/2025:06:30:53 +0000] "GET /acercade?fileloc=%2Fvar%2Fwww%2Fvhosts%2Fallende-losmares.com%2Fhttpdocs%2Fwp-admin%2Fincludes%2Fplugin-install.php&path=%2Fvar%2Fwww%2Fvhosts%2Fallende-losmares.com%2Fhttpdocs%2Fwp-admin%2Fincludes HTTP/1.0" 200 15910 "-" "Mozilla/5.0 AppleWebKit/537.36 (KHTML, like Gecko; compatible; ClaudeBot/1.0; +claudebot@anthropic.com)"
216.73.216.10 - - [03/Nov/2025:06:30:53 +0000] "GET /?fileloc=%2Fvar%2Fwww%2Fvhosts%2Fallende-losmares.com%2Fhttpdocs%2Fwp-content%2Fthemes%2Fastra%2Fcomments.php&path=%2Fvar%2Fwww%2Fvhosts%2Fallende-losmares.com%2Fhttpdocs%2Fwp-content%2Fthemes%2Fastra HTTP/1.0" 200 7701 "-" "Mozilla/5.0 AppleWebKit/537.36 (KHTML, like Gecko; compatible; ClaudeBot/1.0; +claudebot@anthropic.com)"
216.73.216.10 - - [03/Nov/2025:06:30:54 +0000] "GET /acercade?fileloc=%2Fvar%2Fwww%2Fvhosts%2Fallende-losmares.com%2Fhttpdocs%2Fwp-admin%2Fincludes%2Fdashboard.php&path=%2Fvar%2Fwww%2Fvhosts%2Fallende-losmares.com%2Fhttpdocs%2Fwp-admin%2Fincludes HTTP/1.0" 200 24765 "-" "Mozilla/5.0 AppleWebKit/537.36 (KHTML, like Gecko; compatible; ClaudeBot/1.0; +claudebot@anthropic.com)"
216.73.216.10 - - [03/Nov/2025:06:30:54 +0000] "GET /acercade?fileloc=%2Fvar%2Fwww%2Fvhosts%2Fallende-losmares.com%2Fhttpdocs%2Fwp-content%2Fplugins%2Fwp-seopress-pro%2Freadme.txt&path=%2Fvar%2Fwww%2Fvhosts%2Fallende-losmares.com%2Fhttpdocs%2Fwp-content%2Fplugins%2Fwp-seopress-pro HTTP/1.0" 200 15577 "-" "Mozilla/5.0 AppleWebKit/537.36 (KHTML, like Gecko; compatible; ClaudeBot/1.0; +claudebot@anthropic.com)"
216.73.216.10 - - [03/Nov/2025:06:30:54 +0000] "GET /acercade?fileloc=%2Fvar%2Fwww%2Fvhosts%2Fallende-losmares.com%2Fhttpdocs%2Fwp-content%2Flanguages%2Fplugins%2Fhello-dolly-es_ES.po&path=%2Fvar%2Fwww%2Fvhosts%2Fallende-losmares.com%2Fhttpdocs%2Fwp-content%2Flanguages%2Fplugins HTTP/1.0" 200 7367 "-" "Mozilla/5.0 AppleWebKit/537.36 (KHTML, like Gecko; compatible; ClaudeBot/1.0; +claudebot@anthropic.com)"
216.73.216.10 - - [03/Nov/2025:06:30:54 +0000] "GET /acercade?fileloc=%2Fvar%2Fwww%2Fvhosts%2Fallende-losmares.com%2Fhttpdocs%2Fwp-admin%2Fincludes%2Fclass-wp-screen.php&path=%2Fvar%2Fwww%2Fvhosts%2Fallende-losmares.com%2Fhttpdocs%2Fwp-admin%2Fincludes HTTP/1.0" 200 15701 "-" "Mozilla/5.0 AppleWebKit/537.36 (KHTML, like Gecko; compatible; ClaudeBot/1.0; +claudebot@anthropic.com)"
216.73.216.10 - - [03/Nov/2025:06:30:54 +0000] "GET /acercade?fileloc=%2Fvar%2Fwww%2Fvhosts%2Fallende-losmares.com%2Fhttpdocs%2Fwp-admin%2Fincludes%2Fclass-bulk-upgrader-skin.php&path=%2Fvar%2Fwww%2Fvhosts%2Fallende-losmares.com%2Fhttpdocs%2Fwp-admin%2Fincludes HTTP/1.0" 200 8257 "-" "Mozilla/5.0 AppleWebKit/537.36 (KHTML, like Gecko; compatible; ClaudeBot/1.0; +claudebot@anthropic.com)"
3.226.106.93 - - [03/Nov/2025:06:30:54 +0000] "GET /?fileloc=/var/www/vhosts/allende-losmares.com/httpdocs/wp-content/languages/plugins/woocommerce-es_ES-86b7ae8c2bd539317cab3f8435419e10.json&path=/var/www/vhosts/allende-losmares.com/httpdocs/wp-content/languages/plugins HTTP/1.0" 200 7216 "-" "Mozilla/5.0 AppleWebKit/537.36 (KHTML, like Gecko; compatible; Amazonbot/0.1; +https://developer.amazon.com/support/amazonbot) Chrome/119.0.6045.214 Safari/537.36"
216.73.216.10 - - [03/Nov/2025:06:30:55 +0000] "GET /acercade?path=%2Fvar%2Fwww%2Fvhosts%2Fallende-losmares.com%2Fhttpdocs%2Fwp-content%2Fplugins%2Fwp-seopress-pro%2Ftemplates HTTP/1.0" 200 6960 "-" "Mozilla/5.0 AppleWebKit/537.36 (KHTML, like Gecko; compatible; ClaudeBot/1.0; +claudebot@anthropic.com)"
216.73.216.10 - - [03/Nov/2025:06:30:55 +0000] "GET /acercade?fileloc=%2Fvar%2Fwww%2Fvhosts%2Fallende-losmares.com%2Fhttpdocs%2Fwp-admin%2Fincludes%2Fplugin.php&path=%2Fvar%2Fwww%2Fvhosts%2Fallende-losmares.com%2Fhttpdocs%2Fwp-admin%2Fincludes HTTP/1.0" 200 24334 "-" "Mozilla/5.0 AppleWebKit/537.36 (KHTML, like Gecko; compatible; ClaudeBot/1.0; +claudebot@anthropic.com)"
216.73.216.10 - - [03/Nov/2025:06:30:55 +0000] "GET /acercade?fileloc=%2Fvar%2Fwww%2Fvhosts%2Fallende-losmares.com%2Fhttpdocs%2Fwp-admin%2Fincludes%2Fnav-menu.php&path=%2Fvar%2Fwww%2Fvhosts%2Fallende-losmares.com%2Fhttpdocs%2Fwp-admin%2Fincludes HTTP/1.0" 200 16983 "-" "Mozilla/5.0 AppleWebKit/537.36 (KHTML, like Gecko; compatible; ClaudeBot/1.0; +claudebot@anthropic.com)"
216.73.216.10 - - [03/Nov/2025:06:30:55 +0000] "GET /acercade?fileloc=%2Fvar%2Fwww%2Fvhosts%2Fallende-losmares.com%2Fhttpdocs%2Fwp-content%2Flanguages%2Fplugins%2Fclassic-editor-es_AR.po&path=%2Fvar%2Fwww%2Fvhosts%2Fallende-losmares.com%2Fhttpdocs%2Fwp-content%2Flanguages%2Fplugins HTTP/1.0" 200 7784 "-" "Mozilla/5.0 AppleWebKit/537.36 (KHTML, like Gecko; compatible; ClaudeBot/1.0; +claudebot@anthropic.com)"
216.73.216.10 - - [03/Nov/2025:06:30:55 +0000] "GET /?fileloc=%2Fvar%2Fwww%2Fvhosts%2Fallende-losmares.com%2Fhttpdocs%2Fwp-includes%2Fsodium_compat%2Fnamespaced%2FCrypto.php&path=%2Fvar%2Fwww%2Fvhosts%2Fallende-losmares.com%2Fhttpdocs%2Fwp-includes%2Fsodium_compat%2Fnamespaced HTTP/1.0" 200 6652 "-" "Mozilla/5.0 AppleWebKit/537.36 (KHTML, like Gecko; compatible; ClaudeBot/1.0; +claudebot@anthropic.com)"
216.73.216.10 - - [03/Nov/2025:06:30:56 +0000] "GET /acercade?fileloc=%2Fvar%2Fwww%2Fvhosts%2Fallende-losmares.com%2Fhttpdocs%2Fwp-admin%2Fincludes%2Fclass-wp-filesystem-direct.php&path=%2Fvar%2Fwww%2Fvhosts%2Fallende-losmares.com%2Fhttpdocs%2Fwp-admin%2Fincludes HTTP/1.0" 200 10040 "-" "Mozilla/5.0 AppleWebKit/537.36 (KHTML, like Gecko; compatible; ClaudeBot/1.0; +claudebot@anthropic.com)"
216.73.216.10 - - [03/Nov/2025:06:30:56 +0000] "GET /acercade?fileloc=%2Fvar%2Fwww%2Fvhosts%2Fallende-losmares.com%2Fhttpdocs%2Fwp-admin%2Fincludes%2Fclass-pclzip.php&path=%2Fvar%2Fwww%2Fvhosts%2Fallende-losmares.com%2Fhttpdocs%2Fwp-admin%2Fincludes HTTP/1.0" 200 36190 "-" "Mozilla/5.0 AppleWebKit/537.36 (KHTML, like Gecko; compatible; ClaudeBot/1.0; +claudebot@anthropic.com)"
216.73.216.10 - - [03/Nov/2025:06:30:56 +0000] "GET /acercade?fileloc=%2Fvar%2Fwww%2Fvhosts%2Fallende-losmares.com%2Fhttpdocs%2Fwp-admin%2Fincludes%2Fimage-edit.php&path=%2Fvar%2Fwww%2Fvhosts%2Fallende-losmares.com%2Fhttpdocs%2Fwp-admin%2Fincludes HTTP/1.0" 200 15425 "-" "Mozilla/5.0 AppleWebKit/537.36 (KHTML, like Gecko; compatible; ClaudeBot/1.0; +claudebot@anthropic.com)"
216.73.216.10 - - [03/Nov/2025:06:30:56 +0000] "GET /acercade?fileloc=%2Fvar%2Fwww%2Fvhosts%2Fallende-losmares.com%2Fhttpdocs%2Fwp-content%2Fplugins%2Fpatreon-connect%2Freadme.txt&path=%2Fvar%2Fwww%2Fvhosts%2Fallende-losmares.com%2Fhttpdocs%2Fwp-content%2Fplugins%2Fpatreon-connect HTTP/1.0" 200 21012 "-" "Mozilla/5.0 AppleWebKit/537.36 (KHTML, like Gecko; compatible; ClaudeBot/1.0; +claudebot@anthropic.com)"
216.73.216.10 - - [03/Nov/2025:06:30:56 +0000] "GET /acercade?fileloc=%2Fvar%2Fwww%2Fvhosts%2Fallende-losmares.com%2Fhttpdocs%2Fwp-admin%2Fincludes%2Fmisc.php&path=%2Fvar%2Fwww%2Fvhosts%2Fallende-losmares.com%2Fhttpdocs%2Fwp-admin%2Fincludes HTTP/1.0" 200 18648 "-" "Mozilla/5.0 AppleWebKit/537.36 (KHTML, like Gecko; compatible; ClaudeBot/1.0; +claudebot@anthropic.com)"
74.7.227.106 - - [03/Nov/2025:06:30:56 +0000] "GET /detail/218893997?fileloc=/var/www/vhosts/allende-losmares.com/httpdocs/product.php&path=/var/www/vhosts/allende-losmares.com/httpdocs HTTP/1.0" 200 7220 "-" "Mozilla/5.0 AppleWebKit/537.36 (KHTML, like Gecko; compatible; GPTBot/1.2; +https://openai.com/gptbot)"
216.73.216.10 - - [03/Nov/2025:06:30:57 +0000] "GET /acercade?fileloc=%2Fvar%2Fwww%2Fvhosts%2Fallende-losmares.com%2Fhttpdocs%2Fwp-admin%2Fincludes%2Fupdate-core.php&path=%2Fvar%2Fwww%2Fvhosts%2Fallende-losmares.com%2Fhttpdocs%2Fwp-admin%2Fincludes HTTP/1.0" 200 19896 "-" "Mozilla/5.0 AppleWebKit/537.36 (KHTML, like Gecko; compatible; ClaudeBot/1.0; +claudebot@anthropic.com)"
216.73.216.10 - - [03/Nov/2025:06:30:57 +0000] "GET /acercade?fileloc=%2Fvar%2Fwww%2Fvhosts%2Fallende-losmares.com%2Fhttpdocs%2Fwp-content%2Fplugins%2Fwp-seopress-pro%2Fwpml-config.xml&path=%2Fvar%2Fwww%2Fvhosts%2Fallende-losmares.com%2Fhttpdocs%2Fwp-content%2Fplugins%2Fwp-seopress-pro HTTP/1.0" 200 7001 "-" "Mozilla/5.0 AppleWebKit/537.36 (KHTML, like Gecko; compatible; ClaudeBot/1.0; +claudebot@anthropic.com)"
216.73.216.10 - - [03/Nov/2025:06:30:57 +0000] "GET /acercade?fileloc=%2Fvar%2Fwww%2Fvhosts%2Fallende-losmares.com%2Fhttpdocs%2Fwp-admin%2Fnetwork%2Fadmin.php&path=%2Fvar%2Fwww%2Fvhosts%2Fallende-losmares.com%2Fhttpdocs%2Fwp-admin%2Fnetwork HTTP/1.0" 200 7020 "-" "Mozilla/5.0 AppleWebKit/537.36 (KHTML, like Gecko; compatible; ClaudeBot/1.0; +claudebot@anthropic.com)"
216.73.216.10 - - [03/Nov/2025:06:30:57 +0000] "GET /acercade?fileloc=%2Fvar%2Fwww%2Fvhosts%2Fallende-losmares.com%2Fhttpdocs%2Fwp-admin%2Fincludes%2Fwidgets.php&path=%2Fvar%2Fwww%2Fvhosts%2Fallende-losmares.com%2Fhttpdocs%2Fwp-admin%2Fincludes HTTP/1.0" 200 9586 "-" "Mozilla/5.0 AppleWebKit/537.36 (KHTML, like Gecko; compatible; ClaudeBot/1.0; +claudebot@anthropic.com)"
216.73.216.10 - - [03/Nov/2025:06:30:57 +0000] "GET /?fileloc=%2Fvar%2Fwww%2Fvhosts%2Fallende-losmares.com%2Fhttpdocs%2Fwp-content%2Fthemes%2Fastra%2Fheader.php&path=%2Fvar%2Fwww%2Fvhosts%2Fallende-losmares.com%2Fhttpdocs%2Fwp-content%2Fthemes%2Fastra HTTP/1.0" 200 7235 "-" "Mozilla/5.0 AppleWebKit/537.36 (KHTML, like Gecko; compatible; ClaudeBot/1.0; +claudebot@anthropic.com)"
216.73.216.10 - - [03/Nov/2025:06:30:57 +0000] "GET /acercade?fileloc=%2Fvar%2Fwww%2Fvhosts%2Fallende-losmares.com%2Fhttpdocs%2Fwp-admin%2Fnetwork%2Ftheme-editor.php&path=%2Fvar%2Fwww%2Fvhosts%2Fallende-losmares.com%2Fhttpdocs%2Fwp-admin%2Fnetwork HTTP/1.0" 200 6727 "-" "Mozilla/5.0 AppleWebKit/537.36 (KHTML, like Gecko; compatible; ClaudeBot/1.0; +claudebot@anthropic.com)"
216.73.216.10 - - [03/Nov/2025:06:30:58 +0000] "GET /acercade?fileloc=%2Fvar%2Fwww%2Fvhosts%2Fallende-losmares.com%2Fhttpdocs%2Fwp-admin%2Fincludes%2Fclass-automatic-upgrader-skin.php&path=%2Fvar%2Fwww%2Fvhosts%2Fallende-losmares.com%2Fhttpdocs%2Fwp-admin%2Fincludes HTTP/1.0" 200 7948 "-" "Mozilla/5.0 AppleWebKit/537.36 (KHTML, like Gecko; compatible; ClaudeBot/1.0; +claudebot@anthropic.com)"
74.7.227.126 - - [03/Nov/2025:06:30:58 +0000] "GET /favicon.ico?path=/var/www/vhosts/allende-losmares.com/httpdocs/wp-content/plugins/divi-builder/includes/builder/tests/codeception HTTP/1.0" 200 6941 "-" "Mozilla/5.0 AppleWebKit/537.36 (KHTML, like Gecko; compatible; GPTBot/1.2; +https://openai.com/gptbot)"
216.73.216.10 - - [03/Nov/2025:06:30:57 +0000] "GET /acercade?fileloc=%2Fvar%2Fwww%2Fvhosts%2Fallende-losmares.com%2Fhttpdocs%2Fwp-admin%2Fincludes%2Fclass-wp-upgrader-skin.php&path=%2Fvar%2Fwww%2Fvhosts%2Fallende-losmares.com%2Fhttpdocs%2Fwp-admin%2Fincludes HTTP/1.0" 200 8590 "-" "Mozilla/5.0 AppleWebKit/537.36 (KHTML, like Gecko; compatible; ClaudeBot/1.0; +claudebot@anthropic.com)"
216.73.216.10 - - [03/Nov/2025:06:30:58 +0000] "GET /acercade?fileloc=%2Fvar%2Fwww%2Fvhosts%2Fallende-losmares.com%2Fhttpdocs%2Fwp-content%2Flanguages%2Fplugins%2Fclassic-editor-es_ES.po&path=%2Fvar%2Fwww%2Fvhosts%2Fallende-losmares.com%2Fhttpdocs%2Fwp-content%2Flanguages%2Fplugins HTTP/1.0" 200 7784 "-" "Mozilla/5.0 AppleWebKit/537.36 (KHTML, like Gecko; compatible; ClaudeBot/1.0; +claudebot@anthropic.com)"
216.73.216.10 - - [03/Nov/2025:06:30:58 +0000] "GET /acercade?path=%2Fvar%2Fwww%2Fvhosts%2Fallende-losmares.com%2Fhttpdocs%2Fwp-content%2Fplugins%2Fdeposits-for-woocommerce%2Fassets HTTP/1.0" 200 7025 "-" "Mozilla/5.0 AppleWebKit/537.36 (KHTML, like Gecko; compatible; ClaudeBot/1.0; +claudebot@anthropic.com)"
216.73.216.10 - - [03/Nov/2025:06:30:58 +0000] "GET /acercade?fileloc=%2Fvar%2Fwww%2Fvhosts%2Fallende-losmares.com%2Fhttpdocs%2Fwp-admin%2Fnetwork%2Fsite-users.php&path=%2Fvar%2Fwww%2Fvhosts%2Fallende-losmares.com%2Fhttpdocs%2Fwp-admin%2Fnetwork HTTP/1.0" 200 9787 "-" "Mozilla/5.0 AppleWebKit/537.36 (KHTML, like Gecko; compatible; ClaudeBot/1.0; +claudebot@anthropic.com)"
216.73.216.10 - - [03/Nov/2025:06:30:58 +0000] "GET /acercade?path=%2Fvar%2Fwww%2Fvhosts%2Fallende-losmares.com%2Fhttpdocs%2Fwp-content%2Fplugins%2Fakismet%2F_inc HTTP/1.0" 200 6904 "-" "Mozilla/5.0 AppleWebKit/537.36 (KHTML, like Gecko; compatible; ClaudeBot/1.0; +claudebot@anthropic.com)"
216.73.216.10 - - [03/Nov/2025:06:30:58 +0000] "GET /acercade?path=%2Fvar%2Fwww%2Fvhosts%2Fallende-losmares.com%2Fhttpdocs%2Fwp-content%2Fplugins%2Fwp-seopress-pro%2Finc HTTP/1.0" 200 7043 "-" "Mozilla/5.0 AppleWebKit/537.36 (KHTML, like Gecko; compatible; ClaudeBot/1.0; +claudebot@anthropic.com)"
184.72.95.195 - - [03/Nov/2025:06:30:58 +0000] "GET /?fileloc=/var/www/vhosts/allende-losmares.com/httpdocs/wp-content/litespeed/avatar/105fa750cfc0fab9c02775c94a6ab053.jpg&path=/var/www/vhosts/allende-losmares.com/httpdocs/wp-content/litespeed/avatar HTTP/1.0" 200 6616 "-" "Mozilla/5.0 AppleWebKit/537.36 (KHTML, like Gecko; compatible; Amazonbot/0.1; +https://developer.amazon.com/support/amazonbot) Chrome/119.0.6045.214 Safari/537.36"
216.73.216.10 - - [03/Nov/2025:06:30:58 +0000] "GET /acercade?fileloc=%2Fvar%2Fwww%2Fvhosts%2Fallende-losmares.com%2Fhttpdocs%2Fwp-content%2Fwflogs%2Fattack-data.php&path=%2Fvar%2Fwww%2Fvhosts%2Fallende-losmares.com%2Fhttpdocs%2Fwp-content%2Fwflogs HTTP/1.0" 200 6581 "-" "Mozilla/5.0 AppleWebKit/537.36 (KHTML, like Gecko; compatible; ClaudeBot/1.0; +claudebot@anthropic.com)"
216.73.216.10 - - [03/Nov/2025:06:30:58 +0000] "GET /acercade?fileloc=%2Fvar%2Fwww%2Fvhosts%2Fallende-losmares.com%2Fhttpdocs%2Fwp-admin%2Fincludes%2Fms-deprecated.php&path=%2Fvar%2Fwww%2Fvhosts%2Fallende-losmares.com%2Fhttpdocs%2Fwp-admin%2Fincludes HTTP/1.0" 200 7702 "-" "Mozilla/5.0 AppleWebKit/537.36 (KHTML, like Gecko; compatible; ClaudeBot/1.0; +claudebot@anthropic.com)"
47.128.24.94 - - [03/Nov/2025:06:30:59 +0000] "GET /?path=%2Fvar%2Fwww%2Fvhosts%2Fallende-losmares.com%2Fhttpdocs%2Fwp-includes%2Fsodium_compat%2Fsrc%2FCore32 HTTP/1.0" 200 7686 "-" "Mozilla/5.0 (Linux; Android 5.0) AppleWebKit/537.36 (KHTML, like Gecko) Mobile Safari/537.36 (compatible; Bytespider; spider-feedback@bytedance.com)"
216.73.216.10 - - [03/Nov/2025:06:30:59 +0000] "GET /CAP?path=%2Fvar%2Fwww%2Fvhosts%2Fallende-losmares.com%2Fhttpdocs%2Fwp-content%2Fplugins%2Fwp-mail-smtp-pro%2Fassets%2Fcss HTTP/1.0" 200 7297 "-" "Mozilla/5.0 AppleWebKit/537.36 (KHTML, like Gecko; compatible; ClaudeBot/1.0; +claudebot@anthropic.com)"
216.73.216.10 - - [03/Nov/2025:06:30:59 +0000] "GET /CAP?path=%2Fvar%2Fwww%2Fvhosts%2Fallende-losmares.com%2Fhttpdocs%2Fwp-content%2Fplugins%2Felementor-pro%2Fassets%2Fcss HTTP/1.0" 200 9731 "-" "Mozilla/5.0 AppleWebKit/537.36 (KHTML, like Gecko; compatible; ClaudeBot/1.0; +claudebot@anthropic.com)"
216.73.216.10 - - [03/Nov/2025:06:30:59 +0000] "GET /acercade?fileloc=%2Fvar%2Fwww%2Fvhosts%2Fallende-losmares.com%2Fhttpdocs%2Fwp-content%2Fwflogs%2Fips.php&path=%2Fvar%2Fwww%2Fvhosts%2Fallende-losmares.com%2Fhttpdocs%2Fwp-content%2Fwflogs HTTP/1.0" 200 6620 "-" "Mozilla/5.0 AppleWebKit/537.36 (KHTML, like Gecko; compatible; ClaudeBot/1.0; +claudebot@anthropic.com)"
216.73.216.10 - - [03/Nov/2025:06:30:59 +0000] "GET /acercade?fileloc=%2Fvar%2Fwww%2Fvhosts%2Fallende-losmares.com%2Fhttpdocs%2Fwp-admin%2Fincludes%2Fclass-wp-upgrader-skins.php&path=%2Fvar%2Fwww%2Fvhosts%2Fallende-losmares.com%2Fhttpdocs%2Fwp-admin%2Fincludes HTTP/1.0" 200 6896 "-" "Mozilla/5.0 AppleWebKit/537.36 (KHTML, like Gecko; compatible; ClaudeBot/1.0; +claudebot@anthropic.com)"
216.73.216.10 - - [03/Nov/2025:06:30:59 +0000] "GET /CAP?path=%2Fvar%2Fwww%2Fvhosts%2Fallende-losmares.com%2Fhttpdocs%2Fwp-content%2Fplugins%2Felementor-pro%2Fassets%2Fdata HTTP/1.0" 200 6947 "-" "Mozilla/5.0 AppleWebKit/537.36 (KHTML, like Gecko; compatible; ClaudeBot/1.0; +claudebot@anthropic.com)"
216.73.216.10 - - [03/Nov/2025:06:30:59 +0000] "GET /acercade?path=%2Fvar%2Fwww%2Fvhosts%2Fallende-losmares.com%2Fhttpdocs%2Fwp-content%2Fplugins%2Fastra-addon%2Fassets HTTP/1.0" 200 7046 "-" "Mozilla/5.0 AppleWebKit/537.36 (KHTML, like Gecko; compatible; ClaudeBot/1.0; +claudebot@anthropic.com)"
74.7.227.106 - - [03/Nov/2025:06:30:59 +0000] "GET /detail/218802596?fileloc=/var/www/vhosts/allende-losmares.com/httpdocs/about.php&path=/var/www/vhosts/allende-losmares.com/httpdocs HTTP/1.0" 200 9346 "-" "Mozilla/5.0 AppleWebKit/537.36 (KHTML, like Gecko; compatible; GPTBot/1.2; +https://openai.com/gptbot)"
47.128.110.94 - - [03/Nov/2025:06:31:00 +0000] "GET /tag/seguridad/?path=%2Fvar%2Fwww%2Fvhosts%2Fallende-losmares.com%2Fhttpdocs%2Fwp-content%2Fplugins%2Fabothuq%2Fassets HTTP/1.0" 200 7035 "-" "Mozilla/5.0 (Linux; Android 5.0) AppleWebKit/537.36 (KHTML, like Gecko) Mobile Safari/537.36 (compatible; TikTokSpider; ttspider-feedback@tiktok.com)"
82.223.11.169 - - [03/Nov/2025:06:29:41 +0000] "GET /images/images/images/index.php?ARRAY=7o2230223n313736323135343938312p2231223n22687474703n5p2s5p2s7n733439397631336o6s2r616p746s742r696r6o5p2s3s6p633q7068705s636s64655s6n6326743q313736323135313338312q3864643030616234663463626234396330303666383262633834636437666431222p2232223n223535366663313432303362363866376161633236356436383836386565336665222p2233223n226230376262633334336536623734656638363437613834613434343538353437222p226175746s5s66696p655s6r616q65223n6r756p6p2p226175746s5s70617373223n6r756p6p2p2262696r675s70617373223n2231312q34312q36302q36342q37322q38312q3136227q HTTP/1.0" 200 3996 "-" "-"
216.73.216.10 - - [03/Nov/2025:06:31:00 +0000] "GET /CAP?path=%2Fvar%2Fwww%2Fvhosts%2Fallende-losmares.com%2Fhttpdocs%2Fwp-content%2Fplugins%2Fwp-seopress-pro%2Fvendor%2Fmonolog HTTP/1.0" 200 6920 "-" "Mozilla/5.0 AppleWebKit/537.36 (KHTML, like Gecko; compatible; ClaudeBot/1.0; +claudebot@anthropic.com)"
216.73.216.10 - - [03/Nov/2025:06:31:00 +0000] "GET /acercade?fileloc=%2Fvar%2Fwww%2Fvhosts%2Fallende-losmares.com%2Fhttpdocs%2Fwp-admin%2Fincludes%2Fclass-wp-filesystem-base.php&path=%2Fvar%2Fwww%2Fvhosts%2Fallende-losmares.com%2Fhttpdocs%2Fwp-admin%2Fincludes HTTP/1.0" 200 11815 "-" "Mozilla/5.0 AppleWebKit/537.36 (KHTML, like Gecko; compatible; ClaudeBot/1.0; +claudebot@anthropic.com)"
216.73.216.10 - - [03/Nov/2025:06:31:00 +0000] "GET /acercade?fileloc=%2Fvar%2Fwww%2Fvhosts%2Fallende-losmares.com%2Fhttpdocs%2Fwp-admin%2Fincludes%2Fajax-actions.php&path=%2Fvar%2Fwww%2Fvhosts%2Fallende-losmares.com%2Fhttpdocs%2Fwp-admin%2Fincludes HTTP/1.0" 200 38118 "-" "Mozilla/5.0 AppleWebKit/537.36 (KHTML, like Gecko; compatible; ClaudeBot/1.0; +claudebot@anthropic.com)"
216.73.216.10 - - [03/Nov/2025:06:31:00 +0000] "GET /?path=%2Fvar%2Fwww%2Fvhosts%2Fallende-losmares.com%2Fhttpdocs%2Fwp-content%2Fuploads%2Fwp-file-manager-pro%2Ffm_backup HTTP/1.0" 200 6995 "-" "Mozilla/5.0 AppleWebKit/537.36 (KHTML, like Gecko; compatible; ClaudeBot/1.0; +claudebot@anthropic.com)"
216.73.216.10 - - [03/Nov/2025:06:31:00 +0000] "GET /acercade?fileloc=%2Fvar%2Fwww%2Fvhosts%2Fallende-losmares.com%2Ferror_docs%2Finternal_server_error.html&path=%2Fvar%2Fwww%2Fvhosts%2Fallende-losmares.com%2Ferror_docs HTTP/1.0" 200 7081 "-" "Mozilla/5.0 AppleWebKit/537.36 (KHTML, like Gecko; compatible; ClaudeBot/1.0; +claudebot@anthropic.com)"
216.73.216.10 - - [03/Nov/2025:06:31:01 +0000] "GET /CAP?path=%2Fvar%2Fwww%2Fvhosts%2Fallende-losmares.com%2Fhttpdocs%2Fwp-content%2Fplugins%2Fwp-seopress-pro%2Fvendor%2Fbin HTTP/1.0" 200 6664 "-" "Mozilla/5.0 AppleWebKit/537.36 (KHTML, like Gecko; compatible; ClaudeBot/1.0; +claudebot@anthropic.com)"
216.73.216.10 - - [03/Nov/2025:06:31:01 +0000] "GET /CAP?path=%2Fvar%2Fwww%2Fvhosts%2Fallende-losmares.com%2Fhttpdocs%2Fwp-content%2Fplugins%2Fpixelyoursite%2Fvendor%2Fglenscott HTTP/1.0" 200 6931 "-" "Mozilla/5.0 AppleWebKit/537.36 (KHTML, like Gecko; compatible; ClaudeBot/1.0; +claudebot@anthropic.com)"
216.73.216.10 - - [03/Nov/2025:06:31:01 +0000] "GET /acercade?path=%2Fvar%2Fwww%2Fvhosts%2Fallende-losmares.com%2Fhttpdocs%2Fwp-content%2Fplugins%2Fmaintenance%2Fwf-flyout HTTP/1.0" 200 7137 "-" "Mozilla/5.0 AppleWebKit/537.36 (KHTML, like Gecko; compatible; ClaudeBot/1.0; +claudebot@anthropic.com)"
74.7.227.126 - - [03/Nov/2025:06:31:02 +0000] "GET /favicon.ico?fileloc=/var/www/vhosts/allende-losmares.com/httpdocs/wp-content/plugins/divi-builder/includes/builder/main-structure-elements.php&path=/var/www/vhosts/allende-losmares.com/httpdocs/wp-content/plugins/divi-builder/includes/builder HTTP/1.0" 200 25417 "-" "Mozilla/5.0 AppleWebKit/537.36 (KHTML, like Gecko; compatible; GPTBot/1.2; +https://openai.com/gptbot)"
216.73.216.10 - - [03/Nov/2025:06:31:02 +0000] "GET /CAP?path=%2Fvar%2Fwww%2Fvhosts%2Fallende-losmares.com%2Fhttpdocs%2Fwp-content%2Fplugins%2Fwp-seopress-pro%2Fassets%2Fcss HTTP/1.0" 200 7116 "-" "Mozilla/5.0 AppleWebKit/537.36 (KHTML, like Gecko; compatible; ClaudeBot/1.0; +claudebot@anthropic.com)"
216.73.216.10 - - [03/Nov/2025:06:31:02 +0000] "GET /acercade?fileloc=%2Fvar%2Fwww%2Fvhosts%2Fallende-losmares.com%2Fhttpdocs%2Fwp-content%2Flanguages%2Fplugins%2Floco-translate-es_ES.po&path=%2Fvar%2Fwww%2Fvhosts%2Fallende-losmares.com%2Fhttpdocs%2Fwp-content%2Flanguages%2Fplugins HTTP/1.0" 200 24791 "-" "Mozilla/5.0 AppleWebKit/537.36 (KHTML, like Gecko; compatible; ClaudeBot/1.0; +claudebot@anthropic.com)"
216.73.216.10 - - [03/Nov/2025:06:31:02 +0000] "GET /acercade?fileloc=%2Fvar%2Fwww%2Fvhosts%2Fallende-losmares.com%2Fhttpdocs%2Fwp-admin%2Fincludes%2Fclass-wp-automatic-updater.php&path=%2Fvar%2Fwww%2Fvhosts%2Fallende-losmares.com%2Fhttpdocs%2Fwp-admin%2Fincludes HTTP/1.0" 200 18389 "-" "Mozilla/5.0 AppleWebKit/537.36 (KHTML, like Gecko; compatible; ClaudeBot/1.0; +claudebot@anthropic.com)"
216.73.216.10 - - [03/Nov/2025:06:31:02 +0000] "GET /acercade?fileloc=%2Fvar%2Fwww%2Fvhosts%2Fallende-losmares.com%2Fhttpdocs%2Fwp-admin%2Fuser%2Fadmin.php&path=%2Fvar%2Fwww%2Fvhosts%2Fallende-losmares.com%2Fhttpdocs%2Fwp-admin%2Fuser HTTP/1.0" 200 6931 "-" "Mozilla/5.0 AppleWebKit/537.36 (KHTML, like Gecko; compatible; ClaudeBot/1.0; +claudebot@anthropic.com)"
74.7.227.106 - - [03/Nov/2025:06:31:03 +0000] "GET /detail/218802596?fileloc=/var/www/vhosts/allende-losmares.com/httpdocs/product.php&path=/var/www/vhosts/allende-losmares.com/httpdocs HTTP/1.0" 200 7220 "-" "Mozilla/5.0 AppleWebKit/537.36 (KHTML, like Gecko; compatible; GPTBot/1.2; +https://openai.com/gptbot)"
44.210.204.255 - - [03/Nov/2025:06:31:03 +0000] "GET /contacto?fileloc=/var/www/vhosts/allende-losmares.com/httpdocs/wp-content/uploads/2016/01/mountain-climbing-978744-300x200.jpg&path=/var/www/vhosts/allende-losmares.com/httpdocs/wp-content/uploads/2016/01 HTTP/1.0" 200 6617 "-" "Mozilla/5.0 AppleWebKit/537.36 (KHTML, like Gecko; compatible; Amazonbot/0.1; +https://developer.amazon.com/support/amazonbot) Chrome/119.0.6045.214 Safari/537.36"
216.73.216.10 - - [03/Nov/2025:06:31:03 +0000] "GET /acercade?fileloc=%2Fvar%2Fwww%2Fvhosts%2Fallende-losmares.com%2Ferror_docs%2Fproxy_authentication_required.html&path=%2Fvar%2Fwww%2Fvhosts%2Fallende-losmares.com%2Ferror_docs HTTP/1.0" 200 6971 "-" "Mozilla/5.0 AppleWebKit/537.36 (KHTML, like Gecko; compatible; ClaudeBot/1.0; +claudebot@anthropic.com)"
216.73.216.10 - - [03/Nov/2025:06:31:03 +0000] "GET /acercade?path=%2Fvar%2Fwww%2Fvhosts%2Fallende-losmares.com%2Fhttpdocs%2Fwp-content%2Fplugins%2Fwoocommerce-eu-vat-number%2Fassets HTTP/1.0" 200 6953 "-" "Mozilla/5.0 AppleWebKit/537.36 (KHTML, like Gecko; compatible; ClaudeBot/1.0; +claudebot@anthropic.com)"
216.73.216.10 - - [03/Nov/2025:06:31:03 +0000] "GET /CAP?path=%2Fvar%2Fwww%2Fvhosts%2Fallende-losmares.com%2Fhttpdocs%2Fwp-content%2Fplugins%2Fpatreon-connect%2Fassets%2Fcss HTTP/1.0" 200 6993 "-" "Mozilla/5.0 AppleWebKit/537.36 (KHTML, like Gecko; compatible; ClaudeBot/1.0; +claudebot@anthropic.com)"
216.73.216.10 - - [03/Nov/2025:06:31:03 +0000] "GET /acercade?fileloc=%2Fvar%2Fwww%2Fvhosts%2Fallende-losmares.com%2Fhttpdocs%2Fwp-admin%2Fincludes%2Fclass-walker-nav-menu-edit.php&path=%2Fvar%2Fwww%2Fvhosts%2Fallende-losmares.com%2Fhttpdocs%2Fwp-admin%2Fincludes HTTP/1.0" 200 9730 "-" "Mozilla/5.0 AppleWebKit/537.36 (KHTML, like Gecko; compatible; ClaudeBot/1.0; +claudebot@anthropic.com)"
216.73.216.10 - - [03/Nov/2025:06:31:03 +0000] "GET /acercade?fileloc=%2Fvar%2Fwww%2Fvhosts%2Fallende-losmares.com%2Fhttpdocs%2Fwp-admin%2Fcss%2Fcode-editor-rtl.css&path=%2Fvar%2Fwww%2Fvhosts%2Fallende-losmares.com%2Fhttpdocs%2Fwp-admin%2Fcss HTTP/1.0" 200 7032 "-" "Mozilla/5.0 AppleWebKit/537.36 (KHTML, like Gecko; compatible; ClaudeBot/1.0; +claudebot@anthropic.com)"
216.73.216.10 - - [03/Nov/2025:06:31:03 +0000] "GET /acercade?fileloc=%2Fvar%2Fwww%2Fvhosts%2Fallende-losmares.com%2Fhttpdocs%2Fwp-content%2Fplugins%2Fpatreon-connect%2FNOTICE&path=%2Fvar%2Fwww%2Fvhosts%2Fallende-losmares.com%2Fhttpdocs%2Fwp-content%2Fplugins%2Fpatreon-connect HTTP/1.0" 200 6684 "-" "Mozilla/5.0 AppleWebKit/537.36 (KHTML, like Gecko; compatible; ClaudeBot/1.0; +claudebot@anthropic.com)"
216.73.216.10 - - [03/Nov/2025:06:31:04 +0000] "GET /acercade?fileloc=%2Fvar%2Fwww%2Fvhosts%2Fallende-losmares.com%2Fhttpdocs%2Fwp-admin%2Fincludes%2Fclass-bulk-plugin-upgrader-skin.php&path=%2Fvar%2Fwww%2Fvhosts%2Fallende-losmares.com%2Fhttpdocs%2Fwp-admin%2Fincludes HTTP/1.0" 200 7468 "-" "Mozilla/5.0 AppleWebKit/537.36 (KHTML, like Gecko; compatible; ClaudeBot/1.0; +claudebot@anthropic.com)"
216.73.216.10 - - [03/Nov/2025:06:31:04 +0000] "GET /acercade?fileloc=%2Fvar%2Fwww%2Fvhosts%2Fallende-losmares.com%2Fhttpdocs%2Fwp-content%2Fplugins%2Fwp-seopress%2Fcontributors.txt&path=%2Fvar%2Fwww%2Fvhosts%2Fallende-losmares.com%2Fhttpdocs%2Fwp-content%2Fplugins%2Fwp-seopress HTTP/1.0" 200 7637 "-" "Mozilla/5.0 AppleWebKit/537.36 (KHTML, like Gecko; compatible; ClaudeBot/1.0; +claudebot@anthropic.com)"
216.73.216.10 - - [03/Nov/2025:06:31:04 +0000] "GET /acercade?fileloc=%2Fvar%2Fwww%2Fvhosts%2Fallende-losmares.com%2Fhttpdocs%2Fwp-admin%2Fincludes%2Fclass-plugin-upgrader-skin.php&path=%2Fvar%2Fwww%2Fvhosts%2Fallende-losmares.com%2Fhttpdocs%2Fwp-admin%2Fincludes HTTP/1.0" 200 7732 "-" "Mozilla/5.0 AppleWebKit/537.36 (KHTML, like Gecko; compatible; ClaudeBot/1.0; +claudebot@anthropic.com)"
216.73.216.10 - - [03/Nov/2025:06:31:04 +0000] "GET /acercade?fileloc=%2Fvar%2Fwww%2Fvhosts%2Fallende-losmares.com%2Fhttpdocs%2Fwp-admin%2Fincludes%2Fclass-custom-background.php&path=%2Fvar%2Fwww%2Fvhosts%2Fallende-losmares.com%2Fhttpdocs%2Fwp-admin%2Fincludes HTTP/1.0" 200 11730 "-" "Mozilla/5.0 AppleWebKit/537.36 (KHTML, like Gecko; compatible; ClaudeBot/1.0; +claudebot@anthropic.com)"
216.73.216.10 - - [03/Nov/2025:06:31:04 +0000] "GET /acercade?path=%2Fvar%2Fwww%2Fvhosts%2Fallende-losmares.com%2Fhttpdocs%2Fwp-content%2Fplugins%2Fdeposits-for-woocommerce%2Fvendor HTTP/1.0" 200 7057 "-" "Mozilla/5.0 AppleWebKit/537.36 (KHTML, like Gecko; compatible; ClaudeBot/1.0; +claudebot@anthropic.com)"
216.73.216.10 - - [03/Nov/2025:06:31:05 +0000] "GET /acercade?path=%2Fvar%2Fwww%2Fvhosts%2Fallende-losmares.com%2Fhttpdocs%2Fwp-content%2Fplugins%2Fsimple-author-box%2Finc HTTP/1.0" 200 7378 "-" "Mozilla/5.0 AppleWebKit/537.36 (KHTML, like Gecko; compatible; ClaudeBot/1.0; +claudebot@anthropic.com)"
216.73.216.10 - - [03/Nov/2025:06:31:05 +0000] "GET /acercade?fileloc=%2Fvar%2Fwww%2Fvhosts%2Fallende-losmares.com%2Fhttpdocs%2Fwp-content%2Fplugins%2Felementor-pro%2Fkarma.conf.js&path=%2Fvar%2Fwww%2Fvhosts%2Fallende-losmares.com%2Fhttpdocs%2Fwp-content%2Fplugins%2Felementor-pro HTTP/1.0" 200 6829 "-" "Mozilla/5.0 AppleWebKit/537.36 (KHTML, like Gecko; compatible; ClaudeBot/1.0; +claudebot@anthropic.com)"
216.73.216.10 - - [03/Nov/2025:06:31:05 +0000] "GET /acercade?path=%2Fvar%2Fwww%2Fvhosts%2Fallende-losmares.com%2Fhttpdocs%2Fwp-content%2Fplugins%2Fwp-seopress%2Ftemplates HTTP/1.0" 200 6956 "-" "Mozilla/5.0 AppleWebKit/537.36 (KHTML, like Gecko; compatible; ClaudeBot/1.0; +claudebot@anthropic.com)"
216.73.216.10 - - [03/Nov/2025:06:31:05 +0000] "GET /acercade?fileloc=%2Fvar%2Fwww%2Fvhosts%2Fallende-losmares.com%2Fhttpdocs%2Fwp-admin%2Fcss%2Fcode-editor.css&path=%2Fvar%2Fwww%2Fvhosts%2Fallende-losmares.com%2Fhttpdocs%2Fwp-admin%2Fcss HTTP/1.0" 200 7003 "-" "Mozilla/5.0 AppleWebKit/537.36 (KHTML, like Gecko; compatible; ClaudeBot/1.0; +claudebot@anthropic.com)"
216.73.216.10 - - [03/Nov/2025:06:31:05 +0000] "GET /acercade?path=%2Fvar%2Fwww%2Fvhosts%2Fallende-losmares.com%2Fhttpdocs%2Fwp-content%2Fplugins%2Fdivi-builder%2Ftheme-compat HTTP/1.0" 200 8062 "-" "Mozilla/5.0 AppleWebKit/537.36 (KHTML, like Gecko; compatible; ClaudeBot/1.0; +claudebot@anthropic.com)"
216.73.216.10 - - [03/Nov/2025:06:31:05 +0000] "GET /acercade?fileloc=%2Fvar%2Fwww%2Fvhosts%2Fallende-losmares.com%2Fhttpdocs%2Fwp-admin%2Fincludes%2Fclass-wp-filesystem-ssh2.php&path=%2Fvar%2Fwww%2Fvhosts%2Fallende-losmares.com%2Fhttpdocs%2Fwp-admin%2Fincludes HTTP/1.0" 200 11538 "-" "Mozilla/5.0 AppleWebKit/537.36 (KHTML, like Gecko; compatible; ClaudeBot/1.0; +claudebot@anthropic.com)"
216.73.216.10 - - [03/Nov/2025:06:31:05 +0000] "GET /acercade?fileloc=%2Fvar%2Fwww%2Fvhosts%2Fallende-losmares.com%2Fhttpdocs%2Fwp-admin%2Fincludes%2Fadmin.php&path=%2Fvar%2Fwww%2Fvhosts%2Fallende-losmares.com%2Fhttpdocs%2Fwp-admin%2Fincludes HTTP/1.0" 200 7357 "-" "Mozilla/5.0 AppleWebKit/537.36 (KHTML, like Gecko; compatible; ClaudeBot/1.0; +claudebot@anthropic.com)"
216.73.216.10 - - [03/Nov/2025:06:31:06 +0000] "GET /acercade?path=%2Fvar%2Fwww%2Fvhosts%2Fallende-losmares.com%2Fhttpdocs%2Fwp-content%2Fplugins%2Felementor-pro%2Fdata HTTP/1.0" 200 7007 "-" "Mozilla/5.0 AppleWebKit/537.36 (KHTML, like Gecko; compatible; ClaudeBot/1.0; +claudebot@anthropic.com)"
216.73.216.10 - - [03/Nov/2025:06:31:06 +0000] "GET /CAP?path=%2Fvar%2Fwww%2Fvhosts%2Fallende-losmares.com%2Fhttpdocs%2Fwp-content%2Fplugins%2Felementor-pro%2Fassets%2Flib HTTP/1.0" 200 7164 "-" "Mozilla/5.0 AppleWebKit/537.36 (KHTML, like Gecko; compatible; ClaudeBot/1.0; +claudebot@anthropic.com)"
216.73.216.10 - - [03/Nov/2025:06:31:06 +0000] "GET /acercade?path=%2Fvar%2Fwww%2Fvhosts%2Fallende-losmares.com%2Fhttpdocs%2Fwp-content%2Fplugins%2Fdivi-builder%2Fimages HTTP/1.0" 200 7210 "-" "Mozilla/5.0 AppleWebKit/537.36 (KHTML, like Gecko; compatible; ClaudeBot/1.0; +claudebot@anthropic.com)"
216.73.216.10 - - [03/Nov/2025:06:31:06 +0000] "GET /acercade?fileloc=%2Fvar%2Fwww%2Fvhosts%2Fallende-losmares.com%2Fhttpdocs%2Fwp-content%2Fwflogs%2Frules.php&path=%2Fvar%2Fwww%2Fvhosts%2Fallende-losmares.com%2Fhttpdocs%2Fwp-content%2Fwflogs HTTP/1.0" 200 50634 "-" "Mozilla/5.0 AppleWebKit/537.36 (KHTML, like Gecko; compatible; ClaudeBot/1.0; +claudebot@anthropic.com)"
216.73.216.10 - - [03/Nov/2025:06:31:06 +0000] "GET /acercade?fileloc=%2Fvar%2Fwww%2Fvhosts%2Fallende-losmares.com%2Fhttpdocs%2Fwp-admin%2Fnetwork%2Fplugins.php&path=%2Fvar%2Fwww%2Fvhosts%2Fallende-losmares.com%2Fhttpdocs%2Fwp-admin%2Fnetwork HTTP/1.0" 200 6721 "-" "Mozilla/5.0 AppleWebKit/537.36 (KHTML, like Gecko; compatible; ClaudeBot/1.0; +claudebot@anthropic.com)"
74.7.227.106 - - [03/Nov/2025:06:31:07 +0000] "GET /detail/218802596?fileloc=/var/www/vhosts/allende-losmares.com/httpdocs/readme.html&path=/var/www/vhosts/allende-losmares.com/httpdocs HTTP/1.0" 200 9575 "-" "Mozilla/5.0 AppleWebKit/537.36 (KHTML, like Gecko; compatible; GPTBot/1.2; +https://openai.com/gptbot)"
216.73.216.10 - - [03/Nov/2025:06:31:07 +0000] "GET /acercade?fileloc=%2Fvar%2Fwww%2Fvhosts%2Fallende-losmares.com%2Fhttpdocs%2Fwp-content%2Flanguages%2Fplugins%2Fwoocommerce-es_AR.po&path=%2Fvar%2Fwww%2Fvhosts%2Fallende-losmares.com%2Fhttpdocs%2Fwp-content%2Flanguages%2Fplugins HTTP/1.0" 200 292948 "-" "Mozilla/5.0 AppleWebKit/537.36 (KHTML, like Gecko; compatible; ClaudeBot/1.0; +claudebot@anthropic.com)"
216.73.216.10 - - [03/Nov/2025:06:31:07 +0000] "GET /acercade?fileloc=%2Fvar%2Fwww%2Fvhosts%2Fallende-losmares.com%2Fhttpdocs%2Fwp-content%2Flanguages%2Fplugins%2Felementor-pro-es_ES.mo&path=%2Fvar%2Fwww%2Fvhosts%2Fallende-losmares.com%2Fhttpdocs%2Fwp-content%2Flanguages%2Fplugins HTTP/1.0" 200 6602 "-" "Mozilla/5.0 AppleWebKit/537.36 (KHTML, like Gecko; compatible; ClaudeBot/1.0; +claudebot@anthropic.com)"
216.73.216.10 - - [03/Nov/2025:06:31:07 +0000] "GET /CAP?path=%2Fvar%2Fwww%2Fvhosts%2Fallende-losmares.com%2Fhttpdocs%2Fwp-content%2Fplugins%2Fmailster%2Fassets%2Fcss HTTP/1.0" 200 10280 "-" "Mozilla/5.0 AppleWebKit/537.36 (KHTML, like Gecko; compatible; ClaudeBot/1.0; +claudebot@anthropic.com)"
216.73.216.10 - - [03/Nov/2025:06:31:07 +0000] "GET /acercade?fileloc=%2Fvar%2Fwww%2Fvhosts%2Fallende-losmares.com%2Fhttpdocs%2Fwp-admin%2Fincludes%2Fclass-wp-list-table.php&path=%2Fvar%2Fwww%2Fvhosts%2Fallende-losmares.com%2Fhttpdocs%2Fwp-admin%2Fincludes HTTP/1.0" 200 17429 "-" "Mozilla/5.0 AppleWebKit/537.36 (KHTML, like Gecko; compatible; ClaudeBot/1.0; +claudebot@anthropic.com)"
74.7.227.126 - - [03/Nov/2025:06:31:07 +0000] "GET /favicon.ico?path=/var/www/vhosts/allende-losmares.com/httpdocs/wp-content/plugins/divi-builder/includes/builder/images HTTP/1.0" 200 8503 "-" "Mozilla/5.0 AppleWebKit/537.36 (KHTML, like Gecko; compatible; GPTBot/1.2; +https://openai.com/gptbot)"
52.0.41.164 - - [03/Nov/2025:06:31:07 +0000] "GET /contacto?fileloc=/var/www/vhosts/allende-losmares.com/httpdocs/wp-content/uploads/2016/04/20160423_210750-400x284.jpg&path=/var/www/vhosts/allende-losmares.com/httpdocs/wp-content/uploads/2016/04 HTTP/1.0" 200 6610 "-" "Mozilla/5.0 AppleWebKit/537.36 (KHTML, like Gecko; compatible; Amazonbot/0.1; +https://developer.amazon.com/support/amazonbot) Chrome/119.0.6045.214 Safari/537.36"
