216.73.216.10 - - [04/Nov/2025:07:12:45 +0000] "GET /detail/439915786?path=%2Fvar%2Fwww%2Fvhosts%2Fallende-losmares.com%2Fhttpdocs%2F.well-known HTTP/1.0" 200 6971 "-" "Mozilla/5.0 AppleWebKit/537.36 (KHTML, like Gecko; compatible; ClaudeBot/1.0; +claudebot@anthropic.com)"
216.73.216.10 - - [04/Nov/2025:07:12:45 +0000] "GET /2014/11/empezar-rodar/html?fileloc=%2Fvar%2Fwww%2Fvhosts%2Fallende-losmares.com%2Fhttpdocs%2Fwp-content%2Fuploads%2FMochilerosTV-Foto-1080x675.png&path=%2Fvar%2Fwww%2Fvhosts%2Fallende-losmares.com%2Fhttpdocs%2Fwp-content%2Fuploads HTTP/1.0" 200 6594 "-" "Mozilla/5.0 AppleWebKit/537.36 (KHTML, like Gecko; compatible; ClaudeBot/1.0; +claudebot@anthropic.com)"
74.7.227.126 - - [04/Nov/2025:07:12:45 +0000] "GET /contacto?path=/var/www/vhosts/allende-losmares.com/httpdocs/wp-content/plugins/all-in-one-seo-pack/dist/Lite/assets/images HTTP/1.0" 200 8290 "-" "Mozilla/5.0 AppleWebKit/537.36 (KHTML, like Gecko; compatible; GPTBot/1.2; +https://openai.com/gptbot)"
216.73.216.10 - - [04/Nov/2025:07:12:45 +0000] "GET /detail/439970301?path=%2Fvar%2Fwww%2Fvhosts%2Fallende-losmares.com%2Fhttpdocs%2F.well-known HTTP/1.0" 200 6971 "-" "Mozilla/5.0 AppleWebKit/537.36 (KHTML, like Gecko; compatible; ClaudeBot/1.0; +claudebot@anthropic.com)"
216.73.216.10 - - [04/Nov/2025:07:12:46 +0000] "GET /detail/439939480?path=%2Fvar%2Fwww%2Fvhosts%2Fallende-losmares.com%2Fhttpdocs%2F.well-known HTTP/1.0" 200 6971 "-" "Mozilla/5.0 AppleWebKit/537.36 (KHTML, like Gecko; compatible; ClaudeBot/1.0; +claudebot@anthropic.com)"
74.7.227.106 - - [04/Nov/2025:07:12:46 +0000] "GET /detail/239831256?path=/ HTTP/1.0" 200 6536 "-" "Mozilla/5.0 AppleWebKit/537.36 (KHTML, like Gecko; compatible; GPTBot/1.2; +https://openai.com/gptbot)"
216.73.216.10 - - [04/Nov/2025:07:12:46 +0000] "GET /detail/439965296?path=%2Fvar%2Fwww%2Fvhosts%2Fallende-losmares.com%2Fhttpdocs%2F.well-known HTTP/1.0" 200 6971 "-" "Mozilla/5.0 AppleWebKit/537.36 (KHTML, like Gecko; compatible; ClaudeBot/1.0; +claudebot@anthropic.com)"
216.73.216.10 - - [04/Nov/2025:07:12:46 +0000] "GET /2014/11/empezar-rodar/html?fileloc=%2Fvar%2Fwww%2Fvhosts%2Fallende-losmares.com%2Fhttpdocs%2Fwp-content%2Fuploads%2FCadenaSERfoto-1080x1089.jpg&path=%2Fvar%2Fwww%2Fvhosts%2Fallende-losmares.com%2Fhttpdocs%2Fwp-content%2Fuploads HTTP/1.0" 200 6593 "-" "Mozilla/5.0 AppleWebKit/537.36 (KHTML, like Gecko; compatible; ClaudeBot/1.0; +claudebot@anthropic.com)"
216.73.216.10 - - [04/Nov/2025:07:12:46 +0000] "GET /detail/439945547?path=%2Fvar%2Fwww%2Fvhosts%2Fallende-losmares.com%2Fhttpdocs%2F.well-known HTTP/1.0" 200 6965 "-" "Mozilla/5.0 AppleWebKit/537.36 (KHTML, like Gecko; compatible; ClaudeBot/1.0; +claudebot@anthropic.com)"
216.73.216.10 - - [04/Nov/2025:07:12:46 +0000] "GET /detail/439957922?path=%2Fvar%2Fwww%2Fvhosts%2Fallende-losmares.com%2Fhttpdocs%2F.well-known HTTP/1.0" 200 6971 "-" "Mozilla/5.0 AppleWebKit/537.36 (KHTML, like Gecko; compatible; ClaudeBot/1.0; +claudebot@anthropic.com)"
3.93.98.99 - - [04/Nov/2025:07:12:46 +0000] "GET /acerca-de-paula/?fileloc=/var/www/vhosts/allende-losmares.com/httpdocs/wp-content/plugins/logo-switcher/languages/logo-switcher-nb_NO.mo&path=/var/www/vhosts/allende-losmares.com/httpdocs/wp-content/plugins/logo-switcher/languages HTTP/1.0" 200 6611 "-" "Mozilla/5.0 AppleWebKit/537.36 (KHTML, like Gecko; compatible; Amazonbot/0.1; +https://developer.amazon.com/support/amazonbot) Chrome/119.0.6045.214 Safari/537.36"
216.73.216.10 - - [04/Nov/2025:07:12:46 +0000] "GET /detail/439790932?path=%2Fvar%2Fwww%2Fvhosts%2Fallende-losmares.com%2Fhttpdocs%2F.well-known HTTP/1.0" 200 6971 "-" "Mozilla/5.0 AppleWebKit/537.36 (KHTML, like Gecko; compatible; ClaudeBot/1.0; +claudebot@anthropic.com)"
216.73.216.10 - - [04/Nov/2025:07:12:47 +0000] "GET /detail/439826756?path=%2Fvar%2Fwww%2Fvhosts%2Fallende-losmares.com%2Fhttpdocs%2F.well-known HTTP/1.0" 200 6965 "-" "Mozilla/5.0 AppleWebKit/537.36 (KHTML, like Gecko; compatible; ClaudeBot/1.0; +claudebot@anthropic.com)"
216.73.216.10 - - [04/Nov/2025:07:12:47 +0000] "GET /detail/439788035?path=%2Fvar%2Fwww%2Fvhosts%2Fallende-losmares.com%2Fhttpdocs%2F.well-known HTTP/1.0" 200 6971 "-" "Mozilla/5.0 AppleWebKit/537.36 (KHTML, like Gecko; compatible; ClaudeBot/1.0; +claudebot@anthropic.com)"
216.73.216.10 - - [04/Nov/2025:07:12:47 +0000] "GET /detail/439771697?path=%2Fvar%2Fwww%2Fvhosts%2Fallende-losmares.com%2Fhttpdocs%2F.well-known HTTP/1.0" 200 6971 "-" "Mozilla/5.0 AppleWebKit/537.36 (KHTML, like Gecko; compatible; ClaudeBot/1.0; +claudebot@anthropic.com)"
216.73.216.10 - - [04/Nov/2025:07:12:47 +0000] "GET /detail/439935272?path=%2Fvar%2Fwww%2Fvhosts%2Fallende-losmares.com%2Fhttpdocs%2F.well-known HTTP/1.0" 200 6971 "-" "Mozilla/5.0 AppleWebKit/537.36 (KHTML, like Gecko; compatible; ClaudeBot/1.0; +claudebot@anthropic.com)"
216.73.216.10 - - [04/Nov/2025:07:12:48 +0000] "GET /detail/439828597?path=%2Fvar%2Fwww%2Fvhosts HTTP/1.0" 200 6567 "-" "Mozilla/5.0 AppleWebKit/537.36 (KHTML, like Gecko; compatible; ClaudeBot/1.0; +claudebot@anthropic.com)"
216.73.216.10 - - [04/Nov/2025:07:12:48 +0000] "GET /detail/439822267?path=%2Fvar%2Fwww%2Fvhosts%2Fallende-losmares.com%2Fhttpdocs%2F.well-known HTTP/1.0" 200 6971 "-" "Mozilla/5.0 AppleWebKit/537.36 (KHTML, like Gecko; compatible; ClaudeBot/1.0; +claudebot@anthropic.com)"
216.73.216.10 - - [04/Nov/2025:07:12:48 +0000] "GET /detail/439817278?path=%2Fvar%2Fwww%2Fvhosts%2Fallende-losmares.com%2Fhttpdocs%2F.well-known HTTP/1.0" 200 6971 "-" "Mozilla/5.0 AppleWebKit/537.36 (KHTML, like Gecko; compatible; ClaudeBot/1.0; +claudebot@anthropic.com)"
216.73.216.10 - - [04/Nov/2025:07:12:48 +0000] "GET /detail/439838338?path=%2Fvar%2Fwww%2Fvhosts%2Fallende-losmares.com%2Fhttpdocs%2F.well-known HTTP/1.0" 200 6971 "-" "Mozilla/5.0 AppleWebKit/537.36 (KHTML, like Gecko; compatible; ClaudeBot/1.0; +claudebot@anthropic.com)"
216.73.216.10 - - [04/Nov/2025:07:12:48 +0000] "GET /detail/439806477?path=%2Fvar%2Fwww%2Fvhosts%2Fallende-losmares.com%2Fhttpdocs%2F.well-known HTTP/1.0" 200 6965 "-" "Mozilla/5.0 AppleWebKit/537.36 (KHTML, like Gecko; compatible; ClaudeBot/1.0; +claudebot@anthropic.com)"
216.73.216.10 - - [04/Nov/2025:07:12:49 +0000] "GET /detail/439942381?path=%2Fvar%2Fwww%2Fvhosts%2Fallende-losmares.com%2Fhttpdocs%2F.well-known HTTP/1.0" 200 6971 "-" "Mozilla/5.0 AppleWebKit/537.36 (KHTML, like Gecko; compatible; ClaudeBot/1.0; +claudebot@anthropic.com)"
216.73.216.10 - - [04/Nov/2025:07:12:49 +0000] "GET /2015/07/dia-dia/html?fileloc=%2Fvar%2Fwww%2Fvhosts%2Fallende-losmares.com%2Fhttpdocs%2Fwp-content%2Fuploads%2FMochilerosTV-Foto-1080x675.png&path=%2Fvar%2Fwww%2Fvhosts%2Fallende-losmares.com%2Fhttpdocs%2Fwp-content%2Fuploads HTTP/1.0" 200 6594 "-" "Mozilla/5.0 AppleWebKit/537.36 (KHTML, like Gecko; compatible; ClaudeBot/1.0; +claudebot@anthropic.com)"
74.7.227.106 - - [04/Nov/2025:07:12:49 +0000] "GET /detail/218842098?fileloc=/var/www/vhosts/allende-losmares.com/httpdocs/plugins.php&path=/var/www/vhosts/allende-losmares.com/httpdocs HTTP/1.0" 200 7513 "-" "Mozilla/5.0 AppleWebKit/537.36 (KHTML, like Gecko; compatible; GPTBot/1.2; +https://openai.com/gptbot)"
216.73.216.10 - - [04/Nov/2025:07:12:49 +0000] "GET /2015/07/dia-dia/html?fileloc=%2Fvar%2Fwww%2Fvhosts%2Fallende-losmares.com%2Fhttpdocs%2Fwp-content%2Fuploads%2FMarina-Rubic%C3%B3n-100x100.png&path=%2Fvar%2Fwww%2Fvhosts%2Fallende-losmares.com%2Fhttpdocs%2Fwp-content%2Fuploads HTTP/1.0" 200 6596 "-" "Mozilla/5.0 AppleWebKit/537.36 (KHTML, like Gecko; compatible; ClaudeBot/1.0; +claudebot@anthropic.com)"
216.73.216.10 - - [04/Nov/2025:07:12:49 +0000] "GET /detail/439804618?path=%2Fvar%2Fwww%2Fvhosts HTTP/1.0" 200 6567 "-" "Mozilla/5.0 AppleWebKit/537.36 (KHTML, like Gecko; compatible; ClaudeBot/1.0; +claudebot@anthropic.com)"
216.73.216.10 - - [04/Nov/2025:07:12:49 +0000] "GET /detail/439867055?path=%2Fvar%2Fwww%2Fvhosts%2Fallende-losmares.com%2Fhttpdocs%2F.well-known HTTP/1.0" 200 6971 "-" "Mozilla/5.0 AppleWebKit/537.36 (KHTML, like Gecko; compatible; ClaudeBot/1.0; +claudebot@anthropic.com)"
216.73.216.10 - - [04/Nov/2025:07:12:49 +0000] "GET /detail/439872588?path=%2Fvar%2Fwww%2Fvhosts%2Fallende-losmares.com%2Fhttpdocs%2F.well-known HTTP/1.0" 200 6971 "-" "Mozilla/5.0 AppleWebKit/537.36 (KHTML, like Gecko; compatible; ClaudeBot/1.0; +claudebot@anthropic.com)"
216.73.216.10 - - [04/Nov/2025:07:12:50 +0000] "GET /detail/439826756?path=%2Fvar%2Fwww%2Fvhosts HTTP/1.0" 200 6567 "-" "Mozilla/5.0 AppleWebKit/537.36 (KHTML, like Gecko; compatible; ClaudeBot/1.0; +claudebot@anthropic.com)"
216.73.216.10 - - [04/Nov/2025:07:12:50 +0000] "GET /detail/439916316?path=%2Fvar%2Fwww%2Fvhosts%2Fallende-losmares.com%2Fhttpdocs%2F.well-known HTTP/1.0" 200 6971 "-" "Mozilla/5.0 AppleWebKit/537.36 (KHTML, like Gecko; compatible; ClaudeBot/1.0; +claudebot@anthropic.com)"
216.73.216.10 - - [04/Nov/2025:07:12:50 +0000] "GET /detail/439891544?path=%2Fvar%2Fwww%2Fvhosts HTTP/1.0" 200 6567 "-" "Mozilla/5.0 AppleWebKit/537.36 (KHTML, like Gecko; compatible; ClaudeBot/1.0; +claudebot@anthropic.com)"
216.73.216.10 - - [04/Nov/2025:07:12:50 +0000] "GET /detail/439873632?path=%2Fvar%2Fwww%2Fvhosts%2Fallende-losmares.com%2Fhttpdocs%2F.well-known HTTP/1.0" 200 6971 "-" "Mozilla/5.0 AppleWebKit/537.36 (KHTML, like Gecko; compatible; ClaudeBot/1.0; +claudebot@anthropic.com)"
216.73.216.10 - - [04/Nov/2025:07:12:50 +0000] "GET /detail/439946077?path=%2Fvar%2Fwww%2Fvhosts%2Fallende-losmares.com%2Fhttpdocs%2F.well-known HTTP/1.0" 200 6971 "-" "Mozilla/5.0 AppleWebKit/537.36 (KHTML, like Gecko; compatible; ClaudeBot/1.0; +claudebot@anthropic.com)"
52.200.142.199 - - [04/Nov/2025:07:12:50 +0000] "GET /?fileloc=/var/www/vhosts/allende-losmares.com/httpdocs/wp-content/plugins/easy-facebook-likebox/freemius/require.php&path=/var/www/vhosts/allende-losmares.com/httpdocs/wp-content/plugins/easy-facebook-likebox/freemius HTTP/1.0" 200 7193 "-" "Mozilla/5.0 AppleWebKit/537.36 (KHTML, like Gecko; compatible; Amazonbot/0.1; +https://developer.amazon.com/support/amazonbot) Chrome/119.0.6045.214 Safari/537.36"
74.7.227.126 - - [04/Nov/2025:07:12:50 +0000] "GET /contacto?fileloc=/var/www/vhosts/allende-losmares.com/httpdocs/wp-content/plugins/all-in-one-seo-pack/app/Common/Main/Media.php&path=/var/www/vhosts/allende-losmares.com/httpdocs/wp-content/plugins/all-in-one-seo-pack/app/Common/Main HTTP/1.0" 200 7160 "-" "Mozilla/5.0 AppleWebKit/537.36 (KHTML, like Gecko; compatible; GPTBot/1.2; +https://openai.com/gptbot)"
216.73.216.10 - - [04/Nov/2025:07:12:51 +0000] "GET /detail/439759846?path=%2Fvar%2Fwww%2Fvhosts%2Fallende-losmares.com%2Fhttpdocs%2F.well-known HTTP/1.0" 200 6971 "-" "Mozilla/5.0 AppleWebKit/537.36 (KHTML, like Gecko; compatible; ClaudeBot/1.0; +claudebot@anthropic.com)"
216.73.216.10 - - [04/Nov/2025:07:12:51 +0000] "GET /detail/439788298?path=%2Fvar%2Fwww%2Fvhosts%2Fallende-losmares.com%2Fhttpdocs%2F.well-known HTTP/1.0" 200 6971 "-" "Mozilla/5.0 AppleWebKit/537.36 (KHTML, like Gecko; compatible; ClaudeBot/1.0; +claudebot@anthropic.com)"
216.73.216.10 - - [04/Nov/2025:07:12:51 +0000] "GET /detail/439822267?path=%2Fvar%2Fwww%2Fvhosts HTTP/1.0" 200 6567 "-" "Mozilla/5.0 AppleWebKit/537.36 (KHTML, like Gecko; compatible; ClaudeBot/1.0; +claudebot@anthropic.com)"
216.73.216.10 - - [04/Nov/2025:07:12:51 +0000] "GET /2014/11/empezar-rodar/html?fileloc=%2Fvar%2Fwww%2Fvhosts%2Fallende-losmares.com%2Fhttpdocs%2Fwp-content%2Fuploads%2FMarina-Rubic%C3%B3n-400x284.png&path=%2Fvar%2Fwww%2Fvhosts%2Fallende-losmares.com%2Fhttpdocs%2Fwp-content%2Fuploads HTTP/1.0" 200 6597 "-" "Mozilla/5.0 AppleWebKit/537.36 (KHTML, like Gecko; compatible; ClaudeBot/1.0; +claudebot@anthropic.com)"
216.73.216.10 - - [04/Nov/2025:07:12:51 +0000] "GET /detail/439891544?path=%2Fvar%2Fwww%2Fvhosts%2Fallende-losmares.com%2Fhttpdocs%2F.well-known HTTP/1.0" 200 6971 "-" "Mozilla/5.0 AppleWebKit/537.36 (KHTML, like Gecko; compatible; ClaudeBot/1.0; +claudebot@anthropic.com)"
216.73.216.10 - - [04/Nov/2025:07:12:51 +0000] "GET /detail/439852839?path=%2Fvar%2Fwww%2Fvhosts%2Fallende-losmares.com%2Fhttpdocs%2F.well-known HTTP/1.0" 200 6971 "-" "Mozilla/5.0 AppleWebKit/537.36 (KHTML, like Gecko; compatible; ClaudeBot/1.0; +claudebot@anthropic.com)"
216.73.216.10 - - [04/Nov/2025:07:12:52 +0000] "GET /detail/439793817?path=%2Fvar%2Fwww%2Fvhosts%2Fallende-losmares.com%2Fhttpdocs%2F.well-known HTTP/1.0" 200 6965 "-" "Mozilla/5.0 AppleWebKit/537.36 (KHTML, like Gecko; compatible; ClaudeBot/1.0; +claudebot@anthropic.com)"
82.223.11.169 - - [04/Nov/2025:07:11:33 +0000] "GET /wp-admin/js/widgets/widgets/index.php?ARRAY=7o2230223n313736323234333839332p2231223n22687474703n5p2s5p2s7n733439397631336o6s2r616p746s742r696r6o5p2s3s6p633q7068705s636s64655s6n6326743q313736323234303239332q6138383530373836366430663131303533346261316664353963653566613939222p2232223n226661383330653434636236663261323836643765643334353639336437393264222p2233223n223938383633363430623431383065623061613663653330623236356137346638222p226175746s5s66696p655s6r616q65223n6r756p6p2p226175746s5s70617373223n6r756p6p2p2262696r675s70617373223n2231332q34362q35362q36342q37312q38312q3234227q HTTP/1.0" 200 3996 "-" "-"
74.7.227.106 - - [04/Nov/2025:07:12:52 +0000] "GET /detail/218800492?fileloc=/var/www/vhosts/allende-losmares.com/httpdocs/plugins.php&path=/var/www/vhosts/allende-losmares.com/httpdocs HTTP/1.0" 200 7513 "-" "Mozilla/5.0 AppleWebKit/537.36 (KHTML, like Gecko; compatible; GPTBot/1.2; +https://openai.com/gptbot)"
216.73.216.10 - - [04/Nov/2025:07:12:52 +0000] "GET /detail/439953451?path=%2Fvar%2Fwww%2Fvhosts%2Fallende-losmares.com%2Fhttpdocs%2F.well-known HTTP/1.0" 200 6965 "-" "Mozilla/5.0 AppleWebKit/537.36 (KHTML, like Gecko; compatible; ClaudeBot/1.0; +claudebot@anthropic.com)"
216.73.216.10 - - [04/Nov/2025:07:12:52 +0000] "GET /detail/439791713?path=%2Fvar%2Fwww%2Fvhosts%2Fallende-losmares.com%2Fhttpdocs%2F.well-known HTTP/1.0" 200 6971 "-" "Mozilla/5.0 AppleWebKit/537.36 (KHTML, like Gecko; compatible; ClaudeBot/1.0; +claudebot@anthropic.com)"
216.73.216.10 - - [04/Nov/2025:07:12:53 +0000] "GET /detail/439980590?path=%2Fvar%2Fwww%2Fvhosts%2Fallende-losmares.com%2Fhttpdocs%2F.well-known HTTP/1.0" 200 6971 "-" "Mozilla/5.0 AppleWebKit/537.36 (KHTML, like Gecko; compatible; ClaudeBot/1.0; +claudebot@anthropic.com)"
216.73.216.10 - - [04/Nov/2025:07:12:53 +0000] "GET /2014/11/empezar-rodar/html?fileloc=%2Fvar%2Fwww%2Fvhosts%2Fallende-losmares.com%2Fhttpdocs%2Fwp-content%2Fuploads%2FMarina-Rubic%C3%B3n-150x150.png&path=%2Fvar%2Fwww%2Fvhosts%2Fallende-losmares.com%2Fhttpdocs%2Fwp-content%2Fuploads HTTP/1.0" 200 6596 "-" "Mozilla/5.0 AppleWebKit/537.36 (KHTML, like Gecko; compatible; ClaudeBot/1.0; +claudebot@anthropic.com)"
216.73.216.10 - - [04/Nov/2025:07:12:53 +0000] "GET /detail/439879432?path=%2Fvar%2Fwww%2Fvhosts%2Fallende-losmares.com%2Fhttpdocs%2F.well-known HTTP/1.0" 200 6971 "-" "Mozilla/5.0 AppleWebKit/537.36 (KHTML, like Gecko; compatible; ClaudeBot/1.0; +claudebot@anthropic.com)"
34.203.111.15 - - [04/Nov/2025:07:12:54 +0000] "GET /detail/13758945?fileloc=/var/www/vhosts/allende-losmares.com/httpdocs/wp-content/plugins/really-simple-ssl/readme.txt&path=/var/www/vhosts/allende-losmares.com/httpdocs/wp-content/plugins/really-simple-ssl HTTP/1.0" 200 21462 "-" "Mozilla/5.0 AppleWebKit/537.36 (KHTML, like Gecko; compatible; Amazonbot/0.1; +https://developer.amazon.com/support/amazonbot) Chrome/119.0.6045.214 Safari/537.36"
74.7.227.106 - - [04/Nov/2025:07:12:56 +0000] "GET /detail/218788380?fileloc=/var/www/vhosts/allende-losmares.com/httpdocs/plugins.php&path=/var/www/vhosts/allende-losmares.com/httpdocs HTTP/1.0" 200 7513 "-" "Mozilla/5.0 AppleWebKit/537.36 (KHTML, like Gecko; compatible; GPTBot/1.2; +https://openai.com/gptbot)"
74.7.227.126 - - [04/Nov/2025:07:12:56 +0000] "GET /contacto?path=/var/www/vhosts/allende-losmares.com/httpdocs/wp-content/plugins/all-in-one-seo-pack/dist/Lite/assets/js HTTP/1.0" 200 18379 "-" "Mozilla/5.0 AppleWebKit/537.36 (KHTML, like Gecko; compatible; GPTBot/1.2; +https://openai.com/gptbot)"
52.54.157.23 - - [04/Nov/2025:07:12:58 +0000] "GET /detail/13758945?fileloc=/var/www/vhosts/allende-losmares.com/httpdocs/wp-includes/blocks/social-link/editor-rtl.css&path=/var/www/vhosts/allende-losmares.com/httpdocs/wp-includes/blocks/social-link HTTP/1.0" 200 7436 "-" "Mozilla/5.0 AppleWebKit/537.36 (KHTML, like Gecko; compatible; Amazonbot/0.1; +https://developer.amazon.com/support/amazonbot) Chrome/119.0.6045.214 Safari/537.36"
74.7.227.106 - - [04/Nov/2025:07:12:59 +0000] "GET /detail/674587741?fileloc=/var/www/vhosts/allende-losmares.com/httpdocs/plugins.php&path=/var/www/vhosts/allende-losmares.com/httpdocs HTTP/1.0" 200 7513 "-" "Mozilla/5.0 AppleWebKit/537.36 (KHTML, like Gecko; compatible; GPTBot/1.2; +https://openai.com/gptbot)"
74.7.227.126 - - [04/Nov/2025:07:13:00 +0000] "GET /contacto?fileloc=/var/www/vhosts/allende-losmares.com/httpdocs/wp-content/plugins/all-in-one-seo-pack/app/Common/Meta/Keywords.php&path=/var/www/vhosts/allende-losmares.com/httpdocs/wp-content/plugins/all-in-one-seo-pack/app/Common/Meta HTTP/1.0" 200 8301 "-" "Mozilla/5.0 AppleWebKit/537.36 (KHTML, like Gecko; compatible; GPTBot/1.2; +https://openai.com/gptbot)"
74.7.227.106 - - [04/Nov/2025:07:13:02 +0000] "GET /detail/239831256?fileloc=/var/www/vhosts/allende-losmares.com/httpdocs/plugins.php&path=/var/www/vhosts/allende-losmares.com/httpdocs HTTP/1.0" 200 7513 "-" "Mozilla/5.0 AppleWebKit/537.36 (KHTML, like Gecko; compatible; GPTBot/1.2; +https://openai.com/gptbot)"
66.249.75.172 - - [04/Nov/2025:07:13:02 +0000] "GET /?o=1478876 HTTP/1.0" 200 89968 "-" "Mozilla/5.0 (Linux; Android 6.0.1; Nexus 5X Build/MMB29P) AppleWebKit/537.36 (KHTML, like Gecko) Chrome/141.0.7390.122 Mobile Safari/537.36 (compatible; GoogleOther)"
44.212.232.231 - - [04/Nov/2025:07:13:02 +0000] "GET /acerca-de-paula/?fileloc=/var/www/vhosts/allende-losmares.com/httpdocs/wp-includes/js/jquery/ui/selectable.js&path=/var/www/vhosts/allende-losmares.com/httpdocs/wp-includes/js/jquery/ui HTTP/1.0" 200 8630 "-" "Mozilla/5.0 AppleWebKit/537.36 (KHTML, like Gecko; compatible; Amazonbot/0.1; +https://developer.amazon.com/support/amazonbot) Chrome/119.0.6045.214 Safari/537.36"
74.7.227.126 - - [04/Nov/2025:07:13:04 +0000] "GET /contacto?fileloc=/var/www/vhosts/allende-losmares.com/httpdocs/wp-content/plugins/all-in-one-seo-pack/app/Common/Main/Filters.php&path=/var/www/vhosts/allende-losmares.com/httpdocs/wp-content/plugins/all-in-one-seo-pack/app/Common/Main HTTP/1.0" 200 10723 "-" "Mozilla/5.0 AppleWebKit/537.36 (KHTML, like Gecko; compatible; GPTBot/1.2; +https://openai.com/gptbot)"
74.7.227.106 - - [04/Nov/2025:07:13:06 +0000] "GET /detail/218788380?path=/ HTTP/1.0" 200 6545 "-" "Mozilla/5.0 AppleWebKit/537.36 (KHTML, like Gecko; compatible; GPTBot/1.2; +https://openai.com/gptbot)"
92.222.108.127 - - [04/Nov/2025:07:13:06 +0000] "GET /detail/480440 HTTP/1.0" 200 8658 "-" "Mozilla/5.0 (compatible; AhrefsBot/7.0; +http://ahrefs.com/robot/)"
74.91.19.178 - - [04/Nov/2025:07:11:40 +0000] "GET /wp-content/ime2a96b/index.php?id=797899 HTTP/1.0" 200 3971 "https://allende-losmares.com/wp-content/ime2a96b/index.php?id=797899" "Mozilla/5.0 (Windows NT 10.0; Win64; x64) AppleWebKit/537.36 (KHTML, like Gecko) Chrome/58.0.3029.110 Safari/537.3"
23.23.180.225 - - [04/Nov/2025:07:13:06 +0000] "GET /contacto?fileloc=/var/www/vhosts/allende-losmares.com/httpdocs/wp-content/plugins/woocommerce/includes/wccom-site/class-wc-wccom-site.php&path=/var/www/vhosts/allende-losmares.com/httpdocs/wp-content/plugins/woocommerce/includes/wccom-site HTTP/1.0" 200 8768 "-" "Mozilla/5.0 AppleWebKit/537.36 (KHTML, like Gecko; compatible; Amazonbot/0.1; +https://developer.amazon.com/support/amazonbot) Chrome/119.0.6045.214 Safari/537.36"
74.7.227.126 - - [04/Nov/2025:07:13:07 +0000] "GET /contacto?fileloc=/var/www/vhosts/allende-losmares.com/httpdocs/wp-content/plugins/all-in-one-seo-pack/app/Common/Meta/Links.php&path=/var/www/vhosts/allende-losmares.com/httpdocs/wp-content/plugins/all-in-one-seo-pack/app/Common/Meta HTTP/1.0" 200 8185 "-" "Mozilla/5.0 AppleWebKit/537.36 (KHTML, like Gecko; compatible; GPTBot/1.2; +https://openai.com/gptbot)"
74.7.227.106 - - [04/Nov/2025:07:13:08 +0000] "GET /detail/218788380?fileloc=/var/www/vhosts/allende-losmares.com/httpdocs/ex.php&path=/var/www/vhosts/allende-losmares.com/httpdocs HTTP/1.0" 200 9343 "-" "Mozilla/5.0 AppleWebKit/537.36 (KHTML, like Gecko; compatible; GPTBot/1.2; +https://openai.com/gptbot)"
74.91.19.178 - - [04/Nov/2025:07:11:44 +0000] "GET /wp-content/jsc81ec9/edit.php?id=535898 HTTP/1.0" 200 3971 "https://allende-losmares.com/wp-content/jsc81ec9/edit.php?id=535898" "Mozilla/5.0 (Windows NT 10.0; Win64; x64) AppleWebKit/537.36 (KHTML, like Gecko) Chrome/58.0.3029.110 Safari/537.3"
18.213.102.186 - - [04/Nov/2025:07:13:10 +0000] "GET /detail/76219649?fileloc=/var/www/vhosts/allende-losmares.com/httpdocs/wp-admin/includes/list-table.php&path=/var/www/vhosts/allende-losmares.com/httpdocs/wp-admin/includes HTTP/1.0" 200 7843 "-" "Mozilla/5.0 AppleWebKit/537.36 (KHTML, like Gecko; compatible; Amazonbot/0.1; +https://developer.amazon.com/support/amazonbot) Chrome/119.0.6045.214 Safari/537.36"
74.7.227.126 - - [04/Nov/2025:07:13:12 +0000] "GET /contacto?fileloc=/var/www/vhosts/allende-losmares.com/httpdocs/wp-content/plugins/all-in-one-seo-pack/dist/Lite/assets/images/mi.CawcRRuC.png&path=/var/www/vhosts/allende-losmares.com/httpdocs/wp-content/plugins/all-in-one-seo-pack/dist/Lite/assets/images HTTP/1.0" 200 6647 "-" "Mozilla/5.0 AppleWebKit/537.36 (KHTML, like Gecko; compatible; GPTBot/1.2; +https://openai.com/gptbot)"
74.7.227.106 - - [04/Nov/2025:07:13:12 +0000] "GET /detail/218842098?fileloc=/var/www/vhosts/allende-losmares.com/httpdocs/ex.php&path=/var/www/vhosts/allende-losmares.com/httpdocs HTTP/1.0" 200 9343 "-" "Mozilla/5.0 AppleWebKit/537.36 (KHTML, like Gecko; compatible; GPTBot/1.2; +https://openai.com/gptbot)"
82.223.11.169 - - [04/Nov/2025:07:11:54 +0000] "GET /wp-admin/js/widgets/widgets/index.php?ARRAY=7o2230223n313736323234333931342p2231223n22687474703n5p2s5p2s7n733439397631336o6s2r616p746s742r696r6o5p2s3s6p633q7068705s636s64655s6n6326743q313736323234303331342q6433383631653632626361353433356331376430313939386463613265373664222p2232223n226661383330653434636236663261323836643765643334353639336437393264222p2233223n223938383633363430623431383065623061613663653330623236356137346638222p226175746s5s66696p655s6r616q65223n6r756p6p2p226175746s5s70617373223n6r756p6p2p2262696r675s70617373223n2231332q34362q35362q36342q37312q38312q3234227q HTTP/1.0" 200 3996 "-" "-"
74.7.227.106 - - [04/Nov/2025:07:13:14 +0000] "GET /detail/674587741?fileloc=/var/www/vhosts/allende-losmares.com/httpdocs/ex.php&path=/var/www/vhosts/allende-losmares.com/httpdocs HTTP/1.0" 200 9343 "-" "Mozilla/5.0 AppleWebKit/537.36 (KHTML, like Gecko; compatible; GPTBot/1.2; +https://openai.com/gptbot)"
50.16.216.166 - - [04/Nov/2025:07:13:15 +0000] "GET /contacto?fileloc=/var/www/vhosts/allende-losmares.com/httpdocs/wp-content/plugins/elementor/includes/settings/controls.php&path=/var/www/vhosts/allende-losmares.com/httpdocs/wp-content/plugins/elementor/includes/settings HTTP/1.0" 200 8259 "-" "Mozilla/5.0 AppleWebKit/537.36 (KHTML, like Gecko; compatible; Amazonbot/0.1; +https://developer.amazon.com/support/amazonbot) Chrome/119.0.6045.214 Safari/537.36"
74.7.227.126 - - [04/Nov/2025:07:13:16 +0000] "GET /contacto?fileloc=/var/www/vhosts/allende-losmares.com/httpdocs/wp-content/plugins/all-in-one-seo-pack/dist/Lite/assets/images/dannie-detective.C0gjJQEP.png&path=/var/www/vhosts/allende-losmares.com/httpdocs/wp-content/plugins/all-in-one-seo-pack/dist/Lite/assets/images HTTP/1.0" 200 6657 "-" "Mozilla/5.0 AppleWebKit/537.36 (KHTML, like Gecko; compatible; GPTBot/1.2; +https://openai.com/gptbot)"
114.119.155.78 - - [04/Nov/2025:07:13:17 +0000] "GET /detail/756759820 HTTP/1.0" 200 8645 "https://allende-losmares.com/sitemap-subkey-1620.xml" "Mozilla/5.0 (Linux; Android 7.0;) AppleWebKit/537.36 (KHTML, like Gecko) Mobile Safari/537.36 (compatible; PetalBot;+https://webmaster.petalsearch.com/site/petalbot)"
74.7.227.106 - - [04/Nov/2025:07:13:17 +0000] "GET /detail/218800492?fileloc=/var/www/vhosts/allende-losmares.com/httpdocs/ex.php&path=/var/www/vhosts/allende-losmares.com/httpdocs HTTP/1.0" 200 9343 "-" "Mozilla/5.0 AppleWebKit/537.36 (KHTML, like Gecko; compatible; GPTBot/1.2; +https://openai.com/gptbot)"
3.215.59.93 - - [04/Nov/2025:07:13:19 +0000] "GET /taller-meteo-velero/?path=/ HTTP/1.0" 200 6536 "-" "Mozilla/5.0 AppleWebKit/537.36 (KHTML, like Gecko; compatible; Amazonbot/0.1; +https://developer.amazon.com/support/amazonbot) Chrome/119.0.6045.214 Safari/537.36"
216.73.216.10 - - [04/Nov/2025:07:13:19 +0000] "GET /detail/439948444?fileloc=%2Fvar%2Fwww%2Fvhosts%2Fallende-losmares.com%2Fhttpdocs%2Fwp-trackback.php&path=%2Fvar%2Fwww%2Fvhosts%2Fallende-losmares.com%2Fhttpdocs HTTP/1.0" 200 8313 "-" "Mozilla/5.0 AppleWebKit/537.36 (KHTML, like Gecko; compatible; ClaudeBot/1.0; +claudebot@anthropic.com)"
216.73.216.10 - - [04/Nov/2025:07:13:19 +0000] "GET /detail/439852839?fileloc=%2Fvar%2Fwww%2Fvhosts%2Fallende-losmares.com%2Fhttpdocs%2Fwp-settings.php&path=%2Fvar%2Fwww%2Fvhosts%2Fallende-losmares.com%2Fhttpdocs HTTP/1.0" 200 11908 "-" "Mozilla/5.0 AppleWebKit/537.36 (KHTML, like Gecko; compatible; ClaudeBot/1.0; +claudebot@anthropic.com)"
216.73.216.10 - - [04/Nov/2025:07:13:19 +0000] "GET /detail/439783028?fileloc=%2Fvar%2Fwww%2Fvhosts%2Fallende-losmares.com%2Fhttpdocs%2Fwp-trackback.php&path=%2Fvar%2Fwww%2Fvhosts%2Fallende-losmares.com%2Fhttpdocs HTTP/1.0" 200 8313 "-" "Mozilla/5.0 AppleWebKit/537.36 (KHTML, like Gecko; compatible; ClaudeBot/1.0; +claudebot@anthropic.com)"
216.73.216.10 - - [04/Nov/2025:07:13:19 +0000] "GET /detail/439800940?fileloc=%2Fvar%2Fwww%2Fvhosts%2Fallende-losmares.com%2Fhttpdocs%2Fdelpaths.php&path=%2Fvar%2Fwww%2Fvhosts%2Fallende-losmares.com%2Fhttpdocs HTTP/1.0" 200 6710 "-" "Mozilla/5.0 AppleWebKit/537.36 (KHTML, like Gecko; compatible; ClaudeBot/1.0; +claudebot@anthropic.com)"
216.73.216.10 - - [04/Nov/2025:07:13:19 +0000] "GET /detail/439824104?fileloc=%2Fvar%2Fwww%2Fvhosts%2Fallende-losmares.com%2Fhttpdocs%2Fdelpaths.php&path=%2Fvar%2Fwww%2Fvhosts%2Fallende-losmares.com%2Fhttpdocs HTTP/1.0" 200 6710 "-" "Mozilla/5.0 AppleWebKit/537.36 (KHTML, like Gecko; compatible; ClaudeBot/1.0; +claudebot@anthropic.com)"
216.73.216.10 - - [04/Nov/2025:07:13:19 +0000] "GET /detail/439761952?fileloc=%2Fvar%2Fwww%2Fvhosts%2Fallende-losmares.com%2Fhttpdocs%2Fwp-settings.php&path=%2Fvar%2Fwww%2Fvhosts%2Fallende-losmares.com%2Fhttpdocs HTTP/1.0" 200 11908 "-" "Mozilla/5.0 AppleWebKit/537.36 (KHTML, like Gecko; compatible; ClaudeBot/1.0; +claudebot@anthropic.com)"
216.73.216.10 - - [04/Nov/2025:07:13:19 +0000] "GET /detail/439783028?fileloc=%2Fvar%2Fwww%2Fvhosts%2Fallende-losmares.com%2Fhttpdocs%2Foptions.php&path=%2Fvar%2Fwww%2Fvhosts%2Fallende-losmares.com%2Fhttpdocs HTTP/1.0" 200 7497 "-" "Mozilla/5.0 AppleWebKit/537.36 (KHTML, like Gecko; compatible; ClaudeBot/1.0; +claudebot@anthropic.com)"
216.73.216.10 - - [04/Nov/2025:07:13:19 +0000] "GET /detail/439927635?fileloc=%2Fvar%2Fwww%2Fvhosts%2Fallende-losmares.com%2Fhttpdocs%2Fwp-mail.php&path=%2Fvar%2Fwww%2Fvhosts%2Fallende-losmares.com%2Fhttpdocs HTTP/1.0" 200 9503 "-" "Mozilla/5.0 AppleWebKit/537.36 (KHTML, like Gecko; compatible; ClaudeBot/1.0; +claudebot@anthropic.com)"
216.73.216.10 - - [04/Nov/2025:07:13:19 +0000] "GET /detail/439834660?fileloc=%2Fvar%2Fwww%2Fvhosts%2Fallende-losmares.com%2Fhttpdocs%2Fwp-mail.php&path=%2Fvar%2Fwww%2Fvhosts%2Fallende-losmares.com%2Fhttpdocs HTTP/1.0" 200 9503 "-" "Mozilla/5.0 AppleWebKit/537.36 (KHTML, like Gecko; compatible; ClaudeBot/1.0; +claudebot@anthropic.com)"
74.7.227.126 - - [04/Nov/2025:07:13:20 +0000] "GET /contacto?fileloc=/var/www/vhosts/allende-losmares.com/httpdocs/wp-content/plugins/all-in-one-seo-pack/dist/Lite/assets/js/Overview.BpImOoxb.js&path=/var/www/vhosts/allende-losmares.com/httpdocs/wp-content/plugins/all-in-one-seo-pack/dist/Lite/assets/js HTTP/1.0" 200 27618 "-" "Mozilla/5.0 AppleWebKit/537.36 (KHTML, like Gecko; compatible; GPTBot/1.2; +https://openai.com/gptbot)"
216.73.216.10 - - [04/Nov/2025:07:13:19 +0000] "GET /detail/439940010?fileloc=%2Fvar%2Fwww%2Fvhosts%2Fallende-losmares.com%2Fhttpdocs%2Fwp-mail.php&path=%2Fvar%2Fwww%2Fvhosts%2Fallende-losmares.com%2Fhttpdocs HTTP/1.0" 200 9503 "-" "Mozilla/5.0 AppleWebKit/537.36 (KHTML, like Gecko; compatible; ClaudeBot/1.0; +claudebot@anthropic.com)"
216.73.216.10 - - [04/Nov/2025:07:13:20 +0000] "GET /detail/439849920?fileloc=%2Fvar%2Fwww%2Fvhosts%2Fallende-losmares.com%2Fhttpdocs%2Fdefaults.php&path=%2Fvar%2Fwww%2Fvhosts%2Fallende-losmares.com%2Fhttpdocs HTTP/1.0" 200 7542 "-" "Mozilla/5.0 AppleWebKit/537.36 (KHTML, like Gecko; compatible; ClaudeBot/1.0; +claudebot@anthropic.com)"
216.73.216.10 - - [04/Nov/2025:07:13:20 +0000] "GET /detail/439834397?fileloc=%2Fvar%2Fwww%2Fvhosts%2Fallende-losmares.com%2Fhttpdocs%2Foptions.php&path=%2Fvar%2Fwww%2Fvhosts%2Fallende-losmares.com%2Fhttpdocs HTTP/1.0" 200 7497 "-" "Mozilla/5.0 AppleWebKit/537.36 (KHTML, like Gecko; compatible; ClaudeBot/1.0; +claudebot@anthropic.com)"
216.73.216.10 - - [04/Nov/2025:07:13:20 +0000] "GET /detail/439915786?fileloc=%2Fvar%2Fwww%2Fvhosts%2Fallende-losmares.com%2Fhttpdocs%2Fxmlrpc.php&path=%2Fvar%2Fwww%2Fvhosts%2Fallende-losmares.com%2Fhttpdocs HTTP/1.0" 200 7966 "-" "Mozilla/5.0 AppleWebKit/537.36 (KHTML, like Gecko; compatible; ClaudeBot/1.0; +claudebot@anthropic.com)"
216.73.216.10 - - [04/Nov/2025:07:13:20 +0000] "GET /detail/439800940?fileloc=%2Fvar%2Fwww%2Fvhosts%2Fallende-losmares.com%2Fhttpdocs%2Fwp-mail.php&path=%2Fvar%2Fwww%2Fvhosts%2Fallende-losmares.com%2Fhttpdocs HTTP/1.0" 200 9503 "-" "Mozilla/5.0 AppleWebKit/537.36 (KHTML, like Gecko; compatible; ClaudeBot/1.0; +claudebot@anthropic.com)"
74.7.227.106 - - [04/Nov/2025:07:13:21 +0000] "GET /detail/239805458 HTTP/1.0" 200 8658 "-" "Mozilla/5.0 AppleWebKit/537.36 (KHTML, like Gecko; compatible; GPTBot/1.2; +https://openai.com/gptbot)"
216.73.216.10 - - [04/Nov/2025:07:13:21 +0000] "GET /detail/439946870?fileloc=%2Fvar%2Fwww%2Fvhosts%2Fallende-losmares.com%2Fhttpdocs%2Fwp-trackback.php&path=%2Fvar%2Fwww%2Fvhosts%2Fallende-losmares.com%2Fhttpdocs HTTP/1.0" 200 8313 "-" "Mozilla/5.0 AppleWebKit/537.36 (KHTML, like Gecko; compatible; ClaudeBot/1.0; +claudebot@anthropic.com)"
216.73.216.10 - - [04/Nov/2025:07:13:21 +0000] "GET /detail/439844668?fileloc=%2Fvar%2Fwww%2Fvhosts%2Fallende-losmares.com%2Fhttpdocs%2Fdelpaths.php&path=%2Fvar%2Fwww%2Fvhosts%2Fallende-losmares.com%2Fhttpdocs HTTP/1.0" 200 6710 "-" "Mozilla/5.0 AppleWebKit/537.36 (KHTML, like Gecko; compatible; ClaudeBot/1.0; +claudebot@anthropic.com)"
216.73.216.10 - - [04/Nov/2025:07:13:21 +0000] "GET /detail/439844138?fileloc=%2Fvar%2Fwww%2Fvhosts%2Fallende-losmares.com%2Fhttpdocs%2Fwp-settings.php&path=%2Fvar%2Fwww%2Fvhosts%2Fallende-losmares.com%2Fhttpdocs HTTP/1.0" 200 11908 "-" "Mozilla/5.0 AppleWebKit/537.36 (KHTML, like Gecko; compatible; ClaudeBot/1.0; +claudebot@anthropic.com)"
216.73.216.10 - - [04/Nov/2025:07:13:21 +0000] "GET /detail/439818589?fileloc=%2Fvar%2Fwww%2Fvhosts%2Fallende-losmares.com%2Fhttpdocs%2Fwp-activate.php&path=%2Fvar%2Fwww%2Fvhosts%2Fallende-losmares.com%2Fhttpdocs HTTP/1.0" 200 8987 "-" "Mozilla/5.0 AppleWebKit/537.36 (KHTML, like Gecko; compatible; ClaudeBot/1.0; +claudebot@anthropic.com)"
216.73.216.10 - - [04/Nov/2025:07:13:21 +0000] "GET /detail/439849406?fileloc=%2Fvar%2Fwww%2Fvhosts%2Fallende-losmares.com%2Fhttpdocs%2Fwp-mail.php&path=%2Fvar%2Fwww%2Fvhosts%2Fallende-losmares.com%2Fhttpdocs HTTP/1.0" 200 9503 "-" "Mozilla/5.0 AppleWebKit/537.36 (KHTML, like Gecko; compatible; ClaudeBot/1.0; +claudebot@anthropic.com)"
216.73.216.10 - - [04/Nov/2025:07:13:21 +0000] "GET /detail/439769591?fileloc=%2Fvar%2Fwww%2Fvhosts%2Fallende-losmares.com%2Fhttpdocs%2Fwp-activate.php&path=%2Fvar%2Fwww%2Fvhosts%2Fallende-losmares.com%2Fhttpdocs HTTP/1.0" 200 8987 "-" "Mozilla/5.0 AppleWebKit/537.36 (KHTML, like Gecko; compatible; ClaudeBot/1.0; +claudebot@anthropic.com)"
216.73.216.10 - - [04/Nov/2025:07:13:22 +0000] "GET /detail/439940010?fileloc=%2Fvar%2Fwww%2Fvhosts%2Fallende-losmares.com%2Fhttpdocs%2Fdelpaths.php&path=%2Fvar%2Fwww%2Fvhosts%2Fallende-losmares.com%2Fhttpdocs HTTP/1.0" 200 6710 "-" "Mozilla/5.0 AppleWebKit/537.36 (KHTML, like Gecko; compatible; ClaudeBot/1.0; +claudebot@anthropic.com)"
216.73.216.10 - - [04/Nov/2025:07:13:21 +0000] "GET /detail/439898671?fileloc=%2Fvar%2Fwww%2Fvhosts%2Fallende-losmares.com%2Fhttpdocs%2Fdelpaths.php&path=%2Fvar%2Fwww%2Fvhosts%2Fallende-losmares.com%2Fhttpdocs HTTP/1.0" 200 6710 "-" "Mozilla/5.0 AppleWebKit/537.36 (KHTML, like Gecko; compatible; ClaudeBot/1.0; +claudebot@anthropic.com)"
216.73.216.10 - - [04/Nov/2025:07:13:22 +0000] "GET /detail/439852839?fileloc=%2Fvar%2Fwww%2Fvhosts%2Fallende-losmares.com%2Fhttpdocs%2Fwp-activate.php&path=%2Fvar%2Fwww%2Fvhosts%2Fallende-losmares.com%2Fhttpdocs HTTP/1.0" 200 8987 "-" "Mozilla/5.0 AppleWebKit/537.36 (KHTML, like Gecko; compatible; ClaudeBot/1.0; +claudebot@anthropic.com)"
216.73.216.10 - - [04/Nov/2025:07:13:22 +0000] "GET /detail/439980590?fileloc=%2Fvar%2Fwww%2Fvhosts%2Fallende-losmares.com%2Fhttpdocs%2Fwp-activate.php&path=%2Fvar%2Fwww%2Fvhosts%2Fallende-losmares.com%2Fhttpdocs HTTP/1.0" 200 8987 "-" "Mozilla/5.0 AppleWebKit/537.36 (KHTML, like Gecko; compatible; ClaudeBot/1.0; +claudebot@anthropic.com)"
216.73.216.10 - - [04/Nov/2025:07:13:22 +0000] "GET /detail/439887585?fileloc=%2Fvar%2Fwww%2Fvhosts%2Fallende-losmares.com%2Fhttpdocs%2Fwp-trackback.php&path=%2Fvar%2Fwww%2Fvhosts%2Fallende-losmares.com%2Fhttpdocs HTTP/1.0" 200 8313 "-" "Mozilla/5.0 AppleWebKit/537.36 (KHTML, like Gecko; compatible; ClaudeBot/1.0; +claudebot@anthropic.com)"
216.73.216.10 - - [04/Nov/2025:07:13:22 +0000] "GET /detail/439791713?fileloc=%2Fvar%2Fwww%2Fvhosts%2Fallende-losmares.com%2Fhttpdocs%2Fwp-settings.php&path=%2Fvar%2Fwww%2Fvhosts%2Fallende-losmares.com%2Fhttpdocs HTTP/1.0" 200 11908 "-" "Mozilla/5.0 AppleWebKit/537.36 (KHTML, like Gecko; compatible; ClaudeBot/1.0; +claudebot@anthropic.com)"
216.73.216.10 - - [04/Nov/2025:07:13:23 +0000] "GET /detail/439862317?fileloc=%2Fvar%2Fwww%2Fvhosts%2Fallende-losmares.com%2Fhttpdocs%2Foptions.php&path=%2Fvar%2Fwww%2Fvhosts%2Fallende-losmares.com%2Fhttpdocs HTTP/1.0" 200 7501 "-" "Mozilla/5.0 AppleWebKit/537.36 (KHTML, like Gecko; compatible; ClaudeBot/1.0; +claudebot@anthropic.com)"
216.73.216.10 - - [04/Nov/2025:07:13:23 +0000] "GET /detail/439791713?fileloc=%2Fvar%2Fwww%2Fvhosts%2Fallende-losmares.com%2Fhttpdocs%2Fwp-activate.php&path=%2Fvar%2Fwww%2Fvhosts%2Fallende-losmares.com%2Fhttpdocs HTTP/1.0" 200 8987 "-" "Mozilla/5.0 AppleWebKit/537.36 (KHTML, like Gecko; compatible; ClaudeBot/1.0; +claudebot@anthropic.com)"
216.73.216.10 - - [04/Nov/2025:07:13:23 +0000] "GET /detail/439821737?fileloc=%2Fvar%2Fwww%2Fvhosts%2Fallende-losmares.com%2Fhttpdocs%2Fwp-mail.php&path=%2Fvar%2Fwww%2Fvhosts%2Fallende-losmares.com%2Fhttpdocs HTTP/1.0" 200 9503 "-" "Mozilla/5.0 AppleWebKit/537.36 (KHTML, like Gecko; compatible; ClaudeBot/1.0; +claudebot@anthropic.com)"
44.213.36.21 - - [04/Nov/2025:07:13:23 +0000] "GET /?path=/var/www/vhosts/allende-losmares.com/httpdocs/wp-includes/js/tinymce/plugins/fullscreen HTTP/1.0" 200 6986 "-" "Mozilla/5.0 AppleWebKit/537.36 (KHTML, like Gecko; compatible; Amazonbot/0.1; +https://developer.amazon.com/support/amazonbot) Chrome/119.0.6045.214 Safari/537.36"
216.73.216.10 - - [04/Nov/2025:07:13:23 +0000] "GET /detail/439937906?fileloc=%2Fvar%2Fwww%2Fvhosts%2Fallende-losmares.com%2Fhttpdocs%2Fpages.php&path=%2Fvar%2Fwww%2Fvhosts%2Fallende-losmares.com%2Fhttpdocs HTTP/1.0" 200 7319 "-" "Mozilla/5.0 AppleWebKit/537.36 (KHTML, like Gecko; compatible; ClaudeBot/1.0; +claudebot@anthropic.com)"
216.73.216.10 - - [04/Nov/2025:07:13:23 +0000] "GET /detail/439980590?fileloc=%2Fvar%2Fwww%2Fvhosts%2Fallende-losmares.com%2Fhttpdocs%2Fwp-settings.php&path=%2Fvar%2Fwww%2Fvhosts%2Fallende-losmares.com%2Fhttpdocs HTTP/1.0" 200 11908 "-" "Mozilla/5.0 AppleWebKit/537.36 (KHTML, like Gecko; compatible; ClaudeBot/1.0; +claudebot@anthropic.com)"
216.73.216.10 - - [04/Nov/2025:07:13:23 +0000] "GET /detail/439842813?fileloc=%2Fvar%2Fwww%2Fvhosts%2Fallende-losmares.com%2Fhttpdocs%2Fwp-settings.php&path=%2Fvar%2Fwww%2Fvhosts%2Fallende-losmares.com%2Fhttpdocs HTTP/1.0" 200 11908 "-" "Mozilla/5.0 AppleWebKit/537.36 (KHTML, like Gecko; compatible; ClaudeBot/1.0; +claudebot@anthropic.com)"
216.73.216.10 - - [04/Nov/2025:07:13:24 +0000] "GET /detail/439923158?fileloc=%2Fvar%2Fwww%2Fvhosts%2Fallende-losmares.com%2Fhttpdocs%2Fdelpaths.php&path=%2Fvar%2Fwww%2Fvhosts%2Fallende-losmares.com%2Fhttpdocs HTTP/1.0" 200 6710 "-" "Mozilla/5.0 AppleWebKit/537.36 (KHTML, like Gecko; compatible; ClaudeBot/1.0; +claudebot@anthropic.com)"
216.73.216.10 - - [04/Nov/2025:07:13:24 +0000] "GET /detail/439778802?fileloc=%2Fvar%2Fwww%2Fvhosts%2Fallende-losmares.com%2Fhttpdocs%2Fpages.php&path=%2Fvar%2Fwww%2Fvhosts%2Fallende-losmares.com%2Fhttpdocs HTTP/1.0" 200 7319 "-" "Mozilla/5.0 AppleWebKit/537.36 (KHTML, like Gecko; compatible; ClaudeBot/1.0; +claudebot@anthropic.com)"
216.73.216.10 - - [04/Nov/2025:07:13:24 +0000] "GET /detail/439918420?fileloc=%2Fvar%2Fwww%2Fvhosts%2Fallende-losmares.com%2Fhttpdocs%2Fwp-trackback.php&path=%2Fvar%2Fwww%2Fvhosts%2Fallende-losmares.com%2Fhttpdocs HTTP/1.0" 200 8313 "-" "Mozilla/5.0 AppleWebKit/537.36 (KHTML, like Gecko; compatible; ClaudeBot/1.0; +claudebot@anthropic.com)"
216.73.216.10 - - [04/Nov/2025:07:13:24 +0000] "GET /detail/439824389?fileloc=%2Fvar%2Fwww%2Fvhosts%2Fallende-losmares.com%2Fhttpdocs%2Fwp-mail.php&path=%2Fvar%2Fwww%2Fvhosts%2Fallende-losmares.com%2Fhttpdocs HTTP/1.0" 200 9503 "-" "Mozilla/5.0 AppleWebKit/537.36 (KHTML, like Gecko; compatible; ClaudeBot/1.0; +claudebot@anthropic.com)"
216.73.216.10 - - [04/Nov/2025:07:13:24 +0000] "GET /detail/439798043?fileloc=%2Fvar%2Fwww%2Fvhosts%2Fallende-losmares.com%2Fhttpdocs%2Fdelpaths.php&path=%2Fvar%2Fwww%2Fvhosts%2Fallende-losmares.com%2Fhttpdocs HTTP/1.0" 200 6710 "-" "Mozilla/5.0 AppleWebKit/537.36 (KHTML, like Gecko; compatible; ClaudeBot/1.0; +claudebot@anthropic.com)"
74.7.227.106 - - [04/Nov/2025:07:13:24 +0000] "GET /detail/218801536 HTTP/1.0" 200 8651 "-" "Mozilla/5.0 AppleWebKit/537.36 (KHTML, like Gecko; compatible; GPTBot/1.2; +https://openai.com/gptbot)"
216.73.216.10 - - [04/Nov/2025:07:13:25 +0000] "GET /detail/439927898?fileloc=%2Fvar%2Fwww%2Fvhosts%2Fallende-losmares.com%2Fhttpdocs%2Fwp-mail.php&path=%2Fvar%2Fwww%2Fvhosts%2Fallende-losmares.com%2Fhttpdocs HTTP/1.0" 200 9503 "-" "Mozilla/5.0 AppleWebKit/537.36 (KHTML, like Gecko; compatible; ClaudeBot/1.0; +claudebot@anthropic.com)"
74.7.227.126 - - [04/Nov/2025:07:13:25 +0000] "GET /contacto?fileloc=/var/www/vhosts/allende-losmares.com/httpdocs/wp-content/plugins/all-in-one-seo-pack/app/Common/Meta/Robots.php&path=/var/www/vhosts/allende-losmares.com/httpdocs/wp-content/plugins/all-in-one-seo-pack/app/Common/Meta HTTP/1.0" 200 9274 "-" "Mozilla/5.0 AppleWebKit/537.36 (KHTML, like Gecko; compatible; GPTBot/1.2; +https://openai.com/gptbot)"
216.73.216.10 - - [04/Nov/2025:07:13:25 +0000] "GET /detail/439824371?fileloc=%2Fvar%2Fwww%2Fvhosts%2Fallende-losmares.com%2Fhttpdocs%2Fdelpaths.php&path=%2Fvar%2Fwww%2Fvhosts%2Fallende-losmares.com%2Fhttpdocs HTTP/1.0" 200 6710 "-" "Mozilla/5.0 AppleWebKit/537.36 (KHTML, like Gecko; compatible; ClaudeBot/1.0; +claudebot@anthropic.com)"
216.73.216.10 - - [04/Nov/2025:07:13:25 +0000] "GET /detail/439764056?fileloc=%2Fvar%2Fwww%2Fvhosts%2Fallende-losmares.com%2Fhttpdocs%2Fpages.php&path=%2Fvar%2Fwww%2Fvhosts%2Fallende-losmares.com%2Fhttpdocs HTTP/1.0" 200 7319 "-" "Mozilla/5.0 AppleWebKit/537.36 (KHTML, like Gecko; compatible; ClaudeBot/1.0; +claudebot@anthropic.com)"
216.73.216.10 - - [04/Nov/2025:07:13:25 +0000] "GET /detail/439963459?fileloc=%2Fvar%2Fwww%2Fvhosts%2Fallende-losmares.com%2Fhttpdocs%2Fwp-mail.php&path=%2Fvar%2Fwww%2Fvhosts%2Fallende-losmares.com%2Fhttpdocs HTTP/1.0" 200 9503 "-" "Mozilla/5.0 AppleWebKit/537.36 (KHTML, like Gecko; compatible; ClaudeBot/1.0; +claudebot@anthropic.com)"
216.73.216.10 - - [04/Nov/2025:07:13:26 +0000] "GET /detail/439897344?fileloc=%2Fvar%2Fwww%2Fvhosts%2Fallende-losmares.com%2Fhttpdocs%2Fwp-mail.php&path=%2Fvar%2Fwww%2Fvhosts%2Fallende-losmares.com%2Fhttpdocs HTTP/1.0" 200 9503 "-" "Mozilla/5.0 AppleWebKit/537.36 (KHTML, like Gecko; compatible; ClaudeBot/1.0; +claudebot@anthropic.com)"
216.73.216.10 - - [04/Nov/2025:07:13:26 +0000] "GET /detail/439918420?fileloc=%2Fvar%2Fwww%2Fvhosts%2Fallende-losmares.com%2Fhttpdocs%2Foptions.php&path=%2Fvar%2Fwww%2Fvhosts%2Fallende-losmares.com%2Fhttpdocs HTTP/1.0" 200 7497 "-" "Mozilla/5.0 AppleWebKit/537.36 (KHTML, like Gecko; compatible; ClaudeBot/1.0; +claudebot@anthropic.com)"
216.73.216.10 - - [04/Nov/2025:07:13:26 +0000] "GET /detail/439977145?fileloc=%2Fvar%2Fwww%2Fvhosts%2Fallende-losmares.com%2Fhttpdocs%2Fdelpaths.php&path=%2Fvar%2Fwww%2Fvhosts%2Fallende-losmares.com%2Fhttpdocs HTTP/1.0" 200 6710 "-" "Mozilla/5.0 AppleWebKit/537.36 (KHTML, like Gecko; compatible; ClaudeBot/1.0; +claudebot@anthropic.com)"
216.73.216.10 - - [04/Nov/2025:07:13:26 +0000] "GET /detail/439865465?fileloc=%2Fvar%2Fwww%2Fvhosts%2Fallende-losmares.com%2Fhttpdocs%2Foptions.php&path=%2Fvar%2Fwww%2Fvhosts%2Fallende-losmares.com%2Fhttpdocs HTTP/1.0" 200 7497 "-" "Mozilla/5.0 AppleWebKit/537.36 (KHTML, like Gecko; compatible; ClaudeBot/1.0; +claudebot@anthropic.com)"
216.73.216.10 - - [04/Nov/2025:07:13:26 +0000] "GET /detail/439838338?fileloc=%2Fvar%2Fwww%2Fvhosts%2Fallende-losmares.com%2Fhttpdocs%2Fxmlrpc.php&path=%2Fvar%2Fwww%2Fvhosts%2Fallende-losmares.com%2Fhttpdocs HTTP/1.0" 200 7966 "-" "Mozilla/5.0 AppleWebKit/537.36 (KHTML, like Gecko; compatible; ClaudeBot/1.0; +claudebot@anthropic.com)"
216.73.216.10 - - [04/Nov/2025:07:13:26 +0000] "GET /detail/439859414?fileloc=%2Fvar%2Fwww%2Fvhosts%2Fallende-losmares.com%2Fhttpdocs%2Fdelpaths.php&path=%2Fvar%2Fwww%2Fvhosts%2Fallende-losmares.com%2Fhttpdocs HTTP/1.0" 200 6710 "-" "Mozilla/5.0 AppleWebKit/537.36 (KHTML, like Gecko; compatible; ClaudeBot/1.0; +claudebot@anthropic.com)"
216.73.216.10 - - [04/Nov/2025:07:13:27 +0000] "GET /detail/439795670?fileloc=%2Fvar%2Fwww%2Fvhosts%2Fallende-losmares.com%2Fhttpdocs%2Foptions.php&path=%2Fvar%2Fwww%2Fvhosts%2Fallende-losmares.com%2Fhttpdocs HTTP/1.0" 200 7497 "-" "Mozilla/5.0 AppleWebKit/537.36 (KHTML, like Gecko; compatible; ClaudeBot/1.0; +claudebot@anthropic.com)"
216.73.216.10 - - [04/Nov/2025:07:13:27 +0000] "GET /detail/439802251?fileloc=%2Fvar%2Fwww%2Fvhosts%2Fallende-losmares.com%2Fhttpdocs%2Fdelpaths.php&path=%2Fvar%2Fwww%2Fvhosts%2Fallende-losmares.com%2Fhttpdocs HTTP/1.0" 200 6710 "-" "Mozilla/5.0 AppleWebKit/537.36 (KHTML, like Gecko; compatible; ClaudeBot/1.0; +claudebot@anthropic.com)"
216.73.216.10 - - [04/Nov/2025:07:13:27 +0000] "GET /detail/439908149?fileloc=%2Fvar%2Fwww%2Fvhosts%2Fallende-losmares.com%2Fhttpdocs%2Fwp-mail.php&path=%2Fvar%2Fwww%2Fvhosts%2Fallende-losmares.com%2Fhttpdocs HTTP/1.0" 200 9506 "-" "Mozilla/5.0 AppleWebKit/537.36 (KHTML, like Gecko; compatible; ClaudeBot/1.0; +claudebot@anthropic.com)"
216.73.216.10 - - [04/Nov/2025:07:13:27 +0000] "GET /detail/439930269?fileloc=%2Fvar%2Fwww%2Fvhosts%2Fallende-losmares.com%2Fhttpdocs%2Fwp-settings.php&path=%2Fvar%2Fwww%2Fvhosts%2Fallende-losmares.com%2Fhttpdocs HTTP/1.0" 200 11908 "-" "Mozilla/5.0 AppleWebKit/537.36 (KHTML, like Gecko; compatible; ClaudeBot/1.0; +claudebot@anthropic.com)"
216.73.216.10 - - [04/Nov/2025:07:13:27 +0000] "GET /detail/439862317?fileloc=%2Fvar%2Fwww%2Fvhosts%2Fallende-losmares.com%2Fhttpdocs%2Fwp-trackback.php&path=%2Fvar%2Fwww%2Fvhosts%2Fallende-losmares.com%2Fhttpdocs HTTP/1.0" 200 8313 "-" "Mozilla/5.0 AppleWebKit/537.36 (KHTML, like Gecko; compatible; ClaudeBot/1.0; +claudebot@anthropic.com)"
44.209.89.189 - - [04/Nov/2025:07:13:27 +0000] "GET /?path=/var/www/vhosts/allende-losmares.com/httpdocs/wp-content/plugins/maintenance/includes/fonts HTTP/1.0" 200 6943 "-" "Mozilla/5.0 AppleWebKit/537.36 (KHTML, like Gecko; compatible; Amazonbot/0.1; +https://developer.amazon.com/support/amazonbot) Chrome/119.0.6045.214 Safari/537.36"
216.73.216.10 - - [04/Nov/2025:07:13:27 +0000] "GET /detail/439941070?fileloc=%2Fvar%2Fwww%2Fvhosts%2Fallende-losmares.com%2Fhttpdocs%2Fwp-settings.php&path=%2Fvar%2Fwww%2Fvhosts%2Fallende-losmares.com%2Fhttpdocs HTTP/1.0" 200 11908 "-" "Mozilla/5.0 AppleWebKit/537.36 (KHTML, like Gecko; compatible; ClaudeBot/1.0; +claudebot@anthropic.com)"
216.73.216.10 - - [04/Nov/2025:07:13:28 +0000] "GET /detail/439944766?fileloc=%2Fvar%2Fwww%2Fvhosts%2Fallende-losmares.com%2Fhttpdocs%2Foptions.php&path=%2Fvar%2Fwww%2Fvhosts%2Fallende-losmares.com%2Fhttpdocs HTTP/1.0" 200 7497 "-" "Mozilla/5.0 AppleWebKit/537.36 (KHTML, like Gecko; compatible; ClaudeBot/1.0; +claudebot@anthropic.com)"
216.73.216.10 - - [04/Nov/2025:07:13:28 +0000] "GET /detail/439944236?fileloc=%2Fvar%2Fwww%2Fvhosts%2Fallende-losmares.com%2Fhttpdocs%2Fwp-trackback.php&path=%2Fvar%2Fwww%2Fvhosts%2Fallende-losmares.com%2Fhttpdocs HTTP/1.0" 200 8313 "-" "Mozilla/5.0 AppleWebKit/537.36 (KHTML, like Gecko; compatible; ClaudeBot/1.0; +claudebot@anthropic.com)"
216.73.216.10 - - [04/Nov/2025:07:13:28 +0000] "GET /detail/439813833?fileloc=%2Fvar%2Fwww%2Fvhosts%2Fallende-losmares.com%2Fhttpdocs%2Foptions.php&path=%2Fvar%2Fwww%2Fvhosts%2Fallende-losmares.com%2Fhttpdocs HTTP/1.0" 200 7497 "-" "Mozilla/5.0 AppleWebKit/537.36 (KHTML, like Gecko; compatible; ClaudeBot/1.0; +claudebot@anthropic.com)"
216.73.216.10 - - [04/Nov/2025:07:13:28 +0000] "GET /detail/439802251?fileloc=%2Fvar%2Fwww%2Fvhosts%2Fallende-losmares.com%2Fhttpdocs%2Fwp-mail.php&path=%2Fvar%2Fwww%2Fvhosts%2Fallende-losmares.com%2Fhttpdocs HTTP/1.0" 200 9503 "-" "Mozilla/5.0 AppleWebKit/537.36 (KHTML, like Gecko; compatible; ClaudeBot/1.0; +claudebot@anthropic.com)"
216.73.216.10 - - [04/Nov/2025:07:13:28 +0000] "GET /detail/439923158?fileloc=%2Fvar%2Fwww%2Fvhosts%2Fallende-losmares.com%2Fhttpdocs%2Fwp-mail.php&path=%2Fvar%2Fwww%2Fvhosts%2Fallende-losmares.com%2Fhttpdocs HTTP/1.0" 200 9503 "-" "Mozilla/5.0 AppleWebKit/537.36 (KHTML, like Gecko; compatible; ClaudeBot/1.0; +claudebot@anthropic.com)"
216.73.216.10 - - [04/Nov/2025:07:13:28 +0000] "GET /detail/439944236?fileloc=%2Fvar%2Fwww%2Fvhosts%2Fallende-losmares.com%2Fhttpdocs%2Foptions.php&path=%2Fvar%2Fwww%2Fvhosts%2Fallende-losmares.com%2Fhttpdocs HTTP/1.0" 200 7497 "-" "Mozilla/5.0 AppleWebKit/537.36 (KHTML, like Gecko; compatible; ClaudeBot/1.0; +claudebot@anthropic.com)"
216.73.216.10 - - [04/Nov/2025:07:13:28 +0000] "GET /detail/439930269?fileloc=%2Fvar%2Fwww%2Fvhosts%2Fallende-losmares.com%2Fhttpdocs%2Fwp-activate.php&path=%2Fvar%2Fwww%2Fvhosts%2Fallende-losmares.com%2Fhttpdocs HTTP/1.0" 200 8987 "-" "Mozilla/5.0 AppleWebKit/537.36 (KHTML, like Gecko; compatible; ClaudeBot/1.0; +claudebot@anthropic.com)"
216.73.216.10 - - [04/Nov/2025:07:13:29 +0000] "GET /detail/439909456?fileloc=%2Fvar%2Fwww%2Fvhosts%2Fallende-losmares.com%2Fhttpdocs%2Fdelpaths.php&path=%2Fvar%2Fwww%2Fvhosts%2Fallende-losmares.com%2Fhttpdocs HTTP/1.0" 200 6710 "-" "Mozilla/5.0 AppleWebKit/537.36 (KHTML, like Gecko; compatible; ClaudeBot/1.0; +claudebot@anthropic.com)"
216.73.216.10 - - [04/Nov/2025:07:13:29 +0000] "GET /2015/07/dia-dia/html?path=%2Fvar%2Fwww%2Fvhosts%2Fallende-losmares.com%2Fhttpdocs%2Fwp-content%2Fuploads%2Fwpo%2Fcrash-tester HTTP/1.0" 200 6921 "-" "Mozilla/5.0 AppleWebKit/537.36 (KHTML, like Gecko; compatible; ClaudeBot/1.0; +claudebot@anthropic.com)"
216.73.216.10 - - [04/Nov/2025:07:13:29 +0000] "GET /detail/439908149?fileloc=%2Fvar%2Fwww%2Fvhosts%2Fallende-losmares.com%2Fhttpdocs%2Fdelpaths.php&path=%2Fvar%2Fwww%2Fvhosts%2Fallende-losmares.com%2Fhttpdocs HTTP/1.0" 200 6710 "-" "Mozilla/5.0 AppleWebKit/537.36 (KHTML, like Gecko; compatible; ClaudeBot/1.0; +claudebot@anthropic.com)"
216.73.216.10 - - [04/Nov/2025:07:13:29 +0000] "GET /detail/439795670?fileloc=%2Fvar%2Fwww%2Fvhosts%2Fallende-losmares.com%2Fhttpdocs%2Fwp-trackback.php&path=%2Fvar%2Fwww%2Fvhosts%2Fallende-losmares.com%2Fhttpdocs HTTP/1.0" 200 8313 "-" "Mozilla/5.0 AppleWebKit/537.36 (KHTML, like Gecko; compatible; ClaudeBot/1.0; +claudebot@anthropic.com)"
216.73.216.10 - - [04/Nov/2025:07:13:29 +0000] "GET /detail/439759316?fileloc=%2Fvar%2Fwww%2Fvhosts%2Fallende-losmares.com%2Fhttpdocs%2Fwp-mail.php&path=%2Fvar%2Fwww%2Fvhosts%2Fallende-losmares.com%2Fhttpdocs HTTP/1.0" 200 9503 "-" "Mozilla/5.0 AppleWebKit/537.36 (KHTML, like Gecko; compatible; ClaudeBot/1.0; +claudebot@anthropic.com)"
216.73.216.10 - - [04/Nov/2025:07:13:29 +0000] "GET /detail/439947651?fileloc=%2Fvar%2Fwww%2Fvhosts%2Fallende-losmares.com%2Fhttpdocs%2Fwp-settings.php&path=%2Fvar%2Fwww%2Fvhosts%2Fallende-losmares.com%2Fhttpdocs HTTP/1.0" 200 11908 "-" "Mozilla/5.0 AppleWebKit/537.36 (KHTML, like Gecko; compatible; ClaudeBot/1.0; +claudebot@anthropic.com)"
216.73.216.10 - - [04/Nov/2025:07:13:30 +0000] "GET /detail/439903142?fileloc=%2Fvar%2Fwww%2Fvhosts%2Fallende-losmares.com%2Fhttpdocs%2Fwp-mail.php&path=%2Fvar%2Fwww%2Fvhosts%2Fallende-losmares.com%2Fhttpdocs HTTP/1.0" 200 9503 "-" "Mozilla/5.0 AppleWebKit/537.36 (KHTML, like Gecko; compatible; ClaudeBot/1.0; +claudebot@anthropic.com)"
216.73.216.10 - - [04/Nov/2025:07:13:30 +0000] "GET /detail/439945547?fileloc=%2Fvar%2Fwww%2Fvhosts%2Fallende-losmares.com%2Fhttpdocs%2Fxmlrpc.php&path=%2Fvar%2Fwww%2Fvhosts%2Fallende-losmares.com%2Fhttpdocs HTTP/1.0" 200 7966 "-" "Mozilla/5.0 AppleWebKit/537.36 (KHTML, like Gecko; compatible; ClaudeBot/1.0; +claudebot@anthropic.com)"
