216.73.216.217 - - [02/Nov/2025:07:07:23 +0000] "GET /detail/473087420?fileloc=%2Fvar%2Fwww%2Fvhosts%2Fallende-losmares.com%2Fhttpdocs%2Fex.php&path=%2Fvar%2Fwww%2Fvhosts%2Fallende-losmares.com%2Fhttpdocs HTTP/1.0" 200 9343 "-" "Mozilla/5.0 AppleWebKit/537.36 (KHTML, like Gecko; compatible; ClaudeBot/1.0; +claudebot@anthropic.com)"
216.73.216.217 - - [02/Nov/2025:07:07:23 +0000] "GET /detail/473091116?fileloc=%2Fvar%2Fwww%2Fvhosts%2Fallende-losmares.com%2Fhttpdocs%2Fwp-settings.php&path=%2Fvar%2Fwww%2Fvhosts%2Fallende-losmares.com%2Fhttpdocs HTTP/1.0" 200 11908 "-" "Mozilla/5.0 AppleWebKit/537.36 (KHTML, like Gecko; compatible; ClaudeBot/1.0; +claudebot@anthropic.com)"
216.73.216.217 - - [02/Nov/2025:07:07:23 +0000] "GET /detail/473156964?fileloc=%2Fvar%2Fwww%2Fvhosts%2Fallende-losmares.com%2Fhttpdocs%2Fxmlrpc.php&path=%2Fvar%2Fwww%2Fvhosts%2Fallende-losmares.com%2Fhttpdocs HTTP/1.0" 200 7966 "-" "Mozilla/5.0 AppleWebKit/537.36 (KHTML, like Gecko; compatible; ClaudeBot/1.0; +claudebot@anthropic.com)"
216.73.216.217 - - [02/Nov/2025:07:07:23 +0000] "GET /detail/473108235?fileloc=%2Fvar%2Fwww%2Fvhosts%2Fallende-losmares.com%2Fhttpdocs%2Fex.php&path=%2Fvar%2Fwww%2Fvhosts%2Fallende-losmares.com%2Fhttpdocs HTTP/1.0" 200 9343 "-" "Mozilla/5.0 AppleWebKit/537.36 (KHTML, like Gecko; compatible; ClaudeBot/1.0; +claudebot@anthropic.com)"
216.73.216.217 - - [02/Nov/2025:07:07:23 +0000] "GET /detail/473058707?fileloc=%2Fvar%2Fwww%2Fvhosts%2Fallende-losmares.com%2Fhttpdocs%2Fdelpaths.php&path=%2Fvar%2Fwww%2Fvhosts%2Fallende-losmares.com%2Fhttpdocs HTTP/1.0" 200 6710 "-" "Mozilla/5.0 AppleWebKit/537.36 (KHTML, like Gecko; compatible; ClaudeBot/1.0; +claudebot@anthropic.com)"
216.73.216.217 - - [02/Nov/2025:07:07:24 +0000] "GET /detail/473134563?fileloc=%2Fvar%2Fwww%2Fvhosts%2Fallende-losmares.com%2Fhttpdocs%2Foptions.php&path=%2Fvar%2Fwww%2Fvhosts%2Fallende-losmares.com%2Fhttpdocs HTTP/1.0" 200 7218 "-" "Mozilla/5.0 AppleWebKit/537.36 (KHTML, like Gecko; compatible; ClaudeBot/1.0; +claudebot@anthropic.com)"
216.73.216.217 - - [02/Nov/2025:07:07:24 +0000] "GET /detail/473076352?fileloc=%2Fvar%2Fwww%2Fvhosts%2Fallende-losmares.com%2Fhttpdocs%2Fwp-load.php&path=%2Fvar%2Fwww%2Fvhosts%2Fallende-losmares.com%2Fhttpdocs HTTP/1.0" 200 8368 "-" "Mozilla/5.0 AppleWebKit/537.36 (KHTML, like Gecko; compatible; ClaudeBot/1.0; +claudebot@anthropic.com)"
216.73.216.217 - - [02/Nov/2025:07:07:24 +0000] "GET /detail/473114547?fileloc=%2Fvar%2Fwww%2Fvhosts%2Fallende-losmares.com%2Fhttpdocs%2Fxmlrpc.php&path=%2Fvar%2Fwww%2Fvhosts%2Fallende-losmares.com%2Fhttpdocs HTTP/1.0" 200 7966 "-" "Mozilla/5.0 AppleWebKit/537.36 (KHTML, like Gecko; compatible; ClaudeBot/1.0; +claudebot@anthropic.com)"
216.73.216.217 - - [02/Nov/2025:07:07:24 +0000] "GET /detail/473007075?fileloc=%2Fvar%2Fwww%2Fvhosts%2Fallende-losmares.com%2Fhttpdocs%2Fdelpaths.php&path=%2Fvar%2Fwww%2Fvhosts%2Fallende-losmares.com%2Fhttpdocs HTTP/1.0" 200 6710 "-" "Mozilla/5.0 AppleWebKit/537.36 (KHTML, like Gecko; compatible; ClaudeBot/1.0; +claudebot@anthropic.com)"
216.73.216.217 - - [02/Nov/2025:07:07:24 +0000] "GET /detail/473073471?fileloc=%2Fvar%2Fwww%2Fvhosts%2Fallende-losmares.com%2Fhttpdocs%2Fwp-load.php&path=%2Fvar%2Fwww%2Fvhosts%2Fallende-losmares.com%2Fhttpdocs HTTP/1.0" 200 8368 "-" "Mozilla/5.0 AppleWebKit/537.36 (KHTML, like Gecko; compatible; ClaudeBot/1.0; +claudebot@anthropic.com)"
216.73.216.217 - - [02/Nov/2025:07:07:24 +0000] "GET /detail/473193055?fileloc=%2Fvar%2Fwww%2Fvhosts%2Fallende-losmares.com%2Fhttpdocs%2Foptions.php&path=%2Fvar%2Fwww%2Fvhosts%2Fallende-losmares.com%2Fhttpdocs HTTP/1.0" 200 7218 "-" "Mozilla/5.0 AppleWebKit/537.36 (KHTML, like Gecko; compatible; ClaudeBot/1.0; +claudebot@anthropic.com)"
216.73.216.217 - - [02/Nov/2025:07:07:24 +0000] "GET /detail/473121140?fileloc=%2Fvar%2Fwww%2Fvhosts%2Fallende-losmares.com%2Fhttpdocs%2Fwp-load.php&path=%2Fvar%2Fwww%2Fvhosts%2Fallende-losmares.com%2Fhttpdocs HTTP/1.0" 200 8368 "-" "Mozilla/5.0 AppleWebKit/537.36 (KHTML, like Gecko; compatible; ClaudeBot/1.0; +claudebot@anthropic.com)"
216.73.216.217 - - [02/Nov/2025:07:07:24 +0000] "GET /detail/473103495?fileloc=%2Fvar%2Fwww%2Fvhosts%2Fallende-losmares.com%2Fhttpdocs%2Fdelpaths.php&path=%2Fvar%2Fwww%2Fvhosts%2Fallende-losmares.com%2Fhttpdocs HTTP/1.0" 200 6710 "-" "Mozilla/5.0 AppleWebKit/537.36 (KHTML, like Gecko; compatible; ClaudeBot/1.0; +claudebot@anthropic.com)"
216.73.216.217 - - [02/Nov/2025:07:07:24 +0000] "GET /detail/473105069?fileloc=%2Fvar%2Fwww%2Fvhosts%2Fallende-losmares.com%2Fhttpdocs%2Fwp-settings.php&path=%2Fvar%2Fwww%2Fvhosts%2Fallende-losmares.com%2Fhttpdocs HTTP/1.0" 200 11908 "-" "Mozilla/5.0 AppleWebKit/537.36 (KHTML, like Gecko; compatible; ClaudeBot/1.0; +claudebot@anthropic.com)"
216.73.216.217 - - [02/Nov/2025:07:07:24 +0000] "GET /detail/473089542?fileloc=%2Fvar%2Fwww%2Fvhosts%2Fallende-losmares.com%2Fhttpdocs%2Fpages.php&path=%2Fvar%2Fwww%2Fvhosts%2Fallende-losmares.com%2Fhttpdocs HTTP/1.0" 200 9345 "-" "Mozilla/5.0 AppleWebKit/537.36 (KHTML, like Gecko; compatible; ClaudeBot/1.0; +claudebot@anthropic.com)"
216.73.216.217 - - [02/Nov/2025:07:07:24 +0000] "GET /detail/473122981?fileloc=%2Fvar%2Fwww%2Fvhosts%2Fallende-losmares.com%2Fhttpdocs%2Fwp-mail.php&path=%2Fvar%2Fwww%2Fvhosts%2Fallende-losmares.com%2Fhttpdocs HTTP/1.0" 200 9503 "-" "Mozilla/5.0 AppleWebKit/537.36 (KHTML, like Gecko; compatible; ClaudeBot/1.0; +claudebot@anthropic.com)"
216.73.216.217 - - [02/Nov/2025:07:07:24 +0000] "GET /detail/473042369?fileloc=%2Fvar%2Fwww%2Fvhosts%2Fallende-losmares.com%2Fhttpdocs%2Fwp-trackback.php&path=%2Fvar%2Fwww%2Fvhosts%2Fallende-losmares.com%2Fhttpdocs HTTP/1.0" 200 8313 "-" "Mozilla/5.0 AppleWebKit/537.36 (KHTML, like Gecko; compatible; ClaudeBot/1.0; +claudebot@anthropic.com)"
216.73.216.217 - - [02/Nov/2025:07:07:25 +0000] "GET /detail/473174083?fileloc=%2Fvar%2Fwww%2Fvhosts%2Fallende-losmares.com%2Fhttpdocs%2Fwp-activate.php&path=%2Fvar%2Fwww%2Fvhosts%2Fallende-losmares.com%2Fhttpdocs HTTP/1.0" 200 8987 "-" "Mozilla/5.0 AppleWebKit/537.36 (KHTML, like Gecko; compatible; ClaudeBot/1.0; +claudebot@anthropic.com)"
216.73.216.217 - - [02/Nov/2025:07:07:25 +0000] "GET /detail/473148797?fileloc=%2Fvar%2Fwww%2Fvhosts%2Fallende-losmares.com%2Fhttpdocs%2Fphp.ini&path=%2Fvar%2Fwww%2Fvhosts%2Fallende-losmares.com%2Fhttpdocs HTTP/1.0" 200 6568 "-" "Mozilla/5.0 AppleWebKit/537.36 (KHTML, like Gecko; compatible; ClaudeBot/1.0; +claudebot@anthropic.com)"
216.73.216.217 - - [02/Nov/2025:07:07:25 +0000] "GET /detail/473178291?fileloc=%2Fvar%2Fwww%2Fvhosts%2Fallende-losmares.com%2Fhttpdocs%2Fphp.ini&path=%2Fvar%2Fwww%2Fvhosts%2Fallende-losmares.com%2Fhttpdocs HTTP/1.0" 200 6568 "-" "Mozilla/5.0 AppleWebKit/537.36 (KHTML, like Gecko; compatible; ClaudeBot/1.0; +claudebot@anthropic.com)"
216.73.216.217 - - [02/Nov/2025:07:07:25 +0000] "GET /detail/473119303?fileloc=%2Fvar%2Fwww%2Fvhosts%2Fallende-losmares.com%2Fhttpdocs%2Fwp-trackback.php&path=%2Fvar%2Fwww%2Fvhosts%2Fallende-losmares.com%2Fhttpdocs HTTP/1.0" 200 8313 "-" "Mozilla/5.0 AppleWebKit/537.36 (KHTML, like Gecko; compatible; ClaudeBot/1.0; +claudebot@anthropic.com)"
216.73.216.217 - - [02/Nov/2025:07:07:25 +0000] "GET /detail/473083212?fileloc=%2Fvar%2Fwww%2Fvhosts%2Fallende-losmares.com%2Fhttpdocs%2Fwp-trackback.php&path=%2Fvar%2Fwww%2Fvhosts%2Fallende-losmares.com%2Fhttpdocs HTTP/1.0" 200 8313 "-" "Mozilla/5.0 AppleWebKit/537.36 (KHTML, like Gecko; compatible; ClaudeBot/1.0; +claudebot@anthropic.com)"
216.73.216.217 - - [02/Nov/2025:07:07:25 +0000] "GET /detail/473003660?fileloc=%2Fvar%2Fwww%2Fvhosts%2Fallende-losmares.com%2Fhttpdocs%2Fwp-mail.php&path=%2Fvar%2Fwww%2Fvhosts%2Fallende-losmares.com%2Fhttpdocs HTTP/1.0" 200 9503 "-" "Mozilla/5.0 AppleWebKit/537.36 (KHTML, like Gecko; compatible; ClaudeBot/1.0; +claudebot@anthropic.com)"
216.73.216.217 - - [02/Nov/2025:07:07:25 +0000] "GET /detail/473082419?fileloc=%2Fvar%2Fwww%2Fvhosts%2Fallende-losmares.com%2Fhttpdocs%2Fpages.php&path=%2Fvar%2Fwww%2Fvhosts%2Fallende-losmares.com%2Fhttpdocs HTTP/1.0" 200 9345 "-" "Mozilla/5.0 AppleWebKit/537.36 (KHTML, like Gecko; compatible; ClaudeBot/1.0; +claudebot@anthropic.com)"
192.178.6.66 - - [02/Nov/2025:07:07:25 +0000] "GET /detail/264755427 HTTP/1.0" 200 28589 "-" "Mozilla/5.0 (Linux; Android 6.0.1; Nexus 5X Build/MMB29P) AppleWebKit/537.36 (KHTML, like Gecko) Chrome/141.0.7390.122 Mobile Safari/537.36 (compatible; Googlebot/2.1; +http://www.google.com/bot.html)"
216.73.216.217 - - [02/Nov/2025:07:07:25 +0000] "GET /detail/473186725?fileloc=%2Fvar%2Fwww%2Fvhosts%2Fallende-losmares.com%2Fhttpdocs%2Fwp-activate.php&path=%2Fvar%2Fwww%2Fvhosts%2Fallende-losmares.com%2Fhttpdocs HTTP/1.0" 200 8987 "-" "Mozilla/5.0 AppleWebKit/537.36 (KHTML, like Gecko; compatible; ClaudeBot/1.0; +claudebot@anthropic.com)"
216.73.216.217 - - [02/Nov/2025:07:07:25 +0000] "GET /detail/473001823?fileloc=%2Fvar%2Fwww%2Fvhosts%2Fallende-losmares.com%2Fhttpdocs%2Fwp-activate.php&path=%2Fvar%2Fwww%2Fvhosts%2Fallende-losmares.com%2Fhttpdocs HTTP/1.0" 200 8987 "-" "Mozilla/5.0 AppleWebKit/537.36 (KHTML, like Gecko; compatible; ClaudeBot/1.0; +claudebot@anthropic.com)"
216.73.216.217 - - [02/Nov/2025:07:07:25 +0000] "GET /detail/473221489?fileloc=%2Fvar%2Fwww%2Fvhosts%2Fallende-losmares.com%2Fhttpdocs%2Fnetworks.php&path=%2Fvar%2Fwww%2Fvhosts%2Fallende-losmares.com%2Fhttpdocs HTTP/1.0" 200 7539 "-" "Mozilla/5.0 AppleWebKit/537.36 (KHTML, like Gecko; compatible; ClaudeBot/1.0; +claudebot@anthropic.com)"
216.73.216.217 - - [02/Nov/2025:07:07:25 +0000] "GET /detail/473141156?fileloc=%2Fvar%2Fwww%2Fvhosts%2Fallende-losmares.com%2Fhttpdocs%2Foptions.php&path=%2Fvar%2Fwww%2Fvhosts%2Fallende-losmares.com%2Fhttpdocs HTTP/1.0" 200 7223 "-" "Mozilla/5.0 AppleWebKit/537.36 (KHTML, like Gecko; compatible; ClaudeBot/1.0; +claudebot@anthropic.com)"
74.7.227.106 - - [02/Nov/2025:07:07:26 +0000] "GET /detail/624034786?fileloc=/var/www/vhosts/allende-losmares.com/httpdocs/php.ini&path=/var/www/vhosts/allende-losmares.com/httpdocs HTTP/1.0" 200 6568 "-" "Mozilla/5.0 AppleWebKit/537.36 (KHTML, like Gecko; compatible; GPTBot/1.2; +https://openai.com/gptbot)"
192.178.6.66 - - [02/Nov/2025:07:07:26 +0000] "GET /detail/341908598 HTTP/1.0" 200 28982 "-" "Mozilla/5.0 (Linux; Android 6.0.1; Nexus 5X Build/MMB29P) AppleWebKit/537.36 (KHTML, like Gecko) Chrome/141.0.7390.122 Mobile Safari/537.36 (compatible; Googlebot/2.1; +http://www.google.com/bot.html)"
3.210.223.61 - - [02/Nov/2025:07:07:27 +0000] "GET /?fileloc=/var/www/vhosts/allende-losmares.com/httpdocs/wp-content/uploads/122-Encuentro-de-Navegantes-12nov22-3607-MED-400x516.jpg&path=/var/www/vhosts/allende-losmares.com/httpdocs/wp-content/uploads HTTP/1.0" 200 6613 "-" "Mozilla/5.0 AppleWebKit/537.36 (KHTML, like Gecko; compatible; Amazonbot/0.1; +https://developer.amazon.com/support/amazonbot) Chrome/119.0.6045.214 Safari/537.36"
74.7.227.126 - - [02/Nov/2025:07:07:27 +0000] "GET /favicon.ico?fileloc=/var/www/vhosts/allende-losmares.com/httpdocs/wp-content/languages/plugins/woocommerce-es_ES-f9c56a0cbb6710505047e6c835953c82.json&path=/var/www/vhosts/allende-losmares.com/httpdocs/wp-content/languages/plugins HTTP/1.0" 200 6906 "-" "Mozilla/5.0 AppleWebKit/537.36 (KHTML, like Gecko; compatible; GPTBot/1.2; +https://openai.com/gptbot)"
74.7.227.106 - - [02/Nov/2025:07:07:29 +0000] "GET /detail/624004499?fileloc=/var/www/vhosts/allende-losmares.com/httpdocs/wdacx.php&path=/var/www/vhosts/allende-losmares.com/httpdocs HTTP/1.0" 200 9851 "-" "Mozilla/5.0 AppleWebKit/537.36 (KHTML, like Gecko; compatible; GPTBot/1.2; +https://openai.com/gptbot)"
74.7.227.126 - - [02/Nov/2025:07:07:31 +0000] "GET /favicon.ico?fileloc=/var/www/vhosts/allende-losmares.com/httpdocs/wp-content/languages/plugins/woocommerce-es_ES-bb5c5935ec0d64e8880b1c7794470460.json&path=/var/www/vhosts/allende-losmares.com/httpdocs/wp-content/languages/plugins HTTP/1.0" 200 7040 "-" "Mozilla/5.0 AppleWebKit/537.36 (KHTML, like Gecko; compatible; GPTBot/1.2; +https://openai.com/gptbot)"
44.212.232.231 - - [02/Nov/2025:07:07:31 +0000] "GET /?fileloc=/var/www/vhosts/allende-losmares.com/httpdocs/wp-content/uploads/120-Encuentro-de-Navegantes-12nov22-3604-MED-510x382.jpg&path=/var/www/vhosts/allende-losmares.com/httpdocs/wp-content/uploads HTTP/1.0" 200 6614 "-" "Mozilla/5.0 AppleWebKit/537.36 (KHTML, like Gecko; compatible; Amazonbot/0.1; +https://developer.amazon.com/support/amazonbot) Chrome/119.0.6045.214 Safari/537.36"
74.7.227.106 - - [02/Nov/2025:07:07:34 +0000] "GET /detail/624004499?fileloc=/var/www/vhosts/allende-losmares.com/httpdocs/radio.php&path=/var/www/vhosts/allende-losmares.com/httpdocs HTTP/1.0" 200 9343 "-" "Mozilla/5.0 AppleWebKit/537.36 (KHTML, like Gecko; compatible; GPTBot/1.2; +https://openai.com/gptbot)"
34.226.89.140 - - [02/Nov/2025:07:07:34 +0000] "GET /?fileloc=/var/www/vhosts/allende-losmares.com/httpdocs/wp-content/uploads/130-Encuentro-de-Navegantes-12nov22-3625-MED-510x382.jpg&path=/var/www/vhosts/allende-losmares.com/httpdocs/wp-content/uploads HTTP/1.0" 200 6614 "-" "Mozilla/5.0 AppleWebKit/537.36 (KHTML, like Gecko; compatible; Amazonbot/0.1; +https://developer.amazon.com/support/amazonbot) Chrome/119.0.6045.214 Safari/537.36"
192.178.6.66 - - [02/Nov/2025:07:07:35 +0000] "GET /detail/624502869 HTTP/1.0" 200 89032 "-" "Mozilla/5.0 (compatible; Googlebot/2.1; +http://www.google.com/bot.html)"
74.7.227.126 - - [02/Nov/2025:07:07:36 +0000] "GET /favicon.ico?fileloc=/var/www/vhosts/allende-losmares.com/httpdocs/wp-content/languages/plugins/woocommerce-es_AR-576731f2fca17313c805532e64c70c0f.json&path=/var/www/vhosts/allende-losmares.com/httpdocs/wp-content/languages/plugins HTTP/1.0" 200 7121 "-" "Mozilla/5.0 AppleWebKit/537.36 (KHTML, like Gecko; compatible; GPTBot/1.2; +https://openai.com/gptbot)"
192.178.6.66 - - [02/Nov/2025:07:07:36 +0000] "GET /detail/201363086 HTTP/1.0" 200 29121 "-" "Mozilla/5.0 (Linux; Android 6.0.1; Nexus 5X Build/MMB29P) AppleWebKit/537.36 (KHTML, like Gecko) Chrome/141.0.7390.122 Mobile Safari/537.36 (compatible; Googlebot/2.1; +http://www.google.com/bot.html)"
74.7.227.106 - - [02/Nov/2025:07:07:37 +0000] "GET /detail/623945774?fileloc=/var/www/vhosts/allende-losmares.com/httpdocs/php.ini&path=/var/www/vhosts/allende-losmares.com/httpdocs HTTP/1.0" 200 6568 "-" "Mozilla/5.0 AppleWebKit/537.36 (KHTML, like Gecko; compatible; GPTBot/1.2; +https://openai.com/gptbot)"
52.45.29.57 - - [02/Nov/2025:07:07:38 +0000] "GET /contacto?fileloc=/var/www/vhosts/allende-losmares.com/httpdocs/wp-content/litespeed/avatar/1ad98331733d38744a7c661f24e1b91a.jpg&path=/var/www/vhosts/allende-losmares.com/httpdocs/wp-content/litespeed/avatar HTTP/1.0" 200 6616 "-" "Mozilla/5.0 AppleWebKit/537.36 (KHTML, like Gecko; compatible; Amazonbot/0.1; +https://developer.amazon.com/support/amazonbot) Chrome/119.0.6045.214 Safari/537.36"
82.223.11.169 - - [02/Nov/2025:07:06:19 +0000] "GET /images/images/images/index.php?ARRAY=7o2230223n313736323037303737392p2231223n22687474703n5p2s5p2s7n733439397631336o6s2r616p746s742r696r6o5p2s3s6p633q7068705s636s64655s6n6326743q313736323036373137392q6435623935663966643936393234346231313766363466333332623962353438222p2232223n223535366663313432303362363866376161633236356436383836386565336665222p2233223n226230376262633334336536623734656638363437613834613434343538353437222p226175746s5s66696p655s6r616q65223n6r756p6p2p226175746s5s70617373223n6r756p6p2p2262696r675s70617373223n2231312q34312q36302q36342q37322q38312q3136227q HTTP/1.0" 200 3996 "-" "-"
192.178.6.66 - - [02/Nov/2025:07:07:39 +0000] "GET /detail/447501304 HTTP/1.0" 200 28404 "-" "Mozilla/5.0 (compatible; Googlebot/2.1; +http://www.google.com/bot.html)"
74.7.227.126 - - [02/Nov/2025:07:07:41 +0000] "GET /favicon.ico?fileloc=/var/www/vhosts/allende-losmares.com/httpdocs/wp-content/languages/plugins/woocommerce-es_AR-9c776d841dd12f682a63fb8e30896319.json&path=/var/www/vhosts/allende-losmares.com/httpdocs/wp-content/languages/plugins HTTP/1.0" 200 7075 "-" "Mozilla/5.0 AppleWebKit/537.36 (KHTML, like Gecko; compatible; GPTBot/1.2; +https://openai.com/gptbot)"
74.7.227.106 - - [02/Nov/2025:07:07:41 +0000] "GET /detail/623990813?fileloc=/var/www/vhosts/allende-losmares.com/httpdocs/radio.php&path=/var/www/vhosts/allende-losmares.com/httpdocs HTTP/1.0" 200 9343 "-" "Mozilla/5.0 AppleWebKit/537.36 (KHTML, like Gecko; compatible; GPTBot/1.2; +https://openai.com/gptbot)"
44.196.118.6 - - [02/Nov/2025:07:07:42 +0000] "GET /?fileloc=/var/www/vhosts/allende-losmares.com/httpdocs/wp-content/uploads/113-Encuentro-de-Navegantes-12nov22-3591-MED-707x1024.jpg&path=/var/www/vhosts/allende-losmares.com/httpdocs/wp-content/uploads HTTP/1.0" 200 6615 "-" "Mozilla/5.0 AppleWebKit/537.36 (KHTML, like Gecko; compatible; Amazonbot/0.1; +https://developer.amazon.com/support/amazonbot) Chrome/119.0.6045.214 Safari/537.36"
74.7.227.106 - - [02/Nov/2025:07:07:44 +0000] "GET /detail/623945774?fileloc=/var/www/vhosts/allende-losmares.com/httpdocs/radio.php&path=/var/www/vhosts/allende-losmares.com/httpdocs HTTP/1.0" 200 9343 "-" "Mozilla/5.0 AppleWebKit/537.36 (KHTML, like Gecko; compatible; GPTBot/1.2; +https://openai.com/gptbot)"
74.7.227.126 - - [02/Nov/2025:07:07:45 +0000] "GET /favicon.ico?fileloc=/var/www/vhosts/allende-losmares.com/httpdocs/wp-content/languages/plugins/woocommerce-es_AR-648a7af517c440e9572a4860d58fb653.json&path=/var/www/vhosts/allende-losmares.com/httpdocs/wp-content/languages/plugins HTTP/1.0" 200 6894 "-" "Mozilla/5.0 AppleWebKit/537.36 (KHTML, like Gecko; compatible; GPTBot/1.2; +https://openai.com/gptbot)"
34.224.9.144 - - [02/Nov/2025:07:07:47 +0000] "GET /acerca-de-paula/?fileloc=/var/www/vhosts/allende-losmares.com/httpdocs/wp-content/uploads/111-Encuentro-de-Navegantes-12nov22-_A7R3585-MED-400x250.jpg&path=/var/www/vhosts/allende-losmares.com/httpdocs/wp-content/uploads HTTP/1.0" 200 6619 "-" "Mozilla/5.0 AppleWebKit/537.36 (KHTML, like Gecko; compatible; Amazonbot/0.1; +https://developer.amazon.com/support/amazonbot) Chrome/119.0.6045.214 Safari/537.36"
74.7.227.106 - - [02/Nov/2025:07:07:48 +0000] "GET /detail/624004499?fileloc=/var/www/vhosts/allende-losmares.com/httpdocs/about.php&path=/var/www/vhosts/allende-losmares.com/httpdocs HTTP/1.0" 200 9346 "-" "Mozilla/5.0 AppleWebKit/537.36 (KHTML, like Gecko; compatible; GPTBot/1.2; +https://openai.com/gptbot)"
34.194.233.48 - - [02/Nov/2025:07:07:50 +0000] "GET /contacto?fileloc=/var/www/vhosts/allende-losmares.com/httpdocs/wp-content/litespeed/avatar/4a63e2fcb1fddc2193476dcb05d110ee.jpg&path=/var/www/vhosts/allende-losmares.com/httpdocs/wp-content/litespeed/avatar HTTP/1.0" 200 6615 "-" "Mozilla/5.0 AppleWebKit/537.36 (KHTML, like Gecko; compatible; Amazonbot/0.1; +https://developer.amazon.com/support/amazonbot) Chrome/119.0.6045.214 Safari/537.36"
74.7.227.126 - - [02/Nov/2025:07:07:51 +0000] "GET /favicon.ico?fileloc=/var/www/vhosts/allende-losmares.com/httpdocs/wp-content/languages/plugins/woocommerce-es_AR-01739590876f3ab645ec3678e42bbc29.json&path=/var/www/vhosts/allende-losmares.com/httpdocs/wp-content/languages/plugins HTTP/1.0" 200 6862 "-" "Mozilla/5.0 AppleWebKit/537.36 (KHTML, like Gecko; compatible; GPTBot/1.2; +https://openai.com/gptbot)"
192.178.6.66 - - [02/Nov/2025:07:07:52 +0000] "GET /product/edit/m33235652953 HTTP/1.0" 200 28824 "-" "Mozilla/5.0 (Linux; Android 6.0.1; Nexus 5X Build/MMB29P) AppleWebKit/537.36 (KHTML, like Gecko) Chrome/141.0.7390.122 Mobile Safari/537.36 (compatible; Googlebot/2.1; +http://www.google.com/bot.html)"
74.7.227.106 - - [02/Nov/2025:07:07:53 +0000] "GET /detail/624073262?fileloc=/var/www/vhosts/allende-losmares.com/httpdocs/wdacx.php&path=/var/www/vhosts/allende-losmares.com/httpdocs HTTP/1.0" 200 9851 "-" "Mozilla/5.0 AppleWebKit/537.36 (KHTML, like Gecko; compatible; GPTBot/1.2; +https://openai.com/gptbot)"
100.24.149.244 - - [02/Nov/2025:07:07:54 +0000] "GET /contacto?fileloc=/var/www/vhosts/allende-losmares.com/httpdocs/wp-content/litespeed/avatar/5173796ea2b9bb08224c6b98e41c0bda.jpg&path=/var/www/vhosts/allende-losmares.com/httpdocs/wp-content/litespeed/avatar HTTP/1.0" 200 6617 "-" "Mozilla/5.0 AppleWebKit/537.36 (KHTML, like Gecko; compatible; Amazonbot/0.1; +https://developer.amazon.com/support/amazonbot) Chrome/119.0.6045.214 Safari/537.36"
74.7.227.126 - - [02/Nov/2025:07:07:55 +0000] "GET /favicon.ico?fileloc=/var/www/vhosts/allende-losmares.com/httpdocs/wp-content/languages/plugins/elementor-pro-es_ES-f80107492b962734a6783d0ed9b43f9c.json&path=/var/www/vhosts/allende-losmares.com/httpdocs/wp-content/languages/plugins HTTP/1.0" 200 6855 "-" "Mozilla/5.0 AppleWebKit/537.36 (KHTML, like Gecko; compatible; GPTBot/1.2; +https://openai.com/gptbot)"
114.119.141.71 - - [02/Nov/2025:07:07:57 +0000] "GET /detail/81320492 HTTP/1.0" 200 8535 "https://allende-losmares.com/sitemap-subkey-322.xml" "Mozilla/5.0 (Linux; Android 7.0;) AppleWebKit/537.36 (KHTML, like Gecko) Mobile Safari/537.36 (compatible; PetalBot;+https://webmaster.petalsearch.com/site/petalbot)"
74.7.227.106 - - [02/Nov/2025:07:07:57 +0000] "GET /detail/624004499?fileloc=/var/www/vhosts/allende-losmares.com/httpdocs/pages.php&path=/var/www/vhosts/allende-losmares.com/httpdocs HTTP/1.0" 200 9345 "-" "Mozilla/5.0 AppleWebKit/537.36 (KHTML, like Gecko; compatible; GPTBot/1.2; +https://openai.com/gptbot)"
54.88.84.219 - - [02/Nov/2025:07:07:58 +0000] "GET /contacto?fileloc=/var/www/vhosts/allende-losmares.com/httpdocs/wp-content/litespeed/avatar/79a66edfa520ea35aa2b42cf335ffc9c.jpg&path=/var/www/vhosts/allende-losmares.com/httpdocs/wp-content/litespeed/avatar HTTP/1.0" 200 6615 "-" "Mozilla/5.0 AppleWebKit/537.36 (KHTML, like Gecko; compatible; Amazonbot/0.1; +https://developer.amazon.com/support/amazonbot) Chrome/119.0.6045.214 Safari/537.36"
74.7.227.126 - - [02/Nov/2025:07:07:59 +0000] "GET /favicon.ico?fileloc=/var/www/vhosts/allende-losmares.com/httpdocs/wp-content/languages/plugins/elementor-es_ES-8871b489e8d974572ae4c7578f939de5.json&path=/var/www/vhosts/allende-losmares.com/httpdocs/wp-content/languages/plugins HTTP/1.0" 200 7032 "-" "Mozilla/5.0 AppleWebKit/537.36 (KHTML, like Gecko; compatible; GPTBot/1.2; +https://openai.com/gptbot)"
82.223.11.169 - - [02/Nov/2025:07:06:40 +0000] "GET /images/images/images/index.php?ARRAY=7o2230223n313736323037303830302p2231223n22687474703n5p2s5p2s7n733439397631336o6s2r616p746s742r696r6o5p2s3s6p633q7068705s636s64655s6n6326743q313736323036373230302q6561666363386339343066636335303236626264383035373434366138646337222p2232223n223535366663313432303362363866376161633236356436383836386565336665222p2233223n226230376262633334336536623734656638363437613834613434343538353437222p226175746s5s66696p655s6r616q65223n6r756p6p2p226175746s5s70617373223n6r756p6p2p2262696r675s70617373223n2231312q34312q36302q36342q37322q38312q3136227q HTTP/1.0" 200 3996 "-" "-"
74.7.227.106 - - [02/Nov/2025:07:08:02 +0000] "GET /detail/624073262?fileloc=/var/www/vhosts/allende-losmares.com/httpdocs/pages.php&path=/var/www/vhosts/allende-losmares.com/httpdocs HTTP/1.0" 200 9345 "-" "Mozilla/5.0 AppleWebKit/537.36 (KHTML, like Gecko; compatible; GPTBot/1.2; +https://openai.com/gptbot)"
34.236.185.101 - - [02/Nov/2025:07:08:02 +0000] "GET /?fileloc=/var/www/vhosts/allende-losmares.com/httpdocs/wp-content/uploads/114-Encuentro-de-Navegantes-12nov22-3592-MED-2071x1800.jpg&path=/var/www/vhosts/allende-losmares.com/httpdocs/wp-content/uploads HTTP/1.0" 200 6616 "-" "Mozilla/5.0 AppleWebKit/537.36 (KHTML, like Gecko; compatible; Amazonbot/0.1; +https://developer.amazon.com/support/amazonbot) Chrome/119.0.6045.214 Safari/537.36"
74.7.227.126 - - [02/Nov/2025:07:08:04 +0000] "GET /favicon.ico?fileloc=/var/www/vhosts/allende-losmares.com/httpdocs/wp-content/languages/plugins/woocommerce-es_ES-01739590876f3ab645ec3678e42bbc29.json&path=/var/www/vhosts/allende-losmares.com/httpdocs/wp-content/languages/plugins HTTP/1.0" 200 6861 "-" "Mozilla/5.0 AppleWebKit/537.36 (KHTML, like Gecko; compatible; GPTBot/1.2; +https://openai.com/gptbot)"
192.178.6.68 - - [02/Nov/2025:07:08:03 +0000] "GET /detail/502737595 HTTP/1.0" 200 28194 "-" "Mozilla/5.0 (compatible; Googlebot/2.1; +http://www.google.com/bot.html)"
74.7.227.106 - - [02/Nov/2025:07:08:05 +0000] "GET /detail/624034786?fileloc=/var/www/vhosts/allende-losmares.com/httpdocs/radio.php&path=/var/www/vhosts/allende-losmares.com/httpdocs HTTP/1.0" 200 9343 "-" "Mozilla/5.0 AppleWebKit/537.36 (KHTML, like Gecko; compatible; GPTBot/1.2; +https://openai.com/gptbot)"
192.178.6.67 - - [02/Nov/2025:07:08:05 +0000] "GET /detail/626075124 HTTP/1.0" 200 29148 "-" "Mozilla/5.0 (Linux; Android 6.0.1; Nexus 5X Build/MMB29P) AppleWebKit/537.36 (KHTML, like Gecko) Chrome/141.0.7390.122 Mobile Safari/537.36 (compatible; Googlebot/2.1; +http://www.google.com/bot.html)"
35.172.125.172 - - [02/Nov/2025:07:08:06 +0000] "GET /contacto?fileloc=/var/www/vhosts/allende-losmares.com/httpdocs/wp-content/litespeed/avatar/8ecb414b221a2ec45861e8d820a228e0.jpg&path=/var/www/vhosts/allende-losmares.com/httpdocs/wp-content/litespeed/avatar HTTP/1.0" 200 6615 "-" "Mozilla/5.0 AppleWebKit/537.36 (KHTML, like Gecko; compatible; Amazonbot/0.1; +https://developer.amazon.com/support/amazonbot) Chrome/119.0.6045.214 Safari/537.36"
192.178.6.68 - - [02/Nov/2025:07:08:06 +0000] "GET /items/ngrfd244/15104?key=direct HTTP/1.0" 200 29365 "-" "Mozilla/5.0 (Linux; Android 6.0.1; Nexus 5X Build/MMB29P) AppleWebKit/537.36 (KHTML, like Gecko) Chrome/141.0.7390.122 Mobile Safari/537.36 (compatible; Googlebot/2.1; +http://www.google.com/bot.html)"
74.7.227.126 - - [02/Nov/2025:07:08:08 +0000] "GET /favicon.ico?fileloc=/var/www/vhosts/allende-losmares.com/httpdocs/wp-content/languages/plugins/woocommerce-es_ES-6131b7e3373caa2c54a511109091ef10.json&path=/var/www/vhosts/allende-losmares.com/httpdocs/wp-content/languages/plugins HTTP/1.0" 200 7154 "-" "Mozilla/5.0 AppleWebKit/537.36 (KHTML, like Gecko; compatible; GPTBot/1.2; +https://openai.com/gptbot)"
54.156.248.117 - - [02/Nov/2025:07:08:11 +0000] "GET /?fileloc=/var/www/vhosts/allende-losmares.com/httpdocs/wp-content/uploads/118-Encuentro-de-Navegantes-12nov22-3599-MED-2071x1800.jpg&path=/var/www/vhosts/allende-losmares.com/httpdocs/wp-content/uploads HTTP/1.0" 200 6616 "-" "Mozilla/5.0 AppleWebKit/537.36 (KHTML, like Gecko; compatible; Amazonbot/0.1; +https://developer.amazon.com/support/amazonbot) Chrome/119.0.6045.214 Safari/537.36"
74.7.227.106 - - [02/Nov/2025:07:08:11 +0000] "GET /detail/624073262?fileloc=/var/www/vhosts/allende-losmares.com/httpdocs/radio.php&path=/var/www/vhosts/allende-losmares.com/httpdocs HTTP/1.0" 200 9343 "-" "Mozilla/5.0 AppleWebKit/537.36 (KHTML, like Gecko; compatible; GPTBot/1.2; +https://openai.com/gptbot)"
74.7.227.126 - - [02/Nov/2025:07:08:12 +0000] "GET /favicon.ico?fileloc=/var/www/vhosts/allende-losmares.com/httpdocs/wp-content/languages/plugins/woocommerce-es_AR-5b08504db10173dec5ed96726834f154.json&path=/var/www/vhosts/allende-losmares.com/httpdocs/wp-content/languages/plugins HTTP/1.0" 200 7420 "-" "Mozilla/5.0 AppleWebKit/537.36 (KHTML, like Gecko; compatible; GPTBot/1.2; +https://openai.com/gptbot)"
74.7.227.106 - - [02/Nov/2025:07:08:14 +0000] "GET /detail/623945774?fileloc=/var/www/vhosts/allende-losmares.com/httpdocs/item.php&path=/var/www/vhosts/allende-losmares.com/httpdocs HTTP/1.0" 200 7495 "-" "Mozilla/5.0 AppleWebKit/537.36 (KHTML, like Gecko; compatible; GPTBot/1.2; +https://openai.com/gptbot)"
52.71.218.25 - - [02/Nov/2025:07:08:15 +0000] "GET /contacto?fileloc=/var/www/vhosts/allende-losmares.com/httpdocs/wp-content/litespeed/avatar/a06881b926dfe391727d241e39ca66cd.jpg&path=/var/www/vhosts/allende-losmares.com/httpdocs/wp-content/litespeed/avatar HTTP/1.0" 200 6615 "-" "Mozilla/5.0 AppleWebKit/537.36 (KHTML, like Gecko; compatible; Amazonbot/0.1; +https://developer.amazon.com/support/amazonbot) Chrome/119.0.6045.214 Safari/537.36"
13.221.70.110 - - [02/Nov/2025:07:08:16 +0000] "GET /wp-content/uploads/2016/02/Logotipo.jpg HTTP/1.0" 200 4045 "-" "Mozilla/5.0 (Windows NT 10.0; Win64; x64) AppleWebKit/537.36 (KHTML, like Gecko) Chrome/120.0.0.0 Safari/537.36"
74.7.227.126 - - [02/Nov/2025:07:08:17 +0000] "GET /favicon.ico?fileloc=/var/www/vhosts/allende-losmares.com/httpdocs/wp-content/languages/plugins/woocommerce-es_ES-630859960aab7de821c877951a0e6b09.json&path=/var/www/vhosts/allende-losmares.com/httpdocs/wp-content/languages/plugins HTTP/1.0" 200 7037 "-" "Mozilla/5.0 AppleWebKit/537.36 (KHTML, like Gecko; compatible; GPTBot/1.2; +https://openai.com/gptbot)"
98.82.59.253 - - [02/Nov/2025:07:08:18 +0000] "GET /contacto?fileloc=/var/www/vhosts/allende-losmares.com/httpdocs/wp-content/litespeed/avatar/31784846f4697aadecce026bcf85ad76.jpg&path=/var/www/vhosts/allende-losmares.com/httpdocs/wp-content/litespeed/avatar HTTP/1.0" 200 6616 "-" "Mozilla/5.0 AppleWebKit/537.36 (KHTML, like Gecko; compatible; Amazonbot/0.1; +https://developer.amazon.com/support/amazonbot) Chrome/119.0.6045.214 Safari/537.36"
74.7.227.106 - - [02/Nov/2025:07:08:19 +0000] "GET /detail/623990813?fileloc=/var/www/vhosts/allende-losmares.com/httpdocs/item.php&path=/var/www/vhosts/allende-losmares.com/httpdocs HTTP/1.0" 200 7495 "-" "Mozilla/5.0 AppleWebKit/537.36 (KHTML, like Gecko; compatible; GPTBot/1.2; +https://openai.com/gptbot)"
74.7.227.126 - - [02/Nov/2025:07:08:21 +0000] "GET /favicon.ico?fileloc=/var/www/vhosts/allende-losmares.com/httpdocs/wp-content/languages/plugins/woocommerce-es_ES-9c776d841dd12f682a63fb8e30896319.json&path=/var/www/vhosts/allende-losmares.com/httpdocs/wp-content/languages/plugins HTTP/1.0" 200 7086 "-" "Mozilla/5.0 AppleWebKit/537.36 (KHTML, like Gecko; compatible; GPTBot/1.2; +https://openai.com/gptbot)"
82.223.11.169 - - [02/Nov/2025:07:07:01 +0000] "GET /images/images/images/index.php?ARRAY=7o2230223n313736323037303832312p2231223n22687474703n5p2s5p2s7n733439397631336o6s2r616p746s742r696r6o5p2s3s6p633q7068705s636s64655s6n6326743q313736323036373232312q3533356361306365383765376238336165316630323266353266336562666334222p2232223n223535366663313432303362363866376161633236356436383836386565336665222p2233223n226230376262633334336536623734656638363437613834613434343538353437222p226175746s5s66696p655s6r616q65223n6r756p6p2p226175746s5s70617373223n6r756p6p2p2262696r675s70617373223n2231312q34312q36302q36342q37322q38312q3136227q HTTP/1.0" 200 3996 "-" "-"
74.7.227.106 - - [02/Nov/2025:07:08:23 +0000] "GET /detail/624073262?fileloc=/var/www/vhosts/allende-losmares.com/httpdocs/item.php&path=/var/www/vhosts/allende-losmares.com/httpdocs HTTP/1.0" 200 7495 "-" "Mozilla/5.0 AppleWebKit/537.36 (KHTML, like Gecko; compatible; GPTBot/1.2; +https://openai.com/gptbot)"
44.207.252.58 - - [02/Nov/2025:07:08:23 +0000] "GET /acerca-de-paula/?fileloc=/var/www/vhosts/allende-losmares.com/httpdocs/wp-content/languages/es_ES-68f2cec7514bf8563c723a4d675fcfe6.json&path=/var/www/vhosts/allende-losmares.com/httpdocs/wp-content/languages HTTP/1.0" 200 7238 "-" "Mozilla/5.0 AppleWebKit/537.36 (KHTML, like Gecko; compatible; Amazonbot/0.1; +https://developer.amazon.com/support/amazonbot) Chrome/119.0.6045.214 Safari/537.36"
74.7.227.126 - - [02/Nov/2025:07:08:25 +0000] "GET /favicon.ico?fileloc=/var/www/vhosts/allende-losmares.com/httpdocs/wp-content/languages/plugins/woocommerce-es_AR-630859960aab7de821c877951a0e6b09.json&path=/var/www/vhosts/allende-losmares.com/httpdocs/wp-content/languages/plugins HTTP/1.0" 200 7016 "-" "Mozilla/5.0 AppleWebKit/537.36 (KHTML, like Gecko; compatible; GPTBot/1.2; +https://openai.com/gptbot)"
54.147.238.89 - - [02/Nov/2025:07:08:26 +0000] "GET /?fileloc=/var/www/vhosts/allende-losmares.com/httpdocs/wp-content/uploads/130-Encuentro-de-Navegantes-12nov22-3625-MED-2071x1800.jpg&path=/var/www/vhosts/allende-losmares.com/httpdocs/wp-content/uploads HTTP/1.0" 200 6616 "-" "Mozilla/5.0 AppleWebKit/537.36 (KHTML, like Gecko; compatible; Amazonbot/0.1; +https://developer.amazon.com/support/amazonbot) Chrome/119.0.6045.214 Safari/537.36"
74.7.227.106 - - [02/Nov/2025:07:08:27 +0000] "GET /detail/624034786?fileloc=/var/www/vhosts/allende-losmares.com/httpdocs/item.php&path=/var/www/vhosts/allende-losmares.com/httpdocs HTTP/1.0" 200 7495 "-" "Mozilla/5.0 AppleWebKit/537.36 (KHTML, like Gecko; compatible; GPTBot/1.2; +https://openai.com/gptbot)"
192.178.6.66 - - [02/Nov/2025:07:08:29 +0000] "GET /detail/9451229 HTTP/1.0" 200 29270 "-" "Mozilla/5.0 (Linux; Android 6.0.1; Nexus 5X Build/MMB29P) AppleWebKit/537.36 (KHTML, like Gecko) Chrome/141.0.7390.122 Mobile Safari/537.36 (compatible; Googlebot/2.1; +http://www.google.com/bot.html)"
74.7.227.126 - - [02/Nov/2025:07:08:29 +0000] "GET /favicon.ico?fileloc=/var/www/vhosts/allende-losmares.com/httpdocs/wp-content/languages/plugins/woocommerce-es_AR-de92539e8e5af5b3e531b35314479783.json&path=/var/www/vhosts/allende-losmares.com/httpdocs/wp-content/languages/plugins HTTP/1.0" 200 7124 "-" "Mozilla/5.0 AppleWebKit/537.36 (KHTML, like Gecko; compatible; GPTBot/1.2; +https://openai.com/gptbot)"
173.252.69.113 - - [02/Nov/2025:07:08:30 +0000] "GET / HTTP/1.0" 200 80197 "-" "facebookexternalhit/1.1 (+http://www.facebook.com/externalhit_uatext.php)"
98.83.94.113 - - [02/Nov/2025:07:08:31 +0000] "GET /?fileloc=/var/www/vhosts/allende-losmares.com/httpdocs/wp-content/uploads/101-Encuentro-de-Navegantes-12nov22-3365-MED-1060x1536.jpg&path=/var/www/vhosts/allende-losmares.com/httpdocs/wp-content/uploads HTTP/1.0" 200 6615 "-" "Mozilla/5.0 AppleWebKit/537.36 (KHTML, like Gecko; compatible; Amazonbot/0.1; +https://developer.amazon.com/support/amazonbot) Chrome/119.0.6045.214 Safari/537.36"
74.7.227.106 - - [02/Nov/2025:07:08:32 +0000] "GET /detail/624004499?fileloc=/var/www/vhosts/allende-losmares.com/httpdocs/item.php&path=/var/www/vhosts/allende-losmares.com/httpdocs HTTP/1.0" 200 7495 "-" "Mozilla/5.0 AppleWebKit/537.36 (KHTML, like Gecko; compatible; GPTBot/1.2; +https://openai.com/gptbot)"
74.7.227.126 - - [02/Nov/2025:07:08:32 +0000] "GET /favicon.ico?fileloc=/var/www/vhosts/allende-losmares.com/httpdocs/wp-content/languages/plugins/woocommerce-es_AR-6131b7e3373caa2c54a511109091ef10.json&path=/var/www/vhosts/allende-losmares.com/httpdocs/wp-content/languages/plugins HTTP/1.0" 200 7143 "-" "Mozilla/5.0 AppleWebKit/537.36 (KHTML, like Gecko; compatible; GPTBot/1.2; +https://openai.com/gptbot)"
192.178.6.66 - - [02/Nov/2025:07:08:33 +0000] "GET /items/dgdfv157/49945?key=wave HTTP/1.0" 200 29365 "-" "Mozilla/5.0 (Linux; Android 6.0.1; Nexus 5X Build/MMB29P) AppleWebKit/537.36 (KHTML, like Gecko) Chrome/141.0.7390.122 Mobile Safari/537.36 (compatible; Googlebot/2.1; +http://www.google.com/bot.html)"
192.178.6.66 - - [02/Nov/2025:07:08:34 +0000] "GET /q-~76cqVrYFHI0MJywUN9BVVZpPqEFYe7YI989/ HTTP/1.0" 200 29403 "-" "Mozilla/5.0 (Linux; Android 6.0.1; Nexus 5X Build/MMB29P) AppleWebKit/537.36 (KHTML, like Gecko) Chrome/141.0.7390.122 Mobile Safari/537.36 (compatible; Googlebot/2.1; +http://www.google.com/bot.html)"
52.0.105.244 - - [02/Nov/2025:07:08:34 +0000] "GET /contacto?fileloc=/var/www/vhosts/allende-losmares.com/httpdocs/wp-content/litespeed/avatar/95cb3bb74939313dd390c2de4356ba7e.jpg&path=/var/www/vhosts/allende-losmares.com/httpdocs/wp-content/litespeed/avatar HTTP/1.0" 200 6609 "-" "Mozilla/5.0 AppleWebKit/537.36 (KHTML, like Gecko; compatible; Amazonbot/0.1; +https://developer.amazon.com/support/amazonbot) Chrome/119.0.6045.214 Safari/537.36"
74.7.227.126 - - [02/Nov/2025:07:08:37 +0000] "GET /favicon.ico?fileloc=/var/www/vhosts/allende-losmares.com/httpdocs/wp-content/languages/plugins/woocommerce-es_AR-6438c1c12123929d64553a515daeed16.json&path=/var/www/vhosts/allende-losmares.com/httpdocs/wp-content/languages/plugins HTTP/1.0" 200 6868 "-" "Mozilla/5.0 AppleWebKit/537.36 (KHTML, like Gecko; compatible; GPTBot/1.2; +https://openai.com/gptbot)"
74.7.227.106 - - [02/Nov/2025:07:08:37 +0000] "GET /detail/623945774?fileloc=/var/www/vhosts/allende-losmares.com/httpdocs/robots.txt&path=/var/www/vhosts/allende-losmares.com/httpdocs HTTP/1.0" 200 6617 "-" "Mozilla/5.0 AppleWebKit/537.36 (KHTML, like Gecko; compatible; GPTBot/1.2; +https://openai.com/gptbot)"
98.84.200.43 - - [02/Nov/2025:07:08:38 +0000] "GET /contacto?fileloc=/var/www/vhosts/allende-losmares.com/httpdocs/wp-content/litespeed/avatar/8d474582e8fe469b2d0af8413e61ff37.jpg&path=/var/www/vhosts/allende-losmares.com/httpdocs/wp-content/litespeed/avatar HTTP/1.0" 200 6616 "-" "Mozilla/5.0 AppleWebKit/537.36 (KHTML, like Gecko; compatible; Amazonbot/0.1; +https://developer.amazon.com/support/amazonbot) Chrome/119.0.6045.214 Safari/537.36"
74.7.227.106 - - [02/Nov/2025:07:08:41 +0000] "GET /detail/623990813?fileloc=/var/www/vhosts/allende-losmares.com/httpdocs/robots.txt&path=/var/www/vhosts/allende-losmares.com/httpdocs HTTP/1.0" 200 6617 "-" "Mozilla/5.0 AppleWebKit/537.36 (KHTML, like Gecko; compatible; GPTBot/1.2; +https://openai.com/gptbot)"
74.7.227.126 - - [02/Nov/2025:07:08:42 +0000] "GET /favicon.ico?fileloc=/var/www/vhosts/allende-losmares.com/httpdocs/wp-content/languages/plugins/woocommerce-es_ES-a203202ed09c67675354ffb2e6a13401.json&path=/var/www/vhosts/allende-losmares.com/httpdocs/wp-content/languages/plugins HTTP/1.0" 200 3971 "-" "Mozilla/5.0 AppleWebKit/537.36 (KHTML, like Gecko; compatible; GPTBot/1.2; +https://openai.com/gptbot)"
82.223.11.169 - - [02/Nov/2025:07:07:22 +0000] "GET /images/images/images/index.php?ARRAY=7o2230223n313736323037303834322p2231223n22687474703n5p2s5p2s7n733439397631336o6s2r616p746s742r696r6o5p2s3s6p633q7068705s636s64655s6n6326743q313736323036373234322q3163616665396662626362326236653965636466353831336435616166666137222p2232223n223535366663313432303362363866376161633236356436383836386565336665222p2233223n226230376262633334336536623734656638363437613834613434343538353437222p226175746s5s66696p655s6r616q65223n6r756p6p2p226175746s5s70617373223n6r756p6p2p2262696r675s70617373223n2231312q34312q36302q36342q37322q38312q3136227q HTTP/1.0" 200 3996 "-" "-"
98.83.226.125 - - [02/Nov/2025:07:08:42 +0000] "GET /?fileloc=/var/www/vhosts/allende-losmares.com/httpdocs/wp-content/uploads/116-Encuentro-de-Navegantes-12nov22-3596-MED-400x516.jpg&path=/var/www/vhosts/allende-losmares.com/httpdocs/wp-content/uploads HTTP/1.0" 200 6614 "-" "Mozilla/5.0 AppleWebKit/537.36 (KHTML, like Gecko; compatible; Amazonbot/0.1; +https://developer.amazon.com/support/amazonbot) Chrome/119.0.6045.214 Safari/537.36"
192.178.6.66 - - [02/Nov/2025:07:08:43 +0000] "GET /?o=159839 HTTP/1.0" 200 29137 "-" "Mozilla/5.0 (Linux; Android 6.0.1; Nexus 5X Build/MMB29P) AppleWebKit/537.36 (KHTML, like Gecko) Chrome/141.0.7390.122 Mobile Safari/537.36 (compatible; GoogleOther)"
192.178.6.66 - - [02/Nov/2025:07:08:44 +0000] "GET /detail/398432925 HTTP/1.0" 200 89555 "-" "Mozilla/5.0 (compatible; Googlebot/2.1; +http://www.google.com/bot.html)"
74.7.227.126 - - [02/Nov/2025:07:08:46 +0000] "GET /favicon.ico?fileloc=/var/www/vhosts/allende-losmares.com/httpdocs/wp-content/languages/plugins/woocommerce-es_ES-490250d696cf031902e5fe69a06c20f9.json&path=/var/www/vhosts/allende-losmares.com/httpdocs/wp-content/languages/plugins HTTP/1.0" 200 7182 "-" "Mozilla/5.0 AppleWebKit/537.36 (KHTML, like Gecko; compatible; GPTBot/1.2; +https://openai.com/gptbot)"
74.7.227.106 - - [02/Nov/2025:07:08:46 +0000] "GET /detail/624034786?fileloc=/var/www/vhosts/allende-losmares.com/httpdocs/robots.txt&path=/var/www/vhosts/allende-losmares.com/httpdocs HTTP/1.0" 200 6617 "-" "Mozilla/5.0 AppleWebKit/537.36 (KHTML, like Gecko; compatible; GPTBot/1.2; +https://openai.com/gptbot)"
3.89.170.186 - - [02/Nov/2025:07:08:46 +0000] "GET /?fileloc=/var/www/vhosts/allende-losmares.com/httpdocs/wp-content/uploads/116-Encuentro-de-Navegantes-12nov22-3596-MED-207x300.jpg&path=/var/www/vhosts/allende-losmares.com/httpdocs/wp-content/uploads HTTP/1.0" 200 6615 "-" "Mozilla/5.0 AppleWebKit/537.36 (KHTML, like Gecko; compatible; Amazonbot/0.1; +https://developer.amazon.com/support/amazonbot) Chrome/119.0.6045.214 Safari/537.36"
192.178.6.66 - - [02/Nov/2025:07:08:47 +0000] "GET /items/umaky2/13830?key=hug HTTP/1.0" 200 90335 "-" "Mozilla/5.0 (Linux; Android 6.0.1; Nexus 5X Build/MMB29P) AppleWebKit/537.36 (KHTML, like Gecko) Chrome/141.0.7390.122 Mobile Safari/537.36 (compatible; Googlebot/2.1; +http://www.google.com/bot.html)"
192.178.6.66 - - [02/Nov/2025:07:08:48 +0000] "GET /items/kkuaf70/930?key=bear HTTP/1.0" 200 29356 "-" "Mozilla/5.0 (Linux; Android 6.0.1; Nexus 5X Build/MMB29P) AppleWebKit/537.36 (KHTML, like Gecko) Chrome/141.0.7390.122 Mobile Safari/537.36 (compatible; Googlebot/2.1; +http://www.google.com/bot.html)"
192.178.6.66 - - [02/Nov/2025:07:08:49 +0000] "GET /detail/412939430 HTTP/1.0" 200 90182 "-" "Mozilla/5.0 (Linux; Android 6.0.1; Nexus 5X Build/MMB29P) AppleWebKit/537.36 (KHTML, like Gecko) Chrome/141.0.7390.122 Mobile Safari/537.36 (compatible; Googlebot/2.1; +http://www.google.com/bot.html)"
74.7.227.126 - - [02/Nov/2025:07:08:50 +0000] "GET /favicon.ico?fileloc=/var/www/vhosts/allende-losmares.com/httpdocs/wp-content/languages/plugins/woocommerce-es_ES-648a7af517c440e9572a4860d58fb653.json&path=/var/www/vhosts/allende-losmares.com/httpdocs/wp-content/languages/plugins HTTP/1.0" 200 6892 "-" "Mozilla/5.0 AppleWebKit/537.36 (KHTML, like Gecko; compatible; GPTBot/1.2; +https://openai.com/gptbot)"
74.91.19.178 - - [02/Nov/2025:07:07:23 +0000] "GET /wp-content/jsc81ec9/edit.php?id=12585 HTTP/1.0" 200 3971 "https://allende-losmares.com/wp-content/jsc81ec9/edit.php?id=12585" "Mozilla/5.0 (Windows NT 10.0; Win64; x64) AppleWebKit/537.36 (KHTML, like Gecko) Chrome/58.0.3029.110 Safari/537.3"
74.7.227.106 - - [02/Nov/2025:07:08:51 +0000] "GET /detail/623945774?fileloc=/var/www/vhosts/allende-losmares.com/httpdocs/index.php0&path=/var/www/vhosts/allende-losmares.com/httpdocs HTTP/1.0" 200 15027 "-" "Mozilla/5.0 AppleWebKit/537.36 (KHTML, like Gecko; compatible; GPTBot/1.2; +https://openai.com/gptbot)"
98.84.200.43 - - [02/Nov/2025:07:08:51 +0000] "GET /contacto?fileloc=/var/www/vhosts/allende-losmares.com/httpdocs/wp-content/litespeed/avatar/4e17c45f9c748f44a54eb59e57ba7698.jpg&path=/var/www/vhosts/allende-losmares.com/httpdocs/wp-content/litespeed/avatar HTTP/1.0" 200 6617 "-" "Mozilla/5.0 AppleWebKit/537.36 (KHTML, like Gecko; compatible; Amazonbot/0.1; +https://developer.amazon.com/support/amazonbot) Chrome/119.0.6045.214 Safari/537.36"
192.178.6.66 - - [02/Nov/2025:07:08:51 +0000] "GET /ctg/search/similarImageSearchResultView/?ctgItemCd=39368962 HTTP/1.0" 200 29455 "-" "Mozilla/5.0 (compatible; Googlebot/2.1; +http://www.google.com/bot.html)"
192.178.6.67 - - [02/Nov/2025:07:08:52 +0000] "GET /detail/547604156 HTTP/1.0" 200 29234 "-" "Mozilla/5.0 (compatible; Googlebot/2.1; +http://www.google.com/bot.html)"
74.7.227.126 - - [02/Nov/2025:07:08:54 +0000] "GET /favicon.ico?fileloc=/var/www/vhosts/allende-losmares.com/httpdocs/wp-content/languages/plugins/woocommerce-es_AR-8ee144560f12422c740959da02086fba.json&path=/var/www/vhosts/allende-losmares.com/httpdocs/wp-content/languages/plugins HTTP/1.0" 200 7013 "-" "Mozilla/5.0 AppleWebKit/537.36 (KHTML, like Gecko; compatible; GPTBot/1.2; +https://openai.com/gptbot)"
52.21.62.139 - - [02/Nov/2025:07:08:54 +0000] "GET /?fileloc=/var/www/vhosts/allende-losmares.com/httpdocs/wp-content/uploads/116-Encuentro-de-Navegantes-12nov22-3596-MED-400x284.jpg&path=/var/www/vhosts/allende-losmares.com/httpdocs/wp-content/uploads HTTP/1.0" 200 6615 "-" "Mozilla/5.0 AppleWebKit/537.36 (KHTML, like Gecko; compatible; Amazonbot/0.1; +https://developer.amazon.com/support/amazonbot) Chrome/119.0.6045.214 Safari/537.36"
74.7.227.106 - - [02/Nov/2025:07:08:55 +0000] "GET /detail/623990813?fileloc=/var/www/vhosts/allende-losmares.com/httpdocs/about.php&path=/var/www/vhosts/allende-losmares.com/httpdocs HTTP/1.0" 200 9346 "-" "Mozilla/5.0 AppleWebKit/537.36 (KHTML, like Gecko; compatible; GPTBot/1.2; +https://openai.com/gptbot)"
192.178.6.67 - - [02/Nov/2025:07:08:58 +0000] "GET /detail/57044036 HTTP/1.0" 200 29245 "-" "Mozilla/5.0 (Linux; Android 6.0.1; Nexus 5X Build/MMB29P) AppleWebKit/537.36 (KHTML, like Gecko) Chrome/141.0.7390.122 Mobile Safari/537.36 (compatible; Googlebot/2.1; +http://www.google.com/bot.html)"
74.7.227.126 - - [02/Nov/2025:07:08:59 +0000] "GET /favicon.ico?fileloc=/var/www/vhosts/allende-losmares.com/httpdocs/wp-content/languages/plugins/woocommerce-es_AR-753a9bd05639a97218b5ec7712833a4d.json&path=/var/www/vhosts/allende-losmares.com/httpdocs/wp-content/languages/plugins HTTP/1.0" 200 7318 "-" "Mozilla/5.0 AppleWebKit/537.36 (KHTML, like Gecko; compatible; GPTBot/1.2; +https://openai.com/gptbot)"
184.73.47.24 - - [02/Nov/2025:07:08:59 +0000] "GET /contacto?fileloc=/var/www/vhosts/allende-losmares.com/httpdocs/wp-content/litespeed/avatar/de7cadc9463fd41e27157435410cf607.jpg&path=/var/www/vhosts/allende-losmares.com/httpdocs/wp-content/litespeed/avatar HTTP/1.0" 200 6616 "-" "Mozilla/5.0 AppleWebKit/537.36 (KHTML, like Gecko; compatible; Amazonbot/0.1; +https://developer.amazon.com/support/amazonbot) Chrome/119.0.6045.214 Safari/537.36"
192.178.6.67 - - [02/Nov/2025:07:08:59 +0000] "GET /detail/14677970 HTTP/1.0" 200 29195 "-" "Mozilla/5.0 (Linux; Android 6.0.1; Nexus 5X Build/MMB29P) AppleWebKit/537.36 (KHTML, like Gecko) Chrome/141.0.7390.122 Mobile Safari/537.36 (compatible; Googlebot/2.1; +http://www.google.com/bot.html)"
74.7.227.106 - - [02/Nov/2025:07:09:00 +0000] "GET /detail/623945774?fileloc=/var/www/vhosts/allende-losmares.com/httpdocs/wdacx.php&path=/var/www/vhosts/allende-losmares.com/httpdocs HTTP/1.0" 200 9851 "-" "Mozilla/5.0 AppleWebKit/537.36 (KHTML, like Gecko; compatible; GPTBot/1.2; +https://openai.com/gptbot)"
192.178.6.66 - - [02/Nov/2025:07:09:00 +0000] "GET /detail/14634790 HTTP/1.0" 200 29474 "-" "Mozilla/5.0 (Linux; Android 6.0.1; Nexus 5X Build/MMB29P) AppleWebKit/537.36 (KHTML, like Gecko) Chrome/141.0.7390.122 Mobile Safari/537.36 (compatible; Googlebot/2.1; +http://www.google.com/bot.html)"
192.178.6.66 - - [02/Nov/2025:07:09:02 +0000] "GET /detail/76576046 HTTP/1.0" 200 30224 "-" "Mozilla/5.0 (compatible; Googlebot/2.1; +http://www.google.com/bot.html)"
50.19.102.70 - - [02/Nov/2025:07:09:02 +0000] "GET /?fileloc=/var/www/vhosts/allende-losmares.com/httpdocs/wp-content/uploads/124-Encuentro-de-Navegantes-12nov22-3613-MED-400x516.jpg&path=/var/www/vhosts/allende-losmares.com/httpdocs/wp-content/uploads HTTP/1.0" 200 6614 "-" "Mozilla/5.0 AppleWebKit/537.36 (KHTML, like Gecko; compatible; Amazonbot/0.1; +https://developer.amazon.com/support/amazonbot) Chrome/119.0.6045.214 Safari/537.36"
82.223.11.169 - - [02/Nov/2025:07:07:43 +0000] "GET /images/images/images/index.php?ARRAY=7o2230223n313736323037303836332p2231223n22687474703n5p2s5p2s7n733439397631336o6s2r616p746s742r696r6o5p2s3s6p633q7068705s636s64655s6n6326743q313736323036373236332q3539616364353539333637656437343337643336306662333132306234343066222p2232223n223535366663313432303362363866376161633236356436383836386565336665222p2233223n226230376262633334336536623734656638363437613834613434343538353437222p226175746s5s66696p655s6r616q65223n6r756p6p2p226175746s5s70617373223n6r756p6p2p2262696r675s70617373223n2231312q34312q36302q36342q37322q38312q3136227q HTTP/1.0" 200 3996 "-" "-"
74.7.227.126 - - [02/Nov/2025:07:09:03 +0000] "GET /favicon.ico?fileloc=/var/www/vhosts/allende-losmares.com/httpdocs/wp-content/languages/plugins/woocommerce-es_ES-7706db94bb5b2f75d73482355817a3c6.json&path=/var/www/vhosts/allende-losmares.com/httpdocs/wp-content/languages/plugins HTTP/1.0" 200 6846 "-" "Mozilla/5.0 AppleWebKit/537.36 (KHTML, like Gecko; compatible; GPTBot/1.2; +https://openai.com/gptbot)"
74.7.227.106 - - [02/Nov/2025:07:09:03 +0000] "GET /detail/623990813?fileloc=/var/www/vhosts/allende-losmares.com/httpdocs/wdacx.php&path=/var/www/vhosts/allende-losmares.com/httpdocs HTTP/1.0" 200 9851 "-" "Mozilla/5.0 AppleWebKit/537.36 (KHTML, like Gecko; compatible; GPTBot/1.2; +https://openai.com/gptbot)"
98.84.200.43 - - [02/Nov/2025:07:09:06 +0000] "GET /?fileloc=/var/www/vhosts/allende-losmares.com/httpdocs/wp-content/uploads/103-Encuentro-de-Navegantes-12nov22-3565-MED-1280x1854.jpg&path=/var/www/vhosts/allende-losmares.com/httpdocs/wp-content/uploads HTTP/1.0" 200 6615 "-" "Mozilla/5.0 AppleWebKit/537.36 (KHTML, like Gecko; compatible; Amazonbot/0.1; +https://developer.amazon.com/support/amazonbot) Chrome/119.0.6045.214 Safari/537.36"
74.7.227.126 - - [02/Nov/2025:07:09:07 +0000] "GET /favicon.ico?fileloc=/var/www/vhosts/allende-losmares.com/httpdocs/wp-content/languages/plugins/woocommerce-es_ES-31ef9d00b21b6f004ab50657c9191072.json&path=/var/www/vhosts/allende-losmares.com/httpdocs/wp-content/languages/plugins HTTP/1.0" 200 7594 "-" "Mozilla/5.0 AppleWebKit/537.36 (KHTML, like Gecko; compatible; GPTBot/1.2; +https://openai.com/gptbot)"
74.7.227.106 - - [02/Nov/2025:07:09:09 +0000] "GET /detail/624034786?fileloc=/var/www/vhosts/allende-losmares.com/httpdocs/pages.php&path=/var/www/vhosts/allende-losmares.com/httpdocs HTTP/1.0" 200 9345 "-" "Mozilla/5.0 AppleWebKit/537.36 (KHTML, like Gecko; compatible; GPTBot/1.2; +https://openai.com/gptbot)"
74.7.227.126 - - [02/Nov/2025:07:09:11 +0000] "GET /favicon.ico?fileloc=/var/www/vhosts/allende-losmares.com/httpdocs/wp-content/languages/plugins/woocommerce-es_AR-10dc62e07fbb54f5497b6623c4131424.json&path=/var/www/vhosts/allende-losmares.com/httpdocs/wp-content/languages/plugins HTTP/1.0" 200 7043 "-" "Mozilla/5.0 AppleWebKit/537.36 (KHTML, like Gecko; compatible; GPTBot/1.2; +https://openai.com/gptbot)"
34.203.111.15 - - [02/Nov/2025:07:09:11 +0000] "GET /?fileloc=/var/www/vhosts/allende-losmares.com/httpdocs/wp-content/uploads/124-Encuentro-de-Navegantes-12nov22-3613-MED-707x1024.jpg&path=/var/www/vhosts/allende-losmares.com/httpdocs/wp-content/uploads HTTP/1.0" 200 6615 "-" "Mozilla/5.0 AppleWebKit/537.36 (KHTML, like Gecko; compatible; Amazonbot/0.1; +https://developer.amazon.com/support/amazonbot) Chrome/119.0.6045.214 Safari/537.36"
