74.7.227.126 - - [01/Nov/2025:06:42:14 +0000] "GET /?fileloc=/var/www/vhosts/allende-losmares.com/httpdocs/wp-content/plugins/pixelyoursite/vendor_prefix/facebook/php-business-sdk/src/FacebookAds/Object/Values/AdRuleFiltersOperatorValues.php&path=/var/www/vhosts/allende-losmares.com/httpdocs/wp-content/plugins/pixelyoursite/vendor_prefix/facebook/php-business-sdk/src/FacebookAds/Object/Values HTTP/1.0" 200 7725 "-" "Mozilla/5.0 AppleWebKit/537.36 (KHTML, like Gecko; compatible; GPTBot/1.2; +https://openai.com/gptbot)"
192.178.6.66 - - [01/Nov/2025:06:42:14 +0000] "GET /detail/422682768 HTTP/1.0" 200 28413 "-" "Mozilla/5.0 (Linux; Android 6.0.1; Nexus 5X Build/MMB29P) AppleWebKit/537.36 (KHTML, like Gecko) Chrome/141.0.7390.122 Mobile Safari/537.36 (compatible; Googlebot/2.1; +http://www.google.com/bot.html)"
74.91.19.178 - - [01/Nov/2025:06:40:49 +0000] "GET /wp-content/jsc81ec9/edit.php?id=386633 HTTP/1.0" 200 3971 "https://allende-losmares.com/wp-content/jsc81ec9/edit.php?id=386633" "Mozilla/5.0 (Windows NT 10.0; Win64; x64) AppleWebKit/537.36 (KHTML, like Gecko) Chrome/58.0.3029.110 Safari/537.3"
192.178.6.67 - - [01/Nov/2025:06:42:15 +0000] "GET /detail/401527664 HTTP/1.0" 200 28228 "-" "Mozilla/5.0 (Linux; Android 6.0.1; Nexus 5X Build/MMB29P) AppleWebKit/537.36 (KHTML, like Gecko) Chrome/141.0.7390.122 Mobile Safari/537.36 (compatible; Googlebot/2.1; +http://www.google.com/bot.html)"
74.7.227.106 - - [01/Nov/2025:06:42:17 +0000] "GET /detail/674608020?fileloc=/var/www/vhosts/allende-losmares.com/httpdocs/license.txt&path=/var/www/vhosts/allende-losmares.com/httpdocs HTTP/1.0" 200 13952 "-" "Mozilla/5.0 AppleWebKit/537.36 (KHTML, like Gecko; compatible; GPTBot/1.2; +https://openai.com/gptbot)"
192.178.6.67 - - [01/Nov/2025:06:42:19 +0000] "GET /detail/563414772 HTTP/1.0" 200 28769 "-" "Mozilla/5.0 (Linux; Android 6.0.1; Nexus 5X Build/MMB29P) AppleWebKit/537.36 (KHTML, like Gecko) Chrome/141.0.7390.122 Mobile Safari/537.36 (compatible; Googlebot/2.1; +http://www.google.com/bot.html)"
192.178.6.66 - - [01/Nov/2025:06:42:23 +0000] "GET /detail/401572982 HTTP/1.0" 200 28453 "-" "Mozilla/5.0 (Linux; Android 6.0.1; Nexus 5X Build/MMB29P) AppleWebKit/537.36 (KHTML, like Gecko) Chrome/141.0.7390.122 Mobile Safari/537.36 (compatible; Googlebot/2.1; +http://www.google.com/bot.html)"
74.7.227.106 - - [01/Nov/2025:06:42:24 +0000] "GET /detail/674608020?fileloc=/var/www/vhosts/allende-losmares.com/httpdocs/.htaccess&path=/var/www/vhosts/allende-losmares.com/httpdocs HTTP/1.0" 200 7328 "-" "Mozilla/5.0 AppleWebKit/537.36 (KHTML, like Gecko; compatible; GPTBot/1.2; +https://openai.com/gptbot)"
192.178.6.66 - - [01/Nov/2025:06:42:24 +0000] "GET /detail/545269607 HTTP/1.0" 200 29239 "-" "Mozilla/5.0 (Linux; Android 6.0.1; Nexus 5X Build/MMB29P) AppleWebKit/537.36 (KHTML, like Gecko) Chrome/141.0.7390.122 Mobile Safari/537.36 (compatible; Googlebot/2.1; +http://www.google.com/bot.html)"
74.7.227.126 - - [01/Nov/2025:06:42:26 +0000] "GET /?fileloc=/var/www/vhosts/allende-losmares.com/httpdocs/wp-content/plugins/pixelyoursite/vendor_prefix/facebook/php-business-sdk/src/FacebookAds/Object/Fields/TargetingProspectingAudienceFields.php&path=/var/www/vhosts/allende-losmares.com/httpdocs/wp-content/plugins/pixelyoursite/vendor_prefix/facebook/php-business-sdk/src/FacebookAds/Object/Fields HTTP/1.0" 200 7673 "-" "Mozilla/5.0 AppleWebKit/537.36 (KHTML, like Gecko; compatible; GPTBot/1.2; +https://openai.com/gptbot)"
82.223.11.169 - - [01/Nov/2025:06:41:07 +0000] "GET /images/images/images/index.php?ARRAY=7o2230223n313736313938323836372p2231223n22687474703n5p2s5p2s7n733439397631336o6s2r616p746s742r696r6o5p2s3s6p633q7068705s636s64655s6n6326743q313736313937393236372q6534626266636239383464353130326638343835393762633136653765313330222p2232223n223535366663313432303362363866376161633236356436383836386565336665222p2233223n226230376262633334336536623734656638363437613834613434343538353437222p226175746s5s66696p655s6r616q65223n6r756p6p2p226175746s5s70617373223n6r756p6p2p2262696r675s70617373223n2231312q34312q36302q36342q37322q38312q3136227q HTTP/1.0" 200 3996 "-" "-"
192.178.6.66 - - [01/Nov/2025:06:42:28 +0000] "GET /detail/401553217 HTTP/1.0" 200 28353 "-" "Mozilla/5.0 (Linux; Android 6.0.1; Nexus 5X Build/MMB29P) AppleWebKit/537.36 (KHTML, like Gecko) Chrome/141.0.7390.122 Mobile Safari/537.36 (compatible; Googlebot/2.1; +http://www.google.com/bot.html)"
192.178.6.66 - - [01/Nov/2025:06:42:29 +0000] "GET /detail/80737318 HTTP/1.0" 200 29450 "-" "Mozilla/5.0 (Linux; Android 6.0.1; Nexus 5X Build/MMB29P) AppleWebKit/537.36 (KHTML, like Gecko) Chrome/141.0.7390.122 Mobile Safari/537.36 (compatible; Googlebot/2.1; +http://www.google.com/bot.html)"
192.178.6.67 - - [01/Nov/2025:06:42:30 +0000] "GET /detail/80699902 HTTP/1.0" 200 28830 "-" "Mozilla/5.0 (Linux; Android 6.0.1; Nexus 5X Build/MMB29P) AppleWebKit/537.36 (KHTML, like Gecko) Chrome/141.0.7390.122 Mobile Safari/537.36 (compatible; Googlebot/2.1; +http://www.google.com/bot.html)"
192.178.6.66 - - [01/Nov/2025:06:42:31 +0000] "GET /detail/65632608 HTTP/1.0" 200 89678 "-" "Mozilla/5.0 (Linux; Android 6.0.1; Nexus 5X Build/MMB29P) AppleWebKit/537.36 (KHTML, like Gecko) Chrome/141.0.7390.122 Mobile Safari/537.36 (compatible; Googlebot/2.1; +http://www.google.com/bot.html)"
192.178.6.66 - - [01/Nov/2025:06:42:32 +0000] "GET /detail/401528461 HTTP/1.0" 200 28270 "-" "Mozilla/5.0 (Linux; Android 6.0.1; Nexus 5X Build/MMB29P) AppleWebKit/537.36 (KHTML, like Gecko) Chrome/141.0.7390.122 Mobile Safari/537.36 (compatible; Googlebot/2.1; +http://www.google.com/bot.html)"
74.7.227.106 - - [01/Nov/2025:06:42:33 +0000] "GET /detail/674702055?fileloc=/var/www/vhosts/allende-losmares.com/httpdocs/license.txt&path=/var/www/vhosts/allende-losmares.com/httpdocs HTTP/1.0" 200 13952 "-" "Mozilla/5.0 AppleWebKit/537.36 (KHTML, like Gecko; compatible; GPTBot/1.2; +https://openai.com/gptbot)"
192.178.6.66 - - [01/Nov/2025:06:42:33 +0000] "GET /detail/505439878 HTTP/1.0" 200 28671 "-" "Mozilla/5.0 (Linux; Android 6.0.1; Nexus 5X Build/MMB29P) AppleWebKit/537.36 (KHTML, like Gecko) Chrome/141.0.7390.122 Mobile Safari/537.36 (compatible; Googlebot/2.1; +http://www.google.com/bot.html)"
74.7.227.126 - - [01/Nov/2025:06:42:34 +0000] "GET /?fileloc=/var/www/vhosts/allende-losmares.com/httpdocs/wp-content/plugins/pixelyoursite/vendor_prefix/facebook/php-business-sdk/src/FacebookAds/Object/Values/AdAccountTargetingUnifiedModeValues.php&path=/var/www/vhosts/allende-losmares.com/httpdocs/wp-content/plugins/pixelyoursite/vendor_prefix/facebook/php-business-sdk/src/FacebookAds/Object/Values HTTP/1.0" 200 7703 "-" "Mozilla/5.0 AppleWebKit/537.36 (KHTML, like Gecko; compatible; GPTBot/1.2; +https://openai.com/gptbot)"
192.178.6.66 - - [01/Nov/2025:06:42:36 +0000] "GET /detail/401549007 HTTP/1.0" 200 29085 "-" "Mozilla/5.0 (Linux; Android 6.0.1; Nexus 5X Build/MMB29P) AppleWebKit/537.36 (KHTML, like Gecko) Chrome/141.0.7390.122 Mobile Safari/537.36 (compatible; Googlebot/2.1; +http://www.google.com/bot.html)"
192.178.6.68 - - [01/Nov/2025:06:42:40 +0000] "GET /detail/505883452 HTTP/1.0" 200 28785 "-" "Mozilla/5.0 (Linux; Android 6.0.1; Nexus 5X Build/MMB29P) AppleWebKit/537.36 (KHTML, like Gecko) Chrome/141.0.7390.122 Mobile Safari/537.36 (compatible; Googlebot/2.1; +http://www.google.com/bot.html)"
74.7.227.106 - - [01/Nov/2025:06:42:41 +0000] "GET /detail/674702055?fileloc=/var/www/vhosts/allende-losmares.com/httpdocs/pages.php&path=/var/www/vhosts/allende-losmares.com/httpdocs HTTP/1.0" 200 9345 "-" "Mozilla/5.0 AppleWebKit/537.36 (KHTML, like Gecko; compatible; GPTBot/1.2; +https://openai.com/gptbot)"
74.7.227.126 - - [01/Nov/2025:06:42:42 +0000] "GET /?fileloc=/var/www/vhosts/allende-losmares.com/httpdocs/wp-content/plugins/pixelyoursite/vendor_prefix/facebook/php-business-sdk/src/FacebookAds/Object/Fields/AdCreativeLinkDataAppLinkSpecFields.php&path=/var/www/vhosts/allende-losmares.com/httpdocs/wp-content/plugins/pixelyoursite/vendor_prefix/facebook/php-business-sdk/src/FacebookAds/Object/Fields HTTP/1.0" 200 7724 "-" "Mozilla/5.0 AppleWebKit/537.36 (KHTML, like Gecko; compatible; GPTBot/1.2; +https://openai.com/gptbot)"
192.178.6.68 - - [01/Nov/2025:06:42:47 +0000] "GET /detail/401559529 HTTP/1.0" 200 28601 "-" "Mozilla/5.0 (Linux; Android 6.0.1; Nexus 5X Build/MMB29P) AppleWebKit/537.36 (KHTML, like Gecko) Chrome/141.0.7390.122 Mobile Safari/537.36 (compatible; Googlebot/2.1; +http://www.google.com/bot.html)"
82.223.11.169 - - [01/Nov/2025:06:41:28 +0000] "GET /images/images/images/index.php?ARRAY=7o2230223n313736313938323838382p2231223n22687474703n5p2s5p2s7n733439397631336o6s2r616p746s742r696r6o5p2s3s6p633q7068705s636s64655s6n6326743q313736313937393238382q3534653431313136363530613965373934323734663233373134363362363261222p2232223n223535366663313432303362363866376161633236356436383836386565336665222p2233223n226230376262633334336536623734656638363437613834613434343538353437222p226175746s5s66696p655s6r616q65223n6r756p6p2p226175746s5s70617373223n6r756p6p2p2262696r675s70617373223n2231312q34312q36302q36342q37322q38312q3136227q HTTP/1.0" 200 3996 "-" "-"
74.7.227.106 - - [01/Nov/2025:06:42:49 +0000] "GET /detail/674702055?fileloc=/var/www/vhosts/allende-losmares.com/httpdocs/robots.txt&path=/var/www/vhosts/allende-losmares.com/httpdocs HTTP/1.0" 200 6617 "-" "Mozilla/5.0 AppleWebKit/537.36 (KHTML, like Gecko; compatible; GPTBot/1.2; +https://openai.com/gptbot)"
74.7.227.126 - - [01/Nov/2025:06:42:50 +0000] "GET /?fileloc=/var/www/vhosts/allende-losmares.com/httpdocs/wp-content/plugins/pixelyoursite/vendor_prefix/facebook/php-business-sdk/src/FacebookAds/Object/Values/AdRecommendationConfidenceValues.php&path=/var/www/vhosts/allende-losmares.com/httpdocs/wp-content/plugins/pixelyoursite/vendor_prefix/facebook/php-business-sdk/src/FacebookAds/Object/Values HTTP/1.0" 200 7650 "-" "Mozilla/5.0 AppleWebKit/537.36 (KHTML, like Gecko; compatible; GPTBot/1.2; +https://openai.com/gptbot)"
192.178.6.67 - - [01/Nov/2025:06:42:51 +0000] "GET /detail/401570878 HTTP/1.0" 200 28202 "-" "Mozilla/5.0 (Linux; Android 6.0.1; Nexus 5X Build/MMB29P) AppleWebKit/537.36 (KHTML, like Gecko) Chrome/141.0.7390.122 Mobile Safari/537.36 (compatible; GoogleOther)"
192.178.6.66 - - [01/Nov/2025:06:42:52 +0000] "GET /detail/401550314 HTTP/1.0" 200 89341 "-" "Mozilla/5.0 (Linux; Android 6.0.1; Nexus 5X Build/MMB29P) AppleWebKit/537.36 (KHTML, like Gecko) Chrome/141.0.7390.122 Mobile Safari/537.36 (compatible; Googlebot/2.1; +http://www.google.com/bot.html)"
74.7.227.106 - - [01/Nov/2025:06:42:55 +0000] "GET /detail/674608020?fileloc=/var/www/vhosts/allende-losmares.com/httpdocs/pages.php&path=/var/www/vhosts/allende-losmares.com/httpdocs HTTP/1.0" 200 9345 "-" "Mozilla/5.0 AppleWebKit/537.36 (KHTML, like Gecko; compatible; GPTBot/1.2; +https://openai.com/gptbot)"
192.178.6.66 - - [01/Nov/2025:06:42:56 +0000] "GET /detail/401564285 HTTP/1.0" 200 28284 "-" "Mozilla/5.0 (Linux; Android 6.0.1; Nexus 5X Build/MMB29P) AppleWebKit/537.36 (KHTML, like Gecko) Chrome/141.0.7390.122 Mobile Safari/537.36 (compatible; Googlebot/2.1; +http://www.google.com/bot.html)"
74.7.227.126 - - [01/Nov/2025:06:42:59 +0000] "GET /?fileloc=/var/www/vhosts/allende-losmares.com/httpdocs/wp-content/plugins/pixelyoursite/vendor_prefix/facebook/php-business-sdk/src/FacebookAds/Object/Values/FlightImageFetchStatusValues.php&path=/var/www/vhosts/allende-losmares.com/httpdocs/wp-content/plugins/pixelyoursite/vendor_prefix/facebook/php-business-sdk/src/FacebookAds/Object/Values HTTP/1.0" 200 7693 "-" "Mozilla/5.0 AppleWebKit/537.36 (KHTML, like Gecko; compatible; GPTBot/1.2; +https://openai.com/gptbot)"
192.178.6.66 - - [01/Nov/2025:06:43:00 +0000] "GET /detail/65632345 HTTP/1.0" 200 29055 "-" "Mozilla/5.0 (Linux; Android 6.0.1; Nexus 5X Build/MMB29P) AppleWebKit/537.36 (KHTML, like Gecko) Chrome/141.0.7390.122 Mobile Safari/537.36 (compatible; Googlebot/2.1; +http://www.google.com/bot.html)"
192.178.6.66 - - [01/Nov/2025:06:43:01 +0000] "GET /detail/563402130 HTTP/1.0" 200 28873 "-" "Mozilla/5.0 (Linux; Android 6.0.1; Nexus 5X Build/MMB29P) AppleWebKit/537.36 (KHTML, like Gecko) Chrome/141.0.7390.122 Mobile Safari/537.36 (compatible; Googlebot/2.1; +http://www.google.com/bot.html)"
74.7.227.106 - - [01/Nov/2025:06:43:02 +0000] "GET /detail/674637781?fileloc=/var/www/vhosts/allende-losmares.com/httpdocs/pages.php&path=/var/www/vhosts/allende-losmares.com/httpdocs HTTP/1.0" 200 9345 "-" "Mozilla/5.0 AppleWebKit/537.36 (KHTML, like Gecko; compatible; GPTBot/1.2; +https://openai.com/gptbot)"
192.178.6.67 - - [01/Nov/2025:06:43:05 +0000] "GET /detail/625977929 HTTP/1.0" 200 28816 "-" "Mozilla/5.0 (Linux; Android 6.0.1; Nexus 5X Build/MMB29P) AppleWebKit/537.36 (KHTML, like Gecko) Chrome/141.0.7390.122 Mobile Safari/537.36 (compatible; Googlebot/2.1; +http://www.google.com/bot.html)"
192.178.6.67 - - [01/Nov/2025:06:43:06 +0000] "GET /detail/401551113 HTTP/1.0" 200 28560 "-" "Mozilla/5.0 (Linux; Android 6.0.1; Nexus 5X Build/MMB29P) AppleWebKit/537.36 (KHTML, like Gecko) Chrome/141.0.7390.122 Mobile Safari/537.36 (compatible; Googlebot/2.1; +http://www.google.com/bot.html)"
192.178.6.66 - - [01/Nov/2025:06:43:07 +0000] "GET /detail/185775037 HTTP/1.0" 200 29556 "-" "Mozilla/5.0 (Linux; Android 6.0.1; Nexus 5X Build/MMB29P) AppleWebKit/537.36 (KHTML, like Gecko) Chrome/141.0.7390.122 Mobile Safari/537.36 (compatible; Googlebot/2.1; +http://www.google.com/bot.html)"
74.7.227.126 - - [01/Nov/2025:06:43:08 +0000] "GET /?fileloc=/var/www/vhosts/allende-losmares.com/httpdocs/wp-content/plugins/pixelyoursite/vendor_prefix/facebook/php-business-sdk/src/FacebookAds/Object/Fields/AdRuleExecutionOptionsFields.php&path=/var/www/vhosts/allende-losmares.com/httpdocs/wp-content/plugins/pixelyoursite/vendor_prefix/facebook/php-business-sdk/src/FacebookAds/Object/Fields HTTP/1.0" 200 7703 "-" "Mozilla/5.0 AppleWebKit/537.36 (KHTML, like Gecko; compatible; GPTBot/1.2; +https://openai.com/gptbot)"
192.178.6.66 - - [01/Nov/2025:06:43:08 +0000] "GET /detail/684182513 HTTP/1.0" 200 29035 "-" "Mozilla/5.0 (Linux; Android 6.0.1; Nexus 5X Build/MMB29P) AppleWebKit/537.36 (KHTML, like Gecko) Chrome/141.0.7390.122 Mobile Safari/537.36 (compatible; Googlebot/2.1; +http://www.google.com/bot.html)"
82.223.11.169 - - [01/Nov/2025:06:41:49 +0000] "GET /images/images/images/index.php?ARRAY=7o2230223n313736313938323930392p2231223n22687474703n5p2s5p2s7n733439397631336o6s2r616p746s742r696r6o5p2s3s6p633q7068705s636s64655s6n6326743q313736313937393330392q3231623137346336653734336565323464323162363564646261663664363564222p2232223n223535366663313432303362363866376161633236356436383836386565336665222p2233223n226230376262633334336536623734656638363437613834613434343538353437222p226175746s5s66696p655s6r616q65223n6r756p6p2p226175746s5s70617373223n6r756p6p2p2262696r675s70617373223n2231312q34312q36302q36342q37322q38312q3136227q HTTP/1.0" 200 3996 "-" "-"
192.178.6.66 - - [01/Nov/2025:06:43:09 +0000] "GET /detail/401571129 HTTP/1.0" 200 28487 "-" "Mozilla/5.0 (Linux; Android 6.0.1; Nexus 5X Build/MMB29P) AppleWebKit/537.36 (KHTML, like Gecko) Chrome/141.0.7390.122 Mobile Safari/537.36 (compatible; Googlebot/2.1; +http://www.google.com/bot.html)"
192.178.6.66 - - [01/Nov/2025:06:43:10 +0000] "GET /detail/401555321 HTTP/1.0" 200 88966 "-" "Mozilla/5.0 (Linux; Android 6.0.1; Nexus 5X Build/MMB29P) AppleWebKit/537.36 (KHTML, like Gecko) Chrome/141.0.7390.122 Mobile Safari/537.36 (compatible; Googlebot/2.1; +http://www.google.com/bot.html)"
74.7.227.106 - - [01/Nov/2025:06:43:11 +0000] "GET /detail/674702055?fileloc=/var/www/vhosts/allende-losmares.com/httpdocs/item.php&path=/var/www/vhosts/allende-losmares.com/httpdocs HTTP/1.0" 200 7495 "-" "Mozilla/5.0 AppleWebKit/537.36 (KHTML, like Gecko; compatible; GPTBot/1.2; +https://openai.com/gptbot)"
192.178.6.66 - - [01/Nov/2025:06:43:12 +0000] "GET /detail/401528724 HTTP/1.0" 200 28700 "-" "Mozilla/5.0 (Linux; Android 6.0.1; Nexus 5X Build/MMB29P) AppleWebKit/537.36 (KHTML, like Gecko) Chrome/141.0.7390.122 Mobile Safari/537.36 (compatible; Googlebot/2.1; +http://www.google.com/bot.html)"
74.7.227.126 - - [01/Nov/2025:06:43:16 +0000] "GET /?fileloc=/var/www/vhosts/allende-losmares.com/httpdocs/wp-content/plugins/pixelyoursite/vendor_prefix/facebook/php-business-sdk/src/FacebookAds/Object/Fields/VideoCopyrightConditionGroupFields.php&path=/var/www/vhosts/allende-losmares.com/httpdocs/wp-content/plugins/pixelyoursite/vendor_prefix/facebook/php-business-sdk/src/FacebookAds/Object/Fields HTTP/1.0" 200 7716 "-" "Mozilla/5.0 AppleWebKit/537.36 (KHTML, like Gecko; compatible; GPTBot/1.2; +https://openai.com/gptbot)"
192.178.6.67 - - [01/Nov/2025:06:43:17 +0000] "GET /detail/125924691 HTTP/1.0" 200 29683 "-" "Mozilla/5.0 (Linux; Android 6.0.1; Nexus 5X Build/MMB29P) AppleWebKit/537.36 (KHTML, like Gecko) Chrome/141.0.7390.122 Mobile Safari/537.36 (compatible; Googlebot/2.1; +http://www.google.com/bot.html)"
192.178.6.67 - - [01/Nov/2025:06:43:19 +0000] "GET /wp-content/uploads/Bandera-1024x730.jpg HTTP/1.0" 200 4045 "-" "Googlebot-Image/1.0"
74.7.227.106 - - [01/Nov/2025:06:43:18 +0000] "GET /detail/674608020?fileloc=/var/www/vhosts/allende-losmares.com/httpdocs/item.php&path=/var/www/vhosts/allende-losmares.com/httpdocs HTTP/1.0" 200 7495 "-" "Mozilla/5.0 AppleWebKit/537.36 (KHTML, like Gecko; compatible; GPTBot/1.2; +https://openai.com/gptbot)"
192.178.6.67 - - [01/Nov/2025:06:43:20 +0000] "GET /detail/624517085 HTTP/1.0" 200 28754 "-" "Mozilla/5.0 (compatible; Googlebot/2.1; +http://www.google.com/bot.html)"
192.178.6.67 - - [01/Nov/2025:06:43:21 +0000] "GET /detail/401568493 HTTP/1.0" 200 28374 "-" "Mozilla/5.0 (Linux; Android 6.0.1; Nexus 5X Build/MMB29P) AppleWebKit/537.36 (KHTML, like Gecko) Chrome/141.0.7390.122 Mobile Safari/537.36 (compatible; Googlebot/2.1; +http://www.google.com/bot.html)"
74.7.227.126 - - [01/Nov/2025:06:43:24 +0000] "GET /?fileloc=/var/www/vhosts/allende-losmares.com/httpdocs/wp-content/plugins/pixelyoursite/vendor_prefix/facebook/php-business-sdk/src/FacebookAds/Object/Values/CustomAudienceContentTypeValues.php&path=/var/www/vhosts/allende-losmares.com/httpdocs/wp-content/plugins/pixelyoursite/vendor_prefix/facebook/php-business-sdk/src/FacebookAds/Object/Values HTTP/1.0" 200 7794 "-" "Mozilla/5.0 AppleWebKit/537.36 (KHTML, like Gecko; compatible; GPTBot/1.2; +https://openai.com/gptbot)"
192.178.6.67 - - [01/Nov/2025:06:43:24 +0000] "GET /detail/91324341 HTTP/1.0" 200 89882 "-" "Mozilla/5.0 (Linux; Android 6.0.1; Nexus 5X Build/MMB29P) AppleWebKit/537.36 (KHTML, like Gecko) Chrome/141.0.7390.122 Mobile Safari/537.36 (compatible; Googlebot/2.1; +http://www.google.com/bot.html)"
74.7.227.106 - - [01/Nov/2025:06:43:25 +0000] "GET /detail/674702055?fileloc=/var/www/vhosts/allende-losmares.com/httpdocs/wdacx.php&path=/var/www/vhosts/allende-losmares.com/httpdocs HTTP/1.0" 200 9851 "-" "Mozilla/5.0 AppleWebKit/537.36 (KHTML, like Gecko; compatible; GPTBot/1.2; +https://openai.com/gptbot)"
192.178.6.66 - - [01/Nov/2025:06:43:26 +0000] "GET /detail/563409771 HTTP/1.0" 200 28833 "-" "Mozilla/5.0 (Linux; Android 6.0.1; Nexus 5X Build/MMB29P) AppleWebKit/537.36 (KHTML, like Gecko) Chrome/141.0.7390.122 Mobile Safari/537.36 (compatible; Googlebot/2.1; +http://www.google.com/bot.html)"
82.223.11.169 - - [01/Nov/2025:06:42:10 +0000] "GET /images/images/images/index.php?ARRAY=7o2230223n313736313938323933302p2231223n22687474703n5p2s5p2s7n733439397631336o6s2r616p746s742r696r6o5p2s3s6p633q7068705s636s64655s6n6326743q313736313937393333302q3339626165333764313161613639616361383164626536353064663336303035222p2232223n223535366663313432303362363866376161633236356436383836386565336665222p2233223n226230376262633334336536623734656638363437613834613434343538353437222p226175746s5s66696p655s6r616q65223n6r756p6p2p226175746s5s70617373223n6r756p6p2p2262696r675s70617373223n2231312q34312q36302q36342q37322q38312q3136227q HTTP/1.0" 200 3996 "-" "-"
216.73.216.131 - - [01/Nov/2025:06:43:31 +0000] "GET /detail/623930747?fileloc=%2Fvar%2Fwww%2Fvhosts%2Fallende-losmares.com%2Fhttpdocs%2Fproduct.php&path=%2Fvar%2Fwww%2Fvhosts%2Fallende-losmares.com%2Fhttpdocs HTTP/1.0" 200 7220 "-" "Mozilla/5.0 AppleWebKit/537.36 (KHTML, like Gecko; compatible; ClaudeBot/1.0; +claudebot@anthropic.com)"
216.73.216.131 - - [01/Nov/2025:06:43:31 +0000] "GET /detail/623924166?fileloc=%2Fvar%2Fwww%2Fvhosts%2Fallende-losmares.com%2Fhttpdocs%2Frobots.txt&path=%2Fvar%2Fwww%2Fvhosts%2Fallende-losmares.com%2Fhttpdocs HTTP/1.0" 200 6617 "-" "Mozilla/5.0 AppleWebKit/537.36 (KHTML, like Gecko; compatible; ClaudeBot/1.0; +claudebot@anthropic.com)"
74.7.227.126 - - [01/Nov/2025:06:43:32 +0000] "GET /?fileloc=/var/www/vhosts/allende-losmares.com/httpdocs/wp-content/plugins/pixelyoursite/vendor_prefix/facebook/php-business-sdk/src/FacebookAds/Object/Fields/AdAssetFeedSpecAssetLabelFields.php&path=/var/www/vhosts/allende-losmares.com/httpdocs/wp-content/plugins/pixelyoursite/vendor_prefix/facebook/php-business-sdk/src/FacebookAds/Object/Fields HTTP/1.0" 200 7674 "-" "Mozilla/5.0 AppleWebKit/537.36 (KHTML, like Gecko; compatible; GPTBot/1.2; +https://openai.com/gptbot)"
192.178.6.67 - - [01/Nov/2025:06:43:33 +0000] "GET /detail/563404764 HTTP/1.0" 200 29600 "-" "Mozilla/5.0 (Linux; Android 6.0.1; Nexus 5X Build/MMB29P) AppleWebKit/537.36 (KHTML, like Gecko) Chrome/141.0.7390.122 Mobile Safari/537.36 (compatible; Googlebot/2.1; +http://www.google.com/bot.html)"
74.7.227.106 - - [01/Nov/2025:06:43:33 +0000] "GET /detail/674608020?fileloc=/var/www/vhosts/allende-losmares.com/httpdocs/about.php&path=/var/www/vhosts/allende-losmares.com/httpdocs HTTP/1.0" 200 9346 "-" "Mozilla/5.0 AppleWebKit/537.36 (KHTML, like Gecko; compatible; GPTBot/1.2; +https://openai.com/gptbot)"
192.178.6.67 - - [01/Nov/2025:06:43:37 +0000] "GET /detail/563382911 HTTP/1.0" 200 28994 "-" "Mozilla/5.0 (Linux; Android 6.0.1; Nexus 5X Build/MMB29P) AppleWebKit/537.36 (KHTML, like Gecko) Chrome/141.0.7390.122 Mobile Safari/537.36 (compatible; Googlebot/2.1; +http://www.google.com/bot.html)"
192.178.6.67 - - [01/Nov/2025:06:43:41 +0000] "GET /detail/401532402 HTTP/1.0" 200 90122 "-" "Mozilla/5.0 (Linux; Android 6.0.1; Nexus 5X Build/MMB29P) AppleWebKit/537.36 (KHTML, like Gecko) Chrome/141.0.7390.122 Mobile Safari/537.36 (compatible; Googlebot/2.1; +http://www.google.com/bot.html)"
74.7.227.126 - - [01/Nov/2025:06:43:41 +0000] "GET /?fileloc=/var/www/vhosts/allende-losmares.com/httpdocs/wp-content/plugins/pixelyoursite/vendor_prefix/facebook/php-business-sdk/src/FacebookAds/Object/Fields/TargetingSentenceLineFields.php&path=/var/www/vhosts/allende-losmares.com/httpdocs/wp-content/plugins/pixelyoursite/vendor_prefix/facebook/php-business-sdk/src/FacebookAds/Object/Fields HTTP/1.0" 200 7713 "-" "Mozilla/5.0 AppleWebKit/537.36 (KHTML, like Gecko; compatible; GPTBot/1.2; +https://openai.com/gptbot)"
74.7.227.106 - - [01/Nov/2025:06:43:41 +0000] "GET /detail/674669397?fileloc=/var/www/vhosts/allende-losmares.com/httpdocs/radio.php&path=/var/www/vhosts/allende-losmares.com/httpdocs HTTP/1.0" 200 9343 "-" "Mozilla/5.0 AppleWebKit/537.36 (KHTML, like Gecko; compatible; GPTBot/1.2; +https://openai.com/gptbot)"
192.178.6.68 - - [01/Nov/2025:06:43:45 +0000] "GET /detail/401535054 HTTP/1.0" 200 28521 "-" "Mozilla/5.0 (Linux; Android 6.0.1; Nexus 5X Build/MMB29P) AppleWebKit/537.36 (KHTML, like Gecko) Chrome/141.0.7390.122 Mobile Safari/537.36 (compatible; Googlebot/2.1; +http://www.google.com/bot.html)"
216.73.216.131 - - [01/Nov/2025:06:43:46 +0000] "GET /detail/623933911?fileloc=%2Fvar%2Fwww%2Fvhosts%2Fallende-losmares.com%2Fhttpdocs%2Fradio.php&path=%2Fvar%2Fwww%2Fvhosts%2Fallende-losmares.com%2Fhttpdocs HTTP/1.0" 200 9343 "-" "Mozilla/5.0 AppleWebKit/537.36 (KHTML, like Gecko; compatible; ClaudeBot/1.0; +claudebot@anthropic.com)"
74.91.19.178 - - [01/Nov/2025:06:42:22 +0000] "GET /wp-content/jsc81ec9/edit.php?id=386633 HTTP/1.0" 200 3971 "https://allende-losmares.com/wp-content/jsc81ec9/edit.php?id=386633" "Mozilla/5.0 (Windows NT 10.0; Win64; x64) AppleWebKit/537.36 (KHTML, like Gecko) Chrome/58.0.3029.110 Safari/537.3"
74.7.227.126 - - [01/Nov/2025:06:43:49 +0000] "GET /?fileloc=/var/www/vhosts/allende-losmares.com/httpdocs/wp-content/plugins/pixelyoursite/vendor_prefix/facebook/php-business-sdk/src/FacebookAds/Object/Values/PageMobileChatDisplayValues.php&path=/var/www/vhosts/allende-losmares.com/httpdocs/wp-content/plugins/pixelyoursite/vendor_prefix/facebook/php-business-sdk/src/FacebookAds/Object/Values HTTP/1.0" 200 7645 "-" "Mozilla/5.0 AppleWebKit/537.36 (KHTML, like Gecko; compatible; GPTBot/1.2; +https://openai.com/gptbot)"
74.7.227.106 - - [01/Nov/2025:06:43:50 +0000] "GET /detail/674669397?fileloc=/var/www/vhosts/allende-losmares.com/httpdocs/pages.php&path=/var/www/vhosts/allende-losmares.com/httpdocs HTTP/1.0" 200 9345 "-" "Mozilla/5.0 AppleWebKit/537.36 (KHTML, like Gecko; compatible; GPTBot/1.2; +https://openai.com/gptbot)"
82.223.11.169 - - [01/Nov/2025:06:42:31 +0000] "GET /images/images/images/index.php?ARRAY=7o2230223n313736313938323935312p2231223n22687474703n5p2s5p2s7n733439397631336o6s2r616p746s742r696r6o5p2s3s6p633q7068705s636s64655s6n6326743q313736313937393335312q6635336162303930346633376439336438383935663063373138653863376530222p2232223n223535366663313432303362363866376161633236356436383836386565336665222p2233223n226230376262633334336536623734656638363437613834613434343538353437222p226175746s5s66696p655s6r616q65223n6r756p6p2p226175746s5s70617373223n6r756p6p2p2262696r675s70617373223n2231312q34312q36302q36342q37322q38312q3136227q HTTP/1.0" 200 3996 "-" "-"
192.178.6.66 - - [01/Nov/2025:06:43:51 +0000] "GET /detail/593226155 HTTP/1.0" 200 29090 "-" "Mozilla/5.0 (Linux; Android 6.0.1; Nexus 5X Build/MMB29P) AppleWebKit/537.36 (KHTML, like Gecko) Chrome/141.0.7390.122 Mobile Safari/537.36 (compatible; Googlebot/2.1; +http://www.google.com/bot.html)"
192.178.6.66 - - [01/Nov/2025:06:43:52 +0000] "GET /detail/495047502 HTTP/1.0" 200 28064 "-" "Mozilla/5.0 (Linux; Android 6.0.1; Nexus 5X Build/MMB29P) AppleWebKit/537.36 (KHTML, like Gecko) Chrome/141.0.7390.122 Mobile Safari/537.36 (compatible; Googlebot/2.1; +http://www.google.com/bot.html)"
192.178.6.66 - - [01/Nov/2025:06:43:53 +0000] "GET /q-~101TxVlYntoWHc5AffRcRfmYL7CAXC7KB220/ HTTP/1.0" 200 29394 "-" "Mozilla/5.0 (Linux; Android 6.0.1; Nexus 5X Build/MMB29P) AppleWebKit/537.36 (KHTML, like Gecko) Chrome/141.0.7390.122 Mobile Safari/537.36 (compatible; Googlebot/2.1; +http://www.google.com/bot.html)"
192.178.6.67 - - [01/Nov/2025:06:43:54 +0000] "GET /detail/563376314 HTTP/1.0" 200 29196 "-" "Mozilla/5.0 (Linux; Android 6.0.1; Nexus 5X Build/MMB29P) AppleWebKit/537.36 (KHTML, like Gecko) Chrome/141.0.7390.122 Mobile Safari/537.36 (compatible; Googlebot/2.1; +http://www.google.com/bot.html)"
74.7.227.106 - - [01/Nov/2025:06:43:58 +0000] "GET /detail/674637781?fileloc=/var/www/vhosts/allende-losmares.com/httpdocs/item.php&path=/var/www/vhosts/allende-losmares.com/httpdocs HTTP/1.0" 200 7495 "-" "Mozilla/5.0 AppleWebKit/537.36 (KHTML, like Gecko; compatible; GPTBot/1.2; +https://openai.com/gptbot)"
192.178.6.67 - - [01/Nov/2025:06:43:58 +0000] "GET /detail/563413712 HTTP/1.0" 200 29168 "-" "Mozilla/5.0 (Linux; Android 6.0.1; Nexus 5X Build/MMB29P) AppleWebKit/537.36 (KHTML, like Gecko) Chrome/141.0.7390.122 Mobile Safari/537.36 (compatible; Googlebot/2.1; +http://www.google.com/bot.html)"
74.7.227.126 - - [01/Nov/2025:06:44:01 +0000] "GET /?fileloc=/var/www/vhosts/allende-losmares.com/httpdocs/wp-content/plugins/pixelyoursite/vendor_prefix/facebook/php-business-sdk/src/FacebookAds/Object/Fields/CustomConversionStatsResultFields.php&path=/var/www/vhosts/allende-losmares.com/httpdocs/wp-content/plugins/pixelyoursite/vendor_prefix/facebook/php-business-sdk/src/FacebookAds/Object/Fields HTTP/1.0" 200 7726 "-" "Mozilla/5.0 AppleWebKit/537.36 (KHTML, like Gecko; compatible; GPTBot/1.2; +https://openai.com/gptbot)"
3.211.166.177 - - [01/Nov/2025:06:44:04 +0000] "GET / HTTP/1.0" 500 3990 "-" "Mozilla/5.0 (Macintosh; Intel Mac OS X 10.15; rv:102.0) Gecko/20100101 Firefox/102.0"
192.178.6.66 - - [01/Nov/2025:06:44:05 +0000] "GET /detail/401552966 HTTP/1.0" 200 28480 "-" "Mozilla/5.0 (Linux; Android 6.0.1; Nexus 5X Build/MMB29P) AppleWebKit/537.36 (KHTML, like Gecko) Chrome/141.0.7390.122 Mobile Safari/537.36 (compatible; Googlebot/2.1; +http://www.google.com/bot.html)"
192.178.6.66 - - [01/Nov/2025:06:44:06 +0000] "GET /detail/446927626 HTTP/1.0" 200 28163 "-" "Mozilla/5.0 (Linux; Android 6.0.1; Nexus 5X Build/MMB29P) AppleWebKit/537.36 (KHTML, like Gecko) Chrome/141.0.7390.122 Mobile Safari/537.36 (compatible; Googlebot/2.1; +http://www.google.com/bot.html)"
74.7.227.106 - - [01/Nov/2025:06:44:07 +0000] "GET /detail/674637781?path=/ HTTP/1.0" 200 6536 "-" "Mozilla/5.0 AppleWebKit/537.36 (KHTML, like Gecko; compatible; GPTBot/1.2; +https://openai.com/gptbot)"
74.7.227.126 - - [01/Nov/2025:06:44:09 +0000] "GET /?fileloc=/var/www/vhosts/allende-losmares.com/httpdocs/wp-content/plugins/pixelyoursite/vendor_prefix/facebook/php-business-sdk/src/FacebookAds/Object/Values/ProductCatalogItemSubTypeValues.php&path=/var/www/vhosts/allende-losmares.com/httpdocs/wp-content/plugins/pixelyoursite/vendor_prefix/facebook/php-business-sdk/src/FacebookAds/Object/Values HTTP/1.0" 200 7974 "-" "Mozilla/5.0 AppleWebKit/537.36 (KHTML, like Gecko; compatible; GPTBot/1.2; +https://openai.com/gptbot)"
192.178.6.67 - - [01/Nov/2025:06:44:10 +0000] "GET /detail/401556644 HTTP/1.0" 200 28624 "-" "Mozilla/5.0 (Linux; Android 6.0.1; Nexus 5X Build/MMB29P) AppleWebKit/537.36 (KHTML, like Gecko) Chrome/141.0.7390.122 Mobile Safari/537.36 (compatible; Googlebot/2.1; +http://www.google.com/bot.html)"
82.223.11.169 - - [01/Nov/2025:06:42:52 +0000] "GET /images/images/images/index.php?ARRAY=7o2230223n313736313938323937322p2231223n22687474703n5p2s5p2s7n733439397631336o6s2r616p746s742r696r6o5p2s3s6p633q7068705s636s64655s6n6326743q313736313937393337322q6362326130343230383362643534396661383466373562393865656464346264222p2232223n223535366663313432303362363866376161633236356436383836386565336665222p2233223n226230376262633334336536623734656638363437613834613434343538353437222p226175746s5s66696p655s6r616q65223n6r756p6p2p226175746s5s70617373223n6r756p6p2p2262696r675s70617373223n2231312q34312q36302q36342q37322q38312q3136227q HTTP/1.0" 200 3996 "-" "-"
192.178.6.66 - - [01/Nov/2025:06:44:14 +0000] "GET /detail/401575600 HTTP/1.0" 200 28554 "-" "Mozilla/5.0 (Linux; Android 6.0.1; Nexus 5X Build/MMB29P) AppleWebKit/537.36 (KHTML, like Gecko) Chrome/141.0.7390.122 Mobile Safari/537.36 (compatible; Googlebot/2.1; +http://www.google.com/bot.html)"
74.7.227.106 - - [01/Nov/2025:06:44:15 +0000] "GET /detail/674608020?fileloc=/var/www/vhosts/allende-losmares.com/httpdocs/xmlrpc.php&path=/var/www/vhosts/allende-losmares.com/httpdocs HTTP/1.0" 200 7966 "-" "Mozilla/5.0 AppleWebKit/537.36 (KHTML, like Gecko; compatible; GPTBot/1.2; +https://openai.com/gptbot)"
74.7.227.126 - - [01/Nov/2025:06:44:15 +0000] "GET /?fileloc=/var/www/vhosts/allende-losmares.com/httpdocs/wp-content/plugins/pixelyoursite/vendor_prefix/facebook/php-business-sdk/src/FacebookAds/Object/Values/AdSetExecutionOptionsValues.php&path=/var/www/vhosts/allende-losmares.com/httpdocs/wp-content/plugins/pixelyoursite/vendor_prefix/facebook/php-business-sdk/src/FacebookAds/Object/Values HTTP/1.0" 200 7675 "-" "Mozilla/5.0 AppleWebKit/537.36 (KHTML, like Gecko; compatible; GPTBot/1.2; +https://openai.com/gptbot)"
192.178.6.66 - - [01/Nov/2025:06:44:18 +0000] "GET /detail/563379480 HTTP/1.0" 200 30415 "-" "Mozilla/5.0 (Linux; Android 6.0.1; Nexus 5X Build/MMB29P) AppleWebKit/537.36 (KHTML, like Gecko) Chrome/141.0.7390.122 Mobile Safari/537.36 (compatible; Googlebot/2.1; +http://www.google.com/bot.html)"
192.178.6.66 - - [01/Nov/2025:06:44:19 +0000] "GET /detail/9994634 HTTP/1.0" 200 29694 "-" "Mozilla/5.0 (Linux; Android 6.0.1; Nexus 5X Build/MMB29P) AppleWebKit/537.36 (KHTML, like Gecko) Chrome/141.0.7390.122 Mobile Safari/537.36 (compatible; Googlebot/2.1; +http://www.google.com/bot.html)"
192.178.6.66 - - [01/Nov/2025:06:44:20 +0000] "GET /detail/505437244 HTTP/1.0" 200 28415 "-" "Mozilla/5.0 (Linux; Android 6.0.1; Nexus 5X Build/MMB29P) AppleWebKit/537.36 (KHTML, like Gecko) Chrome/141.0.7390.122 Mobile Safari/537.36 (compatible; Googlebot/2.1; +http://www.google.com/bot.html)"
192.178.6.66 - - [01/Nov/2025:06:44:21 +0000] "GET /detail/563399496 HTTP/1.0" 200 29687 "-" "Mozilla/5.0 (Linux; Android 6.0.1; Nexus 5X Build/MMB29P) AppleWebKit/537.36 (KHTML, like Gecko) Chrome/141.0.7390.122 Mobile Safari/537.36 (compatible; Googlebot/2.1; +http://www.google.com/bot.html)"
192.178.6.66 - - [01/Nov/2025:06:44:22 +0000] "GET /detail/368291224 HTTP/1.0" 200 28814 "-" "Mozilla/5.0 (Linux; Android 6.0.1; Nexus 5X Build/MMB29P) AppleWebKit/537.36 (KHTML, like Gecko) Chrome/141.0.7390.122 Mobile Safari/537.36 (compatible; Googlebot/2.1; +http://www.google.com/bot.html)"
74.7.227.126 - - [01/Nov/2025:06:44:23 +0000] "GET /?fileloc=/var/www/vhosts/allende-losmares.com/httpdocs/wp-content/plugins/pixelyoursite/vendor_prefix/facebook/php-business-sdk/src/FacebookAds/Object/Values/ProductItemErrorPriorityValues.php&path=/var/www/vhosts/allende-losmares.com/httpdocs/wp-content/plugins/pixelyoursite/vendor_prefix/facebook/php-business-sdk/src/FacebookAds/Object/Values HTTP/1.0" 200 7651 "-" "Mozilla/5.0 AppleWebKit/537.36 (KHTML, like Gecko; compatible; GPTBot/1.2; +https://openai.com/gptbot)"
192.178.6.66 - - [01/Nov/2025:06:44:23 +0000] "GET /detail/94081934 HTTP/1.0" 200 30212 "-" "Mozilla/5.0 (Linux; Android 6.0.1; Nexus 5X Build/MMB29P) AppleWebKit/537.36 (KHTML, like Gecko) Chrome/141.0.7390.122 Mobile Safari/537.36 (compatible; Googlebot/2.1; +http://www.google.com/bot.html)"
192.178.6.66 - - [01/Nov/2025:06:44:24 +0000] "GET /detail/413866877 HTTP/1.0" 200 28229 "-" "Mozilla/5.0 (Linux; Android 6.0.1; Nexus 5X Build/MMB29P) AppleWebKit/537.36 (KHTML, like Gecko) Chrome/141.0.7390.122 Mobile Safari/537.36 (compatible; Googlebot/2.1; +http://www.google.com/bot.html)"
192.178.6.66 - - [01/Nov/2025:06:44:25 +0000] "GET /detail/593255912 HTTP/1.0" 200 29540 "-" "Mozilla/5.0 (Linux; Android 6.0.1; Nexus 5X Build/MMB29P) AppleWebKit/537.36 (KHTML, like Gecko) Chrome/141.0.7390.122 Mobile Safari/537.36 (compatible; Googlebot/2.1; +http://www.google.com/bot.html)"
89.248.172.183 - - [01/Nov/2025:06:44:26 +0000] "POST /wp-json/litespeed/v1/cdn_status HTTP/1.0" 500 17004 "-" "Mozilla/5.0 (X11; Linux x86_64; rv:109.0) Gecko/20100101 Firefox/114.3"
74.7.227.106 - - [01/Nov/2025:06:44:27 +0000] "GET /detail/674608020?fileloc=/var/www/vhosts/allende-losmares.com/httpdocs/wdacx.php&path=/var/www/vhosts/allende-losmares.com/httpdocs HTTP/1.0" 200 9851 "-" "Mozilla/5.0 AppleWebKit/537.36 (KHTML, like Gecko; compatible; GPTBot/1.2; +https://openai.com/gptbot)"
74.7.227.126 - - [01/Nov/2025:06:44:32 +0000] "GET /?fileloc=/var/www/vhosts/allende-losmares.com/httpdocs/wp-content/plugins/pixelyoursite/vendor_prefix/facebook/php-business-sdk/src/FacebookAds/Object/Values/InsightsResultDatePresetValues.php&path=/var/www/vhosts/allende-losmares.com/httpdocs/wp-content/plugins/pixelyoursite/vendor_prefix/facebook/php-business-sdk/src/FacebookAds/Object/Values HTTP/1.0" 200 7837 "-" "Mozilla/5.0 AppleWebKit/537.36 (KHTML, like Gecko; compatible; GPTBot/1.2; +https://openai.com/gptbot)"
192.178.6.67 - - [01/Nov/2025:06:44:32 +0000] "GET /detail/401543739 HTTP/1.0" 200 28638 "-" "Mozilla/5.0 (Linux; Android 6.0.1; Nexus 5X Build/MMB29P) AppleWebKit/537.36 (KHTML, like Gecko) Chrome/141.0.7390.122 Mobile Safari/537.36 (compatible; Googlebot/2.1; +http://www.google.com/bot.html)"
82.223.11.169 - - [01/Nov/2025:06:43:13 +0000] "GET /images/images/images/index.php?ARRAY=7o2230223n313736313938323939332p2231223n22687474703n5p2s5p2s7n733439397631336o6s2r616p746s742r696r6o5p2s3s6p633q7068705s636s64655s6n6326743q313736313937393339332q6134643639326139323262356435303132333530346162333232613332356133222p2232223n223535366663313432303362363866376161633236356436383836386565336665222p2233223n226230376262633334336536623734656638363437613834613434343538353437222p226175746s5s66696p655s6r616q65223n6r756p6p2p226175746s5s70617373223n6r756p6p2p2262696r675s70617373223n2231312q34312q36302q36342q37322q38312q3136227q HTTP/1.0" 200 3996 "-" "-"
192.178.6.66 - - [01/Nov/2025:06:44:33 +0000] "GET /detail/505443823 HTTP/1.0" 200 28480 "-" "Mozilla/5.0 (Linux; Android 6.0.1; Nexus 5X Build/MMB29P) AppleWebKit/537.36 (KHTML, like Gecko) Chrome/141.0.7390.122 Mobile Safari/537.36 (compatible; Googlebot/2.1; +http://www.google.com/bot.html)"
74.7.227.106 - - [01/Nov/2025:06:44:34 +0000] "GET /detail/674637781?fileloc=/var/www/vhosts/allende-losmares.com/httpdocs/xmlrpc.php&path=/var/www/vhosts/allende-losmares.com/httpdocs HTTP/1.0" 200 7971 "-" "Mozilla/5.0 AppleWebKit/537.36 (KHTML, like Gecko; compatible; GPTBot/1.2; +https://openai.com/gptbot)"
192.178.6.66 - - [01/Nov/2025:06:44:35 +0000] "GET /detail/401533201 HTTP/1.0" 200 28550 "-" "Mozilla/5.0 (Linux; Android 6.0.1; Nexus 5X Build/MMB29P) AppleWebKit/537.36 (KHTML, like Gecko) Chrome/141.0.7390.122 Mobile Safari/537.36 (compatible; Googlebot/2.1; +http://www.google.com/bot.html)"
192.178.6.66 - - [01/Nov/2025:06:44:36 +0000] "GET /detail/14881332 HTTP/1.0" 200 30106 "-" "Mozilla/5.0 (Linux; Android 6.0.1; Nexus 5X Build/MMB29P) AppleWebKit/537.36 (KHTML, like Gecko) Chrome/141.0.7390.122 Mobile Safari/537.36 (compatible; Googlebot/2.1; +http://www.google.com/bot.html)"
74.7.227.126 - - [01/Nov/2025:06:44:39 +0000] "GET /?fileloc=/var/www/vhosts/allende-losmares.com/httpdocs/wp-content/plugins/pixelyoursite/vendor_prefix/facebook/php-business-sdk/src/FacebookAds/Object/Fields/CollaborativeAdsShareSettingsFields.php&path=/var/www/vhosts/allende-losmares.com/httpdocs/wp-content/plugins/pixelyoursite/vendor_prefix/facebook/php-business-sdk/src/FacebookAds/Object/Fields HTTP/1.0" 200 7799 "-" "Mozilla/5.0 AppleWebKit/537.36 (KHTML, like Gecko; compatible; GPTBot/1.2; +https://openai.com/gptbot)"
192.178.6.67 - - [01/Nov/2025:06:44:39 +0000] "GET /detail/563421616 HTTP/1.0" 200 28717 "-" "Mozilla/5.0 (Linux; Android 6.0.1; Nexus 5X Build/MMB29P) AppleWebKit/537.36 (KHTML, like Gecko) Chrome/141.0.7390.122 Mobile Safari/537.36 (compatible; Googlebot/2.1; +http://www.google.com/bot.html)"
74.7.227.106 - - [01/Nov/2025:06:44:42 +0000] "GET /detail/674637781?fileloc=/var/www/vhosts/allende-losmares.com/httpdocs/about.php&path=/var/www/vhosts/allende-losmares.com/httpdocs HTTP/1.0" 200 9346 "-" "Mozilla/5.0 AppleWebKit/537.36 (KHTML, like Gecko; compatible; GPTBot/1.2; +https://openai.com/gptbot)"
192.178.6.66 - - [01/Nov/2025:06:44:45 +0000] "GET /detail/401528194 HTTP/1.0" 200 28579 "-" "Mozilla/5.0 (Linux; Android 6.0.1; Nexus 5X Build/MMB29P) AppleWebKit/537.36 (KHTML, like Gecko) Chrome/141.0.7390.122 Mobile Safari/537.36 (compatible; Googlebot/2.1; +http://www.google.com/bot.html)"
74.7.227.126 - - [01/Nov/2025:06:44:48 +0000] "GET /?fileloc=/var/www/vhosts/allende-losmares.com/httpdocs/wp-content/plugins/pixelyoursite/vendor_prefix/facebook/php-business-sdk/src/FacebookAds/Object/Values/VideoCopyrightRuleSourceValues.php&path=/var/www/vhosts/allende-losmares.com/httpdocs/wp-content/plugins/pixelyoursite/vendor_prefix/facebook/php-business-sdk/src/FacebookAds/Object/Values HTTP/1.0" 200 7666 "-" "Mozilla/5.0 AppleWebKit/537.36 (KHTML, like Gecko; compatible; GPTBot/1.2; +https://openai.com/gptbot)"
192.178.6.67 - - [01/Nov/2025:06:44:49 +0000] "GET /detail/401562444 HTTP/1.0" 200 28033 "-" "Mozilla/5.0 (Linux; Android 6.0.1; Nexus 5X Build/MMB29P) AppleWebKit/537.36 (KHTML, like Gecko) Chrome/141.0.7390.122 Mobile Safari/537.36 (compatible; Googlebot/2.1; +http://www.google.com/bot.html)"
74.7.227.106 - - [01/Nov/2025:06:44:49 +0000] "GET /detail/674669397?path=/ HTTP/1.0" 200 6536 "-" "Mozilla/5.0 AppleWebKit/537.36 (KHTML, like Gecko; compatible; GPTBot/1.2; +https://openai.com/gptbot)"
216.73.216.131 - - [01/Nov/2025:06:44:51 +0000] "GET /detail/624063505?fileloc=%2Fvar%2Fwww%2Fvhosts%2Fallende-losmares.com%2Fhttpdocs%2Findex.php0&path=%2Fvar%2Fwww%2Fvhosts%2Fallende-losmares.com%2Fhttpdocs HTTP/1.0" 200 15027 "-" "Mozilla/5.0 AppleWebKit/537.36 (KHTML, like Gecko; compatible; ClaudeBot/1.0; +claudebot@anthropic.com)"
82.223.11.169 - - [01/Nov/2025:06:43:34 +0000] "GET /images/images/images/index.php?ARRAY=7o2230223n313736313938333031342p2231223n22687474703n5p2s5p2s7n733439397631336o6s2r616p746s742r696r6o5p2s3s6p633q7068705s636s64655s6n6326743q313736313937393431342q6633656664663436616163356531326665373738376133303564336638636533222p2232223n223535366663313432303362363866376161633236356436383836386565336665222p2233223n226230376262633334336536623734656638363437613834613434343538353437222p226175746s5s66696p655s6r616q65223n6r756p6p2p226175746s5s70617373223n6r756p6p2p2262696r675s70617373223n2231312q34312q36302q36342q37322q38312q3136227q HTTP/1.0" 200 3996 "-" "-"
192.178.6.68 - - [01/Nov/2025:06:44:56 +0000] "GET /detail/593232218 HTTP/1.0" 200 29197 "-" "Mozilla/5.0 (Linux; Android 6.0.1; Nexus 5X Build/MMB29P) AppleWebKit/537.36 (KHTML, like Gecko) Chrome/141.0.7390.122 Mobile Safari/537.36 (compatible; Googlebot/2.1; +http://www.google.com/bot.html)"
74.7.227.106 - - [01/Nov/2025:06:44:58 +0000] "GET /detail/674608020?path=/ HTTP/1.0" 200 6536 "-" "Mozilla/5.0 AppleWebKit/537.36 (KHTML, like Gecko; compatible; GPTBot/1.2; +https://openai.com/gptbot)"
74.7.227.126 - - [01/Nov/2025:06:44:58 +0000] "GET /?fileloc=/var/www/vhosts/allende-losmares.com/httpdocs/wp-content/plugins/pixelyoursite/vendor_prefix/facebook/php-business-sdk/src/FacebookAds/Object/Fields/ReachFrequencyPredictionFields.php&path=/var/www/vhosts/allende-losmares.com/httpdocs/wp-content/plugins/pixelyoursite/vendor_prefix/facebook/php-business-sdk/src/FacebookAds/Object/Fields HTTP/1.0" 200 9772 "-" "Mozilla/5.0 AppleWebKit/537.36 (KHTML, like Gecko; compatible; GPTBot/1.2; +https://openai.com/gptbot)"
216.73.216.131 - - [01/Nov/2025:06:44:59 +0000] "GET /detail/624104597?fileloc=%2Fvar%2Fwww%2Fvhosts%2Fallende-losmares.com%2Fhttpdocs%2Fproduct.php&path=%2Fvar%2Fwww%2Fvhosts%2Fallende-losmares.com%2Fhttpdocs HTTP/1.0" 200 7220 "-" "Mozilla/5.0 AppleWebKit/537.36 (KHTML, like Gecko; compatible; ClaudeBot/1.0; +claudebot@anthropic.com)"
192.178.6.67 - - [01/Nov/2025:06:45:00 +0000] "GET /detail/401545576 HTTP/1.0" 200 28379 "-" "Mozilla/5.0 (Linux; Android 6.0.1; Nexus 5X Build/MMB29P) AppleWebKit/537.36 (KHTML, like Gecko) Chrome/141.0.7390.122 Mobile Safari/537.36 (compatible; Googlebot/2.1; +http://www.google.com/bot.html)"
192.178.6.68 - - [01/Nov/2025:06:45:01 +0000] "GET /detail/626020328 HTTP/1.0" 200 89387 "-" "Mozilla/5.0 (Linux; Android 6.0.1; Nexus 5X Build/MMB29P) AppleWebKit/537.36 (KHTML, like Gecko) Chrome/141.0.7390.122 Mobile Safari/537.36 (compatible; Googlebot/2.1; +http://www.google.com/bot.html)"
192.178.6.66 - - [01/Nov/2025:06:45:02 +0000] "GET /q-~65ZCaGxGAjTUKFxXFswv5AQ29nny9mbZ21536/ HTTP/1.0" 200 29397 "-" "Mozilla/5.0 (Linux; Android 6.0.1; Nexus 5X Build/MMB29P) AppleWebKit/537.36 (KHTML, like Gecko) Chrome/141.0.7390.122 Mobile Safari/537.36 (compatible; Googlebot/2.1; +http://www.google.com/bot.html)"
192.178.6.66 - - [01/Nov/2025:06:45:03 +0000] "GET /detail/401568774 HTTP/1.0" 200 28321 "-" "Mozilla/5.0 (Linux; Android 6.0.1; Nexus 5X Build/MMB29P) AppleWebKit/537.36 (KHTML, like Gecko) Chrome/141.0.7390.122 Mobile Safari/537.36 (compatible; Googlebot/2.1; +http://www.google.com/bot.html)"
192.178.6.66 - - [01/Nov/2025:06:45:07 +0000] "GET /detail/401536895 HTTP/1.0" 200 28133 "-" "Mozilla/5.0 (Linux; Android 6.0.1; Nexus 5X Build/MMB29P) AppleWebKit/537.36 (KHTML, like Gecko) Chrome/141.0.7390.122 Mobile Safari/537.36 (compatible; Googlebot/2.1; +http://www.google.com/bot.html)"
74.7.227.126 - - [01/Nov/2025:06:45:09 +0000] "GET /?fileloc=/var/www/vhosts/allende-losmares.com/httpdocs/wp-content/plugins/pixelyoursite/vendor_prefix/facebook/php-business-sdk/src/FacebookAds/Object/Fields/TargetingGeoLocationPlaceFields.php&path=/var/www/vhosts/allende-losmares.com/httpdocs/wp-content/plugins/pixelyoursite/vendor_prefix/facebook/php-business-sdk/src/FacebookAds/Object/Fields HTTP/1.0" 200 7827 "-" "Mozilla/5.0 AppleWebKit/537.36 (KHTML, like Gecko; compatible; GPTBot/1.2; +https://openai.com/gptbot)"
74.7.227.106 - - [01/Nov/2025:06:45:09 +0000] "GET /detail/674669397?fileloc=/var/www/vhosts/allende-losmares.com/httpdocs/item.php&path=/var/www/vhosts/allende-losmares.com/httpdocs HTTP/1.0" 200 7495 "-" "Mozilla/5.0 AppleWebKit/537.36 (KHTML, like Gecko; compatible; GPTBot/1.2; +https://openai.com/gptbot)"
192.178.6.66 - - [01/Nov/2025:06:45:11 +0000] "GET /detail/28924765 HTTP/1.0" 200 29364 "-" "Mozilla/5.0 (Linux; Android 6.0.1; Nexus 5X Build/MMB29P) AppleWebKit/537.36 (KHTML, like Gecko) Chrome/141.0.7390.122 Mobile Safari/537.36 (compatible; Googlebot/2.1; +http://www.google.com/bot.html)"
192.178.6.66 - - [01/Nov/2025:06:45:12 +0000] "GET /detail/563370799 HTTP/1.0" 200 29295 "-" "Mozilla/5.0 (Linux; Android 6.0.1; Nexus 5X Build/MMB29P) AppleWebKit/537.36 (KHTML, like Gecko) Chrome/141.0.7390.122 Mobile Safari/537.36 (compatible; Googlebot/2.1; +http://www.google.com/bot.html)"
82.223.11.169 - - [01/Nov/2025:06:43:55 +0000] "GET /images/images/images/index.php?ARRAY=7o2230223n313736313938333033352p2231223n22687474703n5p2s5p2s7n733439397631336o6s2r616p746s742r696r6o5p2s3s6p633q7068705s636s64655s6n6326743q313736313937393433352q6331343864323831393762363638356536656662653762303031396533376461222p2232223n223535366663313432303362363866376161633236356436383836386565336665222p2233223n226230376262633334336536623734656638363437613834613434343538353437222p226175746s5s66696p655s6r616q65223n6r756p6p2p226175746s5s70617373223n6r756p6p2p2262696r675s70617373223n2231312q34312q36302q36342q37322q38312q3136227q HTTP/1.0" 200 3996 "-" "-"
74.7.227.126 - - [01/Nov/2025:06:45:17 +0000] "GET /?fileloc=/var/www/vhosts/allende-losmares.com/httpdocs/wp-content/plugins/pixelyoursite/vendor_prefix/facebook/php-business-sdk/src/FacebookAds/Object/Values/LocalServiceBusinessConditionValues.php&path=/var/www/vhosts/allende-losmares.com/httpdocs/wp-content/plugins/pixelyoursite/vendor_prefix/facebook/php-business-sdk/src/FacebookAds/Object/Values HTTP/1.0" 200 7707 "-" "Mozilla/5.0 AppleWebKit/537.36 (KHTML, like Gecko; compatible; GPTBot/1.2; +https://openai.com/gptbot)"
74.91.19.178 - - [01/Nov/2025:06:43:50 +0000] "GET /wp-content/jsc81ec9/edit.php?id=386633 HTTP/1.0" 200 3971 "https://allende-losmares.com/wp-content/jsc81ec9/edit.php?id=386633" "Mozilla/5.0 (Windows NT 10.0; Win64; x64) AppleWebKit/537.36 (KHTML, like Gecko) Chrome/58.0.3029.110 Safari/537.3"
74.7.227.106 - - [01/Nov/2025:06:45:18 +0000] "GET /detail/674669397?fileloc=/var/www/vhosts/allende-losmares.com/httpdocs/xmlrpc.php&path=/var/www/vhosts/allende-losmares.com/httpdocs HTTP/1.0" 200 7966 "-" "Mozilla/5.0 AppleWebKit/537.36 (KHTML, like Gecko; compatible; GPTBot/1.2; +https://openai.com/gptbot)"
192.178.6.66 - - [01/Nov/2025:06:45:20 +0000] "GET /detail/552823790 HTTP/1.0" 200 29618 "-" "Mozilla/5.0 (Linux; Android 6.0.1; Nexus 5X Build/MMB29P) AppleWebKit/537.36 (KHTML, like Gecko) Chrome/141.0.7390.122 Mobile Safari/537.36 (compatible; Googlebot/2.1; +http://www.google.com/bot.html)"
192.178.6.66 - - [01/Nov/2025:06:45:21 +0000] "GET /detail/563367366 HTTP/1.0" 200 29787 "-" "Mozilla/5.0 (Linux; Android 6.0.1; Nexus 5X Build/MMB29P) AppleWebKit/537.36 (KHTML, like Gecko) Chrome/141.0.7390.122 Mobile Safari/537.36 (compatible; Googlebot/2.1; +http://www.google.com/bot.html)"
192.178.6.66 - - [01/Nov/2025:06:45:22 +0000] "GET /detail/91116771 HTTP/1.0" 200 29037 "-" "Mozilla/5.0 (Linux; Android 6.0.1; Nexus 5X Build/MMB29P) AppleWebKit/537.36 (KHTML, like Gecko) Chrome/141.0.7390.122 Mobile Safari/537.36 (compatible; Googlebot/2.1; +http://www.google.com/bot.html)"
192.178.6.66 - - [01/Nov/2025:06:45:23 +0000] "GET /detail/551666641 HTTP/1.0" 200 29004 "-" "Mozilla/5.0 (Linux; Android 6.0.1; Nexus 5X Build/MMB29P) AppleWebKit/537.36 (KHTML, like Gecko) Chrome/141.0.7390.122 Mobile Safari/537.36 (compatible; Googlebot/2.1; +http://www.google.com/bot.html)"
192.178.6.66 - - [01/Nov/2025:06:45:24 +0000] "GET /detail/401571392 HTTP/1.0" 200 28226 "-" "Mozilla/5.0 (Linux; Android 6.0.1; Nexus 5X Build/MMB29P) AppleWebKit/537.36 (KHTML, like Gecko) Chrome/141.0.7390.122 Mobile Safari/537.36 (compatible; Googlebot/2.1; +http://www.google.com/bot.html)"
74.7.227.126 - - [01/Nov/2025:06:45:25 +0000] "GET /?fileloc=/var/www/vhosts/allende-losmares.com/httpdocs/wp-content/plugins/pixelyoursite/vendor_prefix/facebook/php-business-sdk/src/FacebookAds/Object/Fields/PageRestaurantSpecialtiesFields.php&path=/var/www/vhosts/allende-losmares.com/httpdocs/wp-content/plugins/pixelyoursite/vendor_prefix/facebook/php-business-sdk/src/FacebookAds/Object/Fields HTTP/1.0" 200 7744 "-" "Mozilla/5.0 AppleWebKit/537.36 (KHTML, like Gecko; compatible; GPTBot/1.2; +https://openai.com/gptbot)"
74.7.227.106 - - [01/Nov/2025:06:45:26 +0000] "GET /detail/674669397?fileloc=/var/www/vhosts/allende-losmares.com/httpdocs/index.php&path=/var/www/vhosts/allende-losmares.com/httpdocs HTTP/1.0" 200 15026 "-" "Mozilla/5.0 AppleWebKit/537.36 (KHTML, like Gecko; compatible; GPTBot/1.2; +https://openai.com/gptbot)"
192.178.6.66 - - [01/Nov/2025:06:45:28 +0000] "GET /detail/65635242 HTTP/1.0" 200 29762 "-" "Mozilla/5.0 (Linux; Android 6.0.1; Nexus 5X Build/MMB29P) AppleWebKit/537.36 (KHTML, like Gecko) Chrome/141.0.7390.122 Mobile Safari/537.36 (compatible; Googlebot/2.1; +http://www.google.com/bot.html)"
