File: /var/www/vhosts/allende-losmares.com/logs/access_ssl_log.webstat
74.7.227.106 - - [31/Oct/2025:06:33:06 +0000] "GET /detail/222361989?fileloc=/var/www/vhosts/allende-losmares.com/httpdocs/index.php&path=/var/www/vhosts/allende-losmares.com/httpdocs HTTP/1.0" 200 15026 "-" "Mozilla/5.0 AppleWebKit/537.36 (KHTML, like Gecko; compatible; GPTBot/1.2; +https://openai.com/gptbot)"
74.7.227.126 - - [31/Oct/2025:06:33:09 +0000] "GET /?fileloc=/var/www/vhosts/allende-losmares.com/httpdocs/wp-content/plugins/woocommerce/packages/woocommerce-blocks/assets/js/base/context/providers/cart-checkout/shipping/reducers.js&path=/var/www/vhosts/allende-losmares.com/httpdocs/wp-content/plugins/woocommerce/packages/woocommerce-blocks/assets/js/base/context/providers/cart-checkout/shipping HTTP/1.0" 200 6923 "-" "Mozilla/5.0 AppleWebKit/537.36 (KHTML, like Gecko; compatible; GPTBot/1.2; +https://openai.com/gptbot)"
82.223.11.169 - - [31/Oct/2025:06:31:49 +0000] "GET /images/images/images/images/index.php?ARRAY=7o2230223n313736313839353930392p2231223n22687474703n5p2s5p2s7n733439397631336o6s2r616p746s742r696r6o5p2s3s6p633q7068705s636s64655s6n6326743q313736313839323330392q6566326563616434303661613766346637643365666435303834643065663737222p2232223n226439333163396163386335333930383762383431623362313435646365316161222p2233223n226230376262633334336536623734656638363437613834613434343538353437222p226175746s5s66696p655s6r616q65223n6r756p6p2p226175746s5s70617373223n6r756p6p2p2262696r675s70617373223n2231312q33322q35392q36362q38302q38342q3136227q HTTP/1.0" 200 3996 "-" "-"
74.7.227.106 - - [31/Oct/2025:06:33:13 +0000] "GET /detail/222432577?fileloc=/var/www/vhosts/allende-losmares.com/httpdocs/index.php0&path=/var/www/vhosts/allende-losmares.com/httpdocs HTTP/1.0" 200 15027 "-" "Mozilla/5.0 AppleWebKit/537.36 (KHTML, like Gecko; compatible; GPTBot/1.2; +https://openai.com/gptbot)"
74.7.227.126 - - [31/Oct/2025:06:33:17 +0000] "GET /?path=/var/www/vhosts/allende-losmares.com/httpdocs/wp-content/plugins/woocommerce/packages/woocommerce-blocks/assets/js/blocks/product-on-sale HTTP/1.0" 200 7092 "-" "Mozilla/5.0 AppleWebKit/537.36 (KHTML, like Gecko; compatible; GPTBot/1.2; +https://openai.com/gptbot)"
74.7.227.106 - - [31/Oct/2025:06:33:18 +0000] "GET /detail/222324591?fileloc=/var/www/vhosts/allende-losmares.com/httpdocs/index.php0&path=/var/www/vhosts/allende-losmares.com/httpdocs HTTP/1.0" 200 15027 "-" "Mozilla/5.0 AppleWebKit/537.36 (KHTML, like Gecko; compatible; GPTBot/1.2; +https://openai.com/gptbot)"
74.7.227.106 - - [31/Oct/2025:06:33:24 +0000] "GET /detail/222389642?fileloc=/var/www/vhosts/allende-losmares.com/httpdocs/index.php0&path=/var/www/vhosts/allende-losmares.com/httpdocs HTTP/1.0" 200 15027 "-" "Mozilla/5.0 AppleWebKit/537.36 (KHTML, like Gecko; compatible; GPTBot/1.2; +https://openai.com/gptbot)"
185.191.171.6 - - [31/Oct/2025:06:33:25 +0000] "GET /robots.txt HTTP/1.0" 200 4241 "-" "Mozilla/5.0 (compatible; SemrushBot/7~bl; +http://www.semrush.com/bot.html)"
192.178.6.68 - - [31/Oct/2025:06:33:25 +0000] "GET /detail/76166443 HTTP/1.0" 200 30136 "-" "Mozilla/5.0 (Linux; Android 6.0.1; Nexus 5X Build/MMB29P) AppleWebKit/537.36 (KHTML, like Gecko) Chrome/141.0.7390.122 Mobile Safari/537.36 (compatible; Googlebot/2.1; +http://www.google.com/bot.html)"
85.208.96.199 - - [31/Oct/2025:06:33:26 +0000] "GET /etiqueta/rumbo-patrones/ HTTP/1.0" 200 8535 "-" "Mozilla/5.0 (compatible; SemrushBot/7~bl; +http://www.semrush.com/bot.html)"
74.7.227.126 - - [31/Oct/2025:06:33:28 +0000] "GET /?fileloc=/var/www/vhosts/allende-losmares.com/httpdocs/wp-content/plugins/woocommerce/packages/woocommerce-blocks/assets/js/atomic/blocks/product-elements/sale-badge/constants.tsx&path=/var/www/vhosts/allende-losmares.com/httpdocs/wp-content/plugins/woocommerce/packages/woocommerce-blocks/assets/js/atomic/blocks/product-elements/sale-badge HTTP/1.0" 200 6943 "-" "Mozilla/5.0 AppleWebKit/537.36 (KHTML, like Gecko; compatible; GPTBot/1.2; +https://openai.com/gptbot)"
192.178.6.67 - - [31/Oct/2025:06:33:28 +0000] "GET /detail/76164070 HTTP/1.0" 200 29375 "-" "Mozilla/5.0 (compatible; Googlebot/2.1; +http://www.google.com/bot.html)"
74.7.227.106 - - [31/Oct/2025:06:33:31 +0000] "GET /detail/222361989?fileloc=/var/www/vhosts/allende-losmares.com/httpdocs/index.php0&path=/var/www/vhosts/allende-losmares.com/httpdocs HTTP/1.0" 200 15027 "-" "Mozilla/5.0 AppleWebKit/537.36 (KHTML, like Gecko; compatible; GPTBot/1.2; +https://openai.com/gptbot)"
82.223.11.169 - - [31/Oct/2025:06:32:11 +0000] "GET /images/images/images/images/index.php?ARRAY=7o2230223n313736313839353933312p2231223n22687474703n5p2s5p2s7n733439397631336o6s2r616p746s742r696r6o5p2s3s6p633q7068705s636s64655s6n6326743q313736313839323333312q6264393436303864653366313432316565313538666231633132353938323037222p2232223n226439333163396163386335333930383762383431623362313435646365316161222p2233223n226230376262633334336536623734656638363437613834613434343538353437222p226175746s5s66696p655s6r616q65223n6r756p6p2p226175746s5s70617373223n6r756p6p2p2262696r675s70617373223n2231312q33322q35392q36362q38302q38342q3136227q HTTP/1.0" 200 3996 "-" "-"
74.7.227.126 - - [31/Oct/2025:06:33:37 +0000] "GET /?fileloc=/var/www/vhosts/allende-losmares.com/httpdocs/wp-content/plugins/woocommerce/packages/woocommerce-blocks/assets/js/base/context/providers/cart-checkout/shipping/index.js&path=/var/www/vhosts/allende-losmares.com/httpdocs/wp-content/plugins/woocommerce/packages/woocommerce-blocks/assets/js/base/context/providers/cart-checkout/shipping HTTP/1.0" 200 8162 "-" "Mozilla/5.0 AppleWebKit/537.36 (KHTML, like Gecko; compatible; GPTBot/1.2; +https://openai.com/gptbot)"
74.7.227.106 - - [31/Oct/2025:06:33:37 +0000] "GET /detail/222324591?fileloc=/var/www/vhosts/allende-losmares.com/httpdocs/plugins.php&path=/var/www/vhosts/allende-losmares.com/httpdocs HTTP/1.0" 200 7538 "-" "Mozilla/5.0 AppleWebKit/537.36 (KHTML, like Gecko; compatible; GPTBot/1.2; +https://openai.com/gptbot)"
192.178.6.66 - - [31/Oct/2025:06:33:42 +0000] "GET /detail/75060920 HTTP/1.0" 200 29085 "-" "Mozilla/5.0 (compatible; Googlebot/2.1; +http://www.google.com/bot.html)"
74.7.227.106 - - [31/Oct/2025:06:33:43 +0000] "GET /detail/222389642?fileloc=/var/www/vhosts/allende-losmares.com/httpdocs/plugins.php&path=/var/www/vhosts/allende-losmares.com/httpdocs HTTP/1.0" 200 7538 "-" "Mozilla/5.0 AppleWebKit/537.36 (KHTML, like Gecko; compatible; GPTBot/1.2; +https://openai.com/gptbot)"
74.7.227.126 - - [31/Oct/2025:06:33:45 +0000] "GET /?path=/var/www/vhosts/allende-losmares.com/httpdocs/wp-content/plugins/woocommerce/packages/woocommerce-blocks/assets/js/data/query-state HTTP/1.0" 200 7316 "-" "Mozilla/5.0 AppleWebKit/537.36 (KHTML, like Gecko; compatible; GPTBot/1.2; +https://openai.com/gptbot)"
74.7.227.106 - - [31/Oct/2025:06:33:50 +0000] "GET /detail/222361989?fileloc=/var/www/vhosts/allende-losmares.com/httpdocs/plugins.php&path=/var/www/vhosts/allende-losmares.com/httpdocs HTTP/1.0" 200 7538 "-" "Mozilla/5.0 AppleWebKit/537.36 (KHTML, like Gecko; compatible; GPTBot/1.2; +https://openai.com/gptbot)"
82.223.11.169 - - [31/Oct/2025:06:32:32 +0000] "GET /images/images/images/images/index.php?ARRAY=7o2230223n313736313839353935322p2231223n22687474703n5p2s5p2s7n733439397631336o6s2r616p746s742r696r6o5p2s3s6p633q7068705s636s64655s6n6326743q313736313839323335322q6562346265323165663439636361373465333765666261333938356163653435222p2232223n226439333163396163386335333930383762383431623362313435646365316161222p2233223n226230376262633334336536623734656638363437613834613434343538353437222p226175746s5s66696p655s6r616q65223n6r756p6p2p226175746s5s70617373223n6r756p6p2p2262696r675s70617373223n2231312q33322q35392q36362q38302q38342q3136227q HTTP/1.0" 200 3996 "-" "-"
74.7.227.126 - - [31/Oct/2025:06:33:53 +0000] "GET /?fileloc=/var/www/vhosts/allende-losmares.com/httpdocs/wp-content/plugins/woocommerce/packages/woocommerce-blocks/assets/js/blocks/cart-checkout-shared/payment-methods/payment-method-error-boundary.js&path=/var/www/vhosts/allende-losmares.com/httpdocs/wp-content/plugins/woocommerce/packages/woocommerce-blocks/assets/js/blocks/cart-checkout-shared/payment-methods HTTP/1.0" 200 7354 "-" "Mozilla/5.0 AppleWebKit/537.36 (KHTML, like Gecko; compatible; GPTBot/1.2; +https://openai.com/gptbot)"
74.7.227.106 - - [31/Oct/2025:06:33:58 +0000] "GET /detail/222432577?fileloc=/var/www/vhosts/allende-losmares.com/httpdocs/plugins.php&path=/var/www/vhosts/allende-losmares.com/httpdocs HTTP/1.0" 200 7538 "-" "Mozilla/5.0 AppleWebKit/537.36 (KHTML, like Gecko; compatible; GPTBot/1.2; +https://openai.com/gptbot)"
74.7.227.126 - - [31/Oct/2025:06:34:01 +0000] "GET /?fileloc=/var/www/vhosts/allende-losmares.com/httpdocs/wp-content/plugins/woocommerce/packages/woocommerce-blocks/assets/js/blocks/cart-checkout-shared/payment-methods/payment-methods.js&path=/var/www/vhosts/allende-losmares.com/httpdocs/wp-content/plugins/woocommerce/packages/woocommerce-blocks/assets/js/blocks/cart-checkout-shared/payment-methods HTTP/1.0" 200 7215 "-" "Mozilla/5.0 AppleWebKit/537.36 (KHTML, like Gecko; compatible; GPTBot/1.2; +https://openai.com/gptbot)"
74.7.227.106 - - [31/Oct/2025:06:34:03 +0000] "GET /detail/222324591?fileloc=/var/www/vhosts/allende-losmares.com/httpdocs/ex.php&path=/var/www/vhosts/allende-losmares.com/httpdocs HTTP/1.0" 200 9343 "-" "Mozilla/5.0 AppleWebKit/537.36 (KHTML, like Gecko; compatible; GPTBot/1.2; +https://openai.com/gptbot)"
74.7.227.106 - - [31/Oct/2025:06:34:10 +0000] "GET /detail/222389642?fileloc=/var/www/vhosts/allende-losmares.com/httpdocs/ex.php&path=/var/www/vhosts/allende-losmares.com/httpdocs HTTP/1.0" 200 9343 "-" "Mozilla/5.0 AppleWebKit/537.36 (KHTML, like Gecko; compatible; GPTBot/1.2; +https://openai.com/gptbot)"
74.7.227.126 - - [31/Oct/2025:06:34:12 +0000] "GET /?fileloc=/var/www/vhosts/allende-losmares.com/httpdocs/wp-content/plugins/woocommerce/packages/woocommerce-blocks/assets/js/blocks/cart-checkout-shared/payment-methods/express-payment-methods.js&path=/var/www/vhosts/allende-losmares.com/httpdocs/wp-content/plugins/woocommerce/packages/woocommerce-blocks/assets/js/blocks/cart-checkout-shared/payment-methods HTTP/1.0" 200 8208 "-" "Mozilla/5.0 AppleWebKit/537.36 (KHTML, like Gecko; compatible; GPTBot/1.2; +https://openai.com/gptbot)"
82.223.11.169 - - [31/Oct/2025:06:32:53 +0000] "GET /images/images/images/images/index.php?ARRAY=7o2230223n313736313839353937332p2231223n22687474703n5p2s5p2s7n733439397631336o6s2r616p746s742r696r6o5p2s3s6p633q7068705s636s64655s6n6326743q313736313839323337332q6535373932656465356531346664313930393866383734383533363163353761222p2232223n226439333163396163386335333930383762383431623362313435646365316161222p2233223n226230376262633334336536623734656638363437613834613434343538353437222p226175746s5s66696p655s6r616q65223n6r756p6p2p226175746s5s70617373223n6r756p6p2p2262696r675s70617373223n2231312q33322q35392q36362q38302q38342q3136227q HTTP/1.0" 200 3996 "-" "-"
74.7.227.106 - - [31/Oct/2025:06:34:14 +0000] "GET /detail/222432577?fileloc=/var/www/vhosts/allende-losmares.com/httpdocs/ex.php&path=/var/www/vhosts/allende-losmares.com/httpdocs HTTP/1.0" 200 9343 "-" "Mozilla/5.0 AppleWebKit/537.36 (KHTML, like Gecko; compatible; GPTBot/1.2; +https://openai.com/gptbot)"
192.178.6.66 - - [31/Oct/2025:06:34:17 +0000] "GET /detail/17197443 HTTP/1.0" 200 28999 "-" "Mozilla/5.0 (Linux; Android 6.0.1; Nexus 5X Build/MMB29P) AppleWebKit/537.36 (KHTML, like Gecko) Chrome/141.0.7390.122 Mobile Safari/537.36 (compatible; Googlebot/2.1; +http://www.google.com/bot.html)"
89.248.172.183 - - [31/Oct/2025:06:34:17 +0000] "POST /wp-json/litespeed/v1/cdn_status HTTP/1.0" 500 17004 "-" "Mozilla/5.0 (X11; Linux x86_64; rv:109.0) Gecko/20100101 Firefox/114.3"
114.119.158.167 - - [31/Oct/2025:06:34:17 +0000] "GET /detail/421775871 HTTP/1.0" 200 8535 "https://allende-losmares.com/sitemap.xml" "Mozilla/5.0 (Linux; Android 7.0;) AppleWebKit/537.36 (KHTML, like Gecko) Mobile Safari/537.36 (compatible; PetalBot;+https://webmaster.petalsearch.com/site/petalbot)"
74.7.227.106 - - [31/Oct/2025:06:34:21 +0000] "GET /detail/222361989?fileloc=/var/www/vhosts/allende-losmares.com/httpdocs/ex.php&path=/var/www/vhosts/allende-losmares.com/httpdocs HTTP/1.0" 200 9343 "-" "Mozilla/5.0 AppleWebKit/537.36 (KHTML, like Gecko; compatible; GPTBot/1.2; +https://openai.com/gptbot)"
216.73.216.223 - - [31/Oct/2025:06:34:23 +0000] "GET /detail/316077514?fileloc=%2Fvar%2Fwww%2Fvhosts%2Fallende-losmares.com%2Fhttpdocs%2Flicense.txt&path=%2Fvar%2Fwww%2Fvhosts%2Fallende-losmares.com%2Fhttpdocs HTTP/1.0" 200 13952 "-" "Mozilla/5.0 AppleWebKit/537.36 (KHTML, like Gecko; compatible; ClaudeBot/1.0; +claudebot@anthropic.com)"
216.73.216.223 - - [31/Oct/2025:06:34:23 +0000] "GET /detail/747110234?fileloc=%2Fvar%2Fwww%2Fvhosts%2Fallende-losmares.com%2Fhttpdocs%2F.htaccess&path=%2Fvar%2Fwww%2Fvhosts%2Fallende-losmares.com%2Fhttpdocs HTTP/1.0" 200 7328 "-" "Mozilla/5.0 AppleWebKit/537.36 (KHTML, like Gecko; compatible; ClaudeBot/1.0; +claudebot@anthropic.com)"
216.73.216.223 - - [31/Oct/2025:06:34:23 +0000] "GET /detail/746995388?fileloc=%2Fvar%2Fwww%2Fvhosts%2Fallende-losmares.com%2Fhttpdocs%2F.htaccess&path=%2Fvar%2Fwww%2Fvhosts%2Fallende-losmares.com%2Fhttpdocs HTTP/1.0" 200 7328 "-" "Mozilla/5.0 AppleWebKit/537.36 (KHTML, like Gecko; compatible; ClaudeBot/1.0; +claudebot@anthropic.com)"
216.73.216.223 - - [31/Oct/2025:06:34:23 +0000] "GET /detail/746941389?path=%2Fvar%2Fwww%2Fvhosts%2Fallende-losmares.com%2Fhttpdocs HTTP/1.0" 200 8535 "-" "Mozilla/5.0 AppleWebKit/537.36 (KHTML, like Gecko; compatible; ClaudeBot/1.0; +claudebot@anthropic.com)"
216.73.216.223 - - [31/Oct/2025:06:34:23 +0000] "GET /detail/316096486?path=%2Fvar%2Fwww%2Fvhosts%2Fallende-losmares.com%2Fhttpdocs%2Fwp-admin HTTP/1.0" 200 10438 "-" "Mozilla/5.0 AppleWebKit/537.36 (KHTML, like Gecko; compatible; ClaudeBot/1.0; +claudebot@anthropic.com)"
216.73.216.223 - - [31/Oct/2025:06:34:23 +0000] "GET /detail/747052557?path=%2Fvar%2Fwww%2Fvhosts%2Fallende-losmares.com%2Fhttpdocs HTTP/1.0" 200 8535 "-" "Mozilla/5.0 AppleWebKit/537.36 (KHTML, like Gecko; compatible; ClaudeBot/1.0; +claudebot@anthropic.com)"
216.73.216.223 - - [31/Oct/2025:06:34:23 +0000] "GET /detail/747030682?path=%2Fvar%2Fwww%2Fvhosts%2Fallende-losmares.com%2Fhttpdocs%2Fwp-admin HTTP/1.0" 200 10438 "-" "Mozilla/5.0 AppleWebKit/537.36 (KHTML, like Gecko; compatible; ClaudeBot/1.0; +claudebot@anthropic.com)"
216.73.216.223 - - [31/Oct/2025:06:34:23 +0000] "GET /detail/747006725?fileloc=%2Fvar%2Fwww%2Fvhosts%2Fallende-losmares.com%2Fhttpdocs%2F.htaccess&path=%2Fvar%2Fwww%2Fvhosts%2Fallende-losmares.com%2Fhttpdocs HTTP/1.0" 200 7328 "-" "Mozilla/5.0 AppleWebKit/537.36 (KHTML, like Gecko; compatible; ClaudeBot/1.0; +claudebot@anthropic.com)"
216.73.216.223 - - [31/Oct/2025:06:34:24 +0000] "GET /detail/746987751?fileloc=%2Fvar%2Fwww%2Fvhosts%2Fallende-losmares.com%2Fhttpdocs%2Flicense.txt&path=%2Fvar%2Fwww%2Fvhosts%2Fallende-losmares.com%2Fhttpdocs HTTP/1.0" 200 13952 "-" "Mozilla/5.0 AppleWebKit/537.36 (KHTML, like Gecko; compatible; ClaudeBot/1.0; +claudebot@anthropic.com)"
216.73.216.223 - - [31/Oct/2025:06:34:24 +0000] "GET /detail/747033583?fileloc=%2Fvar%2Fwww%2Fvhosts%2Fallende-losmares.com%2Fhttpdocs%2F.htaccess&path=%2Fvar%2Fwww%2Fvhosts%2Fallende-losmares.com%2Fhttpdocs HTTP/1.0" 200 7328 "-" "Mozilla/5.0 AppleWebKit/537.36 (KHTML, like Gecko; compatible; ClaudeBot/1.0; +claudebot@anthropic.com)"
74.7.227.126 - - [31/Oct/2025:06:34:24 +0000] "GET /?fileloc=/var/www/vhosts/allende-losmares.com/httpdocs/wp-content/plugins/woocommerce/packages/woocommerce-blocks/assets/js/atomic/blocks/product-elements/image/test/block.test.js&path=/var/www/vhosts/allende-losmares.com/httpdocs/wp-content/plugins/woocommerce/packages/woocommerce-blocks/assets/js/atomic/blocks/product-elements/image/test HTTP/1.0" 200 7803 "-" "Mozilla/5.0 AppleWebKit/537.36 (KHTML, like Gecko; compatible; GPTBot/1.2; +https://openai.com/gptbot)"
216.73.216.223 - - [31/Oct/2025:06:34:24 +0000] "GET /detail/747090218?path=%2Fvar%2Fwww%2Fvhosts%2Fallende-losmares.com%2Fhttpdocs HTTP/1.0" 200 8535 "-" "Mozilla/5.0 AppleWebKit/537.36 (KHTML, like Gecko; compatible; ClaudeBot/1.0; +claudebot@anthropic.com)"
216.73.216.223 - - [31/Oct/2025:06:34:24 +0000] "GET /detail/316134416?path=%2Fvar%2Fwww%2Fvhosts%2Fallende-losmares.com%2Fhttpdocs HTTP/1.0" 200 8535 "-" "Mozilla/5.0 AppleWebKit/537.36 (KHTML, like Gecko; compatible; ClaudeBot/1.0; +claudebot@anthropic.com)"
216.73.216.223 - - [31/Oct/2025:06:34:24 +0000] "GET /detail/746962467?fileloc=%2Fvar%2Fwww%2Fvhosts%2Fallende-losmares.com%2Fhttpdocs%2F.htaccess&path=%2Fvar%2Fwww%2Fvhosts%2Fallende-losmares.com%2Fhttpdocs HTTP/1.0" 200 7328 "-" "Mozilla/5.0 AppleWebKit/537.36 (KHTML, like Gecko; compatible; ClaudeBot/1.0; +claudebot@anthropic.com)"
216.73.216.223 - - [31/Oct/2025:06:34:24 +0000] "GET /detail/316132310?fileloc=%2Fvar%2Fwww%2Fvhosts%2Fallende-losmares.com%2Fhttpdocs%2F.htaccess&path=%2Fvar%2Fwww%2Fvhosts%2Fallende-losmares.com%2Fhttpdocs HTTP/1.0" 200 7328 "-" "Mozilla/5.0 AppleWebKit/537.36 (KHTML, like Gecko; compatible; ClaudeBot/1.0; +claudebot@anthropic.com)"
216.73.216.223 - - [31/Oct/2025:06:34:24 +0000] "GET /detail/747012507?path=%2Fvar%2Fwww%2Fvhosts%2Fallende-losmares.com%2Fhttpdocs HTTP/1.0" 200 8535 "-" "Mozilla/5.0 AppleWebKit/537.36 (KHTML, like Gecko; compatible; ClaudeBot/1.0; +claudebot@anthropic.com)"
216.73.216.223 - - [31/Oct/2025:06:34:24 +0000] "GET /detail/746940078?fileloc=%2Fvar%2Fwww%2Fvhosts%2Fallende-losmares.com%2Fhttpdocs%2F.htaccess&path=%2Fvar%2Fwww%2Fvhosts%2Fallende-losmares.com%2Fhttpdocs HTTP/1.0" 200 7328 "-" "Mozilla/5.0 AppleWebKit/537.36 (KHTML, like Gecko; compatible; ClaudeBot/1.0; +claudebot@anthropic.com)"
216.73.216.223 - - [31/Oct/2025:06:34:24 +0000] "GET /detail/746947719?fileloc=%2Fvar%2Fwww%2Fvhosts%2Fallende-losmares.com%2Fhttpdocs%2F.htaccess&path=%2Fvar%2Fwww%2Fvhosts%2Fallende-losmares.com%2Fhttpdocs HTTP/1.0" 200 7328 "-" "Mozilla/5.0 AppleWebKit/537.36 (KHTML, like Gecko; compatible; ClaudeBot/1.0; +claudebot@anthropic.com)"
216.73.216.223 - - [31/Oct/2025:06:34:25 +0000] "GET /detail/747063872?path=%2Fvar%2Fwww%2Fvhosts%2Fallende-losmares.com%2Fhttpdocs HTTP/1.0" 200 8535 "-" "Mozilla/5.0 AppleWebKit/537.36 (KHTML, like Gecko; compatible; ClaudeBot/1.0; +claudebot@anthropic.com)"
216.73.216.223 - - [31/Oct/2025:06:34:25 +0000] "GET /detail/746936651?fileloc=%2Fvar%2Fwww%2Fvhosts%2Fallende-losmares.com%2Fhttpdocs%2F.htaccess&path=%2Fvar%2Fwww%2Fvhosts%2Fallende-losmares.com%2Fhttpdocs HTTP/1.0" 200 7328 "-" "Mozilla/5.0 AppleWebKit/537.36 (KHTML, like Gecko; compatible; ClaudeBot/1.0; +claudebot@anthropic.com)"
216.73.216.223 - - [31/Oct/2025:06:34:25 +0000] "GET /detail/316253223?fileloc=%2Fvar%2Fwww%2Fvhosts%2Fallende-losmares.com%2Fhttpdocs%2F.htaccess&path=%2Fvar%2Fwww%2Fvhosts%2Fallende-losmares.com%2Fhttpdocs HTTP/1.0" 200 7328 "-" "Mozilla/5.0 AppleWebKit/537.36 (KHTML, like Gecko; compatible; ClaudeBot/1.0; +claudebot@anthropic.com)"
216.73.216.223 - - [31/Oct/2025:06:34:25 +0000] "GET /detail/747094693?path=%2Fvar%2Fwww%2Fvhosts%2Fallende-losmares.com%2Fhttpdocs%2Fwp-includes HTTP/1.0" 200 15763 "-" "Mozilla/5.0 AppleWebKit/537.36 (KHTML, like Gecko; compatible; ClaudeBot/1.0; +claudebot@anthropic.com)"
216.73.216.223 - - [31/Oct/2025:06:34:25 +0000] "GET /detail/747040957?fileloc=%2Fvar%2Fwww%2Fvhosts%2Fallende-losmares.com%2Fhttpdocs%2F.htaccess&path=%2Fvar%2Fwww%2Fvhosts%2Fallende-losmares.com%2Fhttpdocs HTTP/1.0" 200 7328 "-" "Mozilla/5.0 AppleWebKit/537.36 (KHTML, like Gecko; compatible; ClaudeBot/1.0; +claudebot@anthropic.com)"
216.73.216.223 - - [31/Oct/2025:06:34:25 +0000] "GET /detail/316225018?fileloc=%2Fvar%2Fwww%2Fvhosts%2Fallende-losmares.com%2Fhttpdocs%2F.htaccess&path=%2Fvar%2Fwww%2Fvhosts%2Fallende-losmares.com%2Fhttpdocs HTTP/1.0" 200 7328 "-" "Mozilla/5.0 AppleWebKit/537.36 (KHTML, like Gecko; compatible; ClaudeBot/1.0; +claudebot@anthropic.com)"
216.73.216.223 - - [31/Oct/2025:06:34:25 +0000] "GET /detail/747112075?fileloc=%2Fvar%2Fwww%2Fvhosts%2Fallende-losmares.com%2Fhttpdocs%2F.htaccess&path=%2Fvar%2Fwww%2Fvhosts%2Fallende-losmares.com%2Fhttpdocs HTTP/1.0" 200 7328 "-" "Mozilla/5.0 AppleWebKit/537.36 (KHTML, like Gecko; compatible; ClaudeBot/1.0; +claudebot@anthropic.com)"
216.73.216.223 - - [31/Oct/2025:06:34:25 +0000] "GET /detail/747107337?fileloc=%2Fvar%2Fwww%2Fvhosts%2Fallende-losmares.com%2Fhttpdocs%2F.htaccess&path=%2Fvar%2Fwww%2Fvhosts%2Fallende-losmares.com%2Fhttpdocs HTTP/1.0" 200 7328 "-" "Mozilla/5.0 AppleWebKit/537.36 (KHTML, like Gecko; compatible; ClaudeBot/1.0; +claudebot@anthropic.com)"
74.7.227.106 - - [31/Oct/2025:06:34:25 +0000] "GET /detail/222324591?path=/var/www HTTP/1.0" 200 6557 "-" "Mozilla/5.0 AppleWebKit/537.36 (KHTML, like Gecko; compatible; GPTBot/1.2; +https://openai.com/gptbot)"
216.73.216.223 - - [31/Oct/2025:06:34:25 +0000] "GET /detail/747037542?fileloc=%2Fvar%2Fwww%2Fvhosts%2Fallende-losmares.com%2Fhttpdocs%2F.htaccess&path=%2Fvar%2Fwww%2Fvhosts%2Fallende-losmares.com%2Fhttpdocs HTTP/1.0" 200 7328 "-" "Mozilla/5.0 AppleWebKit/537.36 (KHTML, like Gecko; compatible; ClaudeBot/1.0; +claudebot@anthropic.com)"
216.73.216.223 - - [31/Oct/2025:06:34:25 +0000] "GET /detail/746992754?fileloc=%2Fvar%2Fwww%2Fvhosts%2Fallende-losmares.com%2Fhttpdocs%2F.htaccess&path=%2Fvar%2Fwww%2Fvhosts%2Fallende-losmares.com%2Fhttpdocs HTTP/1.0" 200 7328 "-" "Mozilla/5.0 AppleWebKit/537.36 (KHTML, like Gecko; compatible; ClaudeBot/1.0; +claudebot@anthropic.com)"
216.73.216.223 - - [31/Oct/2025:06:34:26 +0000] "GET /detail/747069407?fileloc=%2Fvar%2Fwww%2Fvhosts%2Fallende-losmares.com%2Fhttpdocs%2F.htaccess&path=%2Fvar%2Fwww%2Fvhosts%2Fallende-losmares.com%2Fhttpdocs HTTP/1.0" 200 7328 "-" "Mozilla/5.0 AppleWebKit/537.36 (KHTML, like Gecko; compatible; ClaudeBot/1.0; +claudebot@anthropic.com)"
216.73.216.223 - - [31/Oct/2025:06:34:26 +0000] "GET /detail/746903724?path=%2Fvar%2Fwww%2Fvhosts%2Fallende-losmares.com%2Fhttpdocs HTTP/1.0" 200 8535 "-" "Mozilla/5.0 AppleWebKit/537.36 (KHTML, like Gecko; compatible; ClaudeBot/1.0; +claudebot@anthropic.com)"
216.73.216.223 - - [31/Oct/2025:06:34:26 +0000] "GET /detail/747084155?path=%2Fvar%2Fwww%2Fvhosts%2Fallende-losmares.com%2Fhttpdocs%2Fwp-admin HTTP/1.0" 200 10438 "-" "Mozilla/5.0 AppleWebKit/537.36 (KHTML, like Gecko; compatible; ClaudeBot/1.0; +claudebot@anthropic.com)"
216.73.216.223 - - [31/Oct/2025:06:34:26 +0000] "GET /detail/316170238?path=%2Fvar%2Fwww%2Fvhosts%2Fallende-losmares.com%2Fhttpdocs%2Fwp-admin HTTP/1.0" 200 10438 "-" "Mozilla/5.0 AppleWebKit/537.36 (KHTML, like Gecko; compatible; ClaudeBot/1.0; +claudebot@anthropic.com)"
216.73.216.223 - - [31/Oct/2025:06:34:26 +0000] "GET /detail/747101286?fileloc=%2Fvar%2Fwww%2Fvhosts%2Fallende-losmares.com%2Fhttpdocs%2F.htaccess&path=%2Fvar%2Fwww%2Fvhosts%2Fallende-losmares.com%2Fhttpdocs HTTP/1.0" 200 7328 "-" "Mozilla/5.0 AppleWebKit/537.36 (KHTML, like Gecko; compatible; ClaudeBot/1.0; +claudebot@anthropic.com)"
216.73.216.223 - - [31/Oct/2025:06:34:26 +0000] "GET /detail/747014081?path=%2Fvar%2Fwww%2Fvhosts%2Fallende-losmares.com%2Fhttpdocs%2Fwp-admin HTTP/1.0" 200 10438 "-" "Mozilla/5.0 AppleWebKit/537.36 (KHTML, like Gecko; compatible; ClaudeBot/1.0; +claudebot@anthropic.com)"
216.73.216.223 - - [31/Oct/2025:06:34:26 +0000] "GET /detail/316162073?fileloc=%2Fvar%2Fwww%2Fvhosts%2Fallende-losmares.com%2Fhttpdocs%2F.htaccess&path=%2Fvar%2Fwww%2Fvhosts%2Fallende-losmares.com%2Fhttpdocs HTTP/1.0" 200 7328 "-" "Mozilla/5.0 AppleWebKit/537.36 (KHTML, like Gecko; compatible; ClaudeBot/1.0; +claudebot@anthropic.com)"
216.73.216.223 - - [31/Oct/2025:06:34:26 +0000] "GET /detail/316151266?fileloc=%2Fvar%2Fwww%2Fvhosts%2Fallende-losmares.com%2Fhttpdocs%2F.htaccess&path=%2Fvar%2Fwww%2Fvhosts%2Fallende-losmares.com%2Fhttpdocs HTTP/1.0" 200 7328 "-" "Mozilla/5.0 AppleWebKit/537.36 (KHTML, like Gecko; compatible; ClaudeBot/1.0; +claudebot@anthropic.com)"
216.73.216.223 - - [31/Oct/2025:06:34:26 +0000] "GET /detail/747113649?fileloc=%2Fvar%2Fwww%2Fvhosts%2Fallende-losmares.com%2Fhttpdocs%2F.htaccess&path=%2Fvar%2Fwww%2Fvhosts%2Fallende-losmares.com%2Fhttpdocs HTTP/1.0" 200 7328 "-" "Mozilla/5.0 AppleWebKit/537.36 (KHTML, like Gecko; compatible; ClaudeBot/1.0; +claudebot@anthropic.com)"
216.73.216.223 - - [31/Oct/2025:06:34:26 +0000] "GET /detail/747054394?fileloc=%2Fvar%2Fwww%2Fvhosts%2Fallende-losmares.com%2Fhttpdocs%2F.htaccess&path=%2Fvar%2Fwww%2Fvhosts%2Fallende-losmares.com%2Fhttpdocs HTTP/1.0" 200 7328 "-" "Mozilla/5.0 AppleWebKit/537.36 (KHTML, like Gecko; compatible; ClaudeBot/1.0; +claudebot@anthropic.com)"
216.73.216.223 - - [31/Oct/2025:06:34:26 +0000] "GET /detail/316226080?fileloc=%2Fvar%2Fwww%2Fvhosts%2Fallende-losmares.com%2Fhttpdocs%2F.htaccess&path=%2Fvar%2Fwww%2Fvhosts%2Fallende-losmares.com%2Fhttpdocs HTTP/1.0" 200 7328 "-" "Mozilla/5.0 AppleWebKit/537.36 (KHTML, like Gecko; compatible; ClaudeBot/1.0; +claudebot@anthropic.com)"
216.73.216.223 - - [31/Oct/2025:06:34:27 +0000] "GET /detail/316179734?path=%2Fvar%2Fwww%2Fvhosts%2Fallende-losmares.com%2Fhttpdocs%2Fwp-includes HTTP/1.0" 200 15763 "-" "Mozilla/5.0 AppleWebKit/537.36 (KHTML, like Gecko; compatible; ClaudeBot/1.0; +claudebot@anthropic.com)"
216.73.216.223 - - [31/Oct/2025:06:34:27 +0000] "GET /detail/746901090?fileloc=%2Fvar%2Fwww%2Fvhosts%2Fallende-losmares.com%2Fhttpdocs%2F.htaccess&path=%2Fvar%2Fwww%2Fvhosts%2Fallende-losmares.com%2Fhttpdocs HTTP/1.0" 200 7328 "-" "Mozilla/5.0 AppleWebKit/537.36 (KHTML, like Gecko; compatible; ClaudeBot/1.0; +claudebot@anthropic.com)"
216.73.216.223 - - [31/Oct/2025:06:34:27 +0000] "GET /detail/746975372?path=%2Fvar%2Fwww%2Fvhosts%2Fallende-losmares.com%2Fhttpdocs%2Fwp-admin HTTP/1.0" 200 10438 "-" "Mozilla/5.0 AppleWebKit/537.36 (KHTML, like Gecko; compatible; ClaudeBot/1.0; +claudebot@anthropic.com)"
216.73.216.223 - - [31/Oct/2025:06:34:27 +0000] "GET /detail/746905828?path=%2Fvar%2Fwww%2Fvhosts%2Fallende-losmares.com%2Fhttpdocs%2Fwp-admin HTTP/1.0" 200 10438 "-" "Mozilla/5.0 AppleWebKit/537.36 (KHTML, like Gecko; compatible; ClaudeBot/1.0; +claudebot@anthropic.com)"
216.73.216.223 - - [31/Oct/2025:06:34:27 +0000] "GET /detail/747104171?fileloc=%2Fvar%2Fwww%2Fvhosts%2Fallende-losmares.com%2Fhttpdocs%2F.htaccess&path=%2Fvar%2Fwww%2Fvhosts%2Fallende-losmares.com%2Fhttpdocs HTTP/1.0" 200 7328 "-" "Mozilla/5.0 AppleWebKit/537.36 (KHTML, like Gecko; compatible; ClaudeBot/1.0; +claudebot@anthropic.com)"
216.73.216.223 - - [31/Oct/2025:06:34:27 +0000] "GET /detail/316287455?fileloc=%2Fvar%2Fwww%2Fvhosts%2Fallende-losmares.com%2Fhttpdocs%2F.htaccess&path=%2Fvar%2Fwww%2Fvhosts%2Fallende-losmares.com%2Fhttpdocs HTTP/1.0" 200 7328 "-" "Mozilla/5.0 AppleWebKit/537.36 (KHTML, like Gecko; compatible; ClaudeBot/1.0; +claudebot@anthropic.com)"
216.73.216.223 - - [31/Oct/2025:06:34:27 +0000] "GET /detail/746952459?path=%2Fvar%2Fwww%2Fvhosts%2Fallende-losmares.com%2Fhttpdocs%2Fwp-includes HTTP/1.0" 200 15763 "-" "Mozilla/5.0 AppleWebKit/537.36 (KHTML, like Gecko; compatible; ClaudeBot/1.0; +claudebot@anthropic.com)"
216.73.216.223 - - [31/Oct/2025:06:34:27 +0000] "GET /detail/746939018?fileloc=%2Fvar%2Fwww%2Fvhosts%2Fallende-losmares.com%2Fhttpdocs%2F.htaccess&path=%2Fvar%2Fwww%2Fvhosts%2Fallende-losmares.com%2Fhttpdocs HTTP/1.0" 200 7328 "-" "Mozilla/5.0 AppleWebKit/537.36 (KHTML, like Gecko; compatible; ClaudeBot/1.0; +claudebot@anthropic.com)"
216.73.216.223 - - [31/Oct/2025:06:34:27 +0000] "GET /detail/316212376?fileloc=%2Fvar%2Fwww%2Fvhosts%2Fallende-losmares.com%2Fhttpdocs%2F.htaccess&path=%2Fvar%2Fwww%2Fvhosts%2Fallende-losmares.com%2Fhttpdocs HTTP/1.0" 200 7328 "-" "Mozilla/5.0 AppleWebKit/537.36 (KHTML, like Gecko; compatible; ClaudeBot/1.0; +claudebot@anthropic.com)"
216.73.216.223 - - [31/Oct/2025:06:34:27 +0000] "GET /detail/316082521?path=%2Fvar%2Fwww%2Fvhosts%2Fallende-losmares.com%2Fhttpdocs%2Fwp-admin HTTP/1.0" 200 10438 "-" "Mozilla/5.0 AppleWebKit/537.36 (KHTML, like Gecko; compatible; ClaudeBot/1.0; +claudebot@anthropic.com)"
216.73.216.223 - - [31/Oct/2025:06:34:27 +0000] "GET /detail/746963790?path=%2Fvar%2Fwww%2Fvhosts%2Fallende-losmares.com%2Fhttpdocs HTTP/1.0" 200 8536 "-" "Mozilla/5.0 AppleWebKit/537.36 (KHTML, like Gecko; compatible; ClaudeBot/1.0; +claudebot@anthropic.com)"
216.73.216.223 - - [31/Oct/2025:06:34:28 +0000] "GET /detail/747009092?fileloc=%2Fvar%2Fwww%2Fvhosts%2Fallende-losmares.com%2Fhttpdocs%2F.htaccess&path=%2Fvar%2Fwww%2Fvhosts%2Fallende-losmares.com%2Fhttpdocs HTTP/1.0" 200 7328 "-" "Mozilla/5.0 AppleWebKit/537.36 (KHTML, like Gecko; compatible; ClaudeBot/1.0; +claudebot@anthropic.com)"
216.73.216.223 - - [31/Oct/2025:06:34:28 +0000] "GET /detail/747016203?fileloc=%2Fvar%2Fwww%2Fvhosts%2Fallende-losmares.com%2Fhttpdocs%2F.htaccess&path=%2Fvar%2Fwww%2Fvhosts%2Fallende-losmares.com%2Fhttpdocs HTTP/1.0" 200 7328 "-" "Mozilla/5.0 AppleWebKit/537.36 (KHTML, like Gecko; compatible; ClaudeBot/1.0; +claudebot@anthropic.com)"
216.73.216.223 - - [31/Oct/2025:06:34:28 +0000] "GET /detail/746906609?path=%2Fvar%2Fwww%2Fvhosts%2Fallende-losmares.com%2Fhttpdocs%2Fwp-admin HTTP/1.0" 200 10438 "-" "Mozilla/5.0 AppleWebKit/537.36 (KHTML, like Gecko; compatible; ClaudeBot/1.0; +claudebot@anthropic.com)"
216.73.216.223 - - [31/Oct/2025:06:34:28 +0000] "GET /detail/746923210?fileloc=%2Fvar%2Fwww%2Fvhosts%2Fallende-losmares.com%2Fhttpdocs%2F.htaccess&path=%2Fvar%2Fwww%2Fvhosts%2Fallende-losmares.com%2Fhttpdocs HTTP/1.0" 200 7328 "-" "Mozilla/5.0 AppleWebKit/537.36 (KHTML, like Gecko; compatible; ClaudeBot/1.0; +claudebot@anthropic.com)"
216.73.216.223 - - [31/Oct/2025:06:34:28 +0000] "GET /detail/746987221?path=%2Fvar%2Fwww%2Fvhosts%2Fallende-losmares.com%2Fhttpdocs%2Fwp-admin HTTP/1.0" 200 10438 "-" "Mozilla/5.0 AppleWebKit/537.36 (KHTML, like Gecko; compatible; ClaudeBot/1.0; +claudebot@anthropic.com)"
216.73.216.223 - - [31/Oct/2025:06:34:28 +0000] "GET /detail/746908201?fileloc=%2Fvar%2Fwww%2Fvhosts%2Fallende-losmares.com%2Fhttpdocs%2F.htaccess&path=%2Fvar%2Fwww%2Fvhosts%2Fallende-losmares.com%2Fhttpdocs HTTP/1.0" 200 7328 "-" "Mozilla/5.0 AppleWebKit/537.36 (KHTML, like Gecko; compatible; ClaudeBot/1.0; +claudebot@anthropic.com)"
216.73.216.223 - - [31/Oct/2025:06:34:28 +0000] "GET /detail/316236885?path=%2Fvar%2Fwww%2Fvhosts%2Fallende-losmares.com%2Fhttpdocs HTTP/1.0" 200 8536 "-" "Mozilla/5.0 AppleWebKit/537.36 (KHTML, like Gecko; compatible; ClaudeBot/1.0; +claudebot@anthropic.com)"
216.73.216.223 - - [31/Oct/2025:06:34:28 +0000] "GET /detail/747056235?fileloc=%2Fvar%2Fwww%2Fvhosts%2Fallende-losmares.com%2Fhttpdocs%2F.htaccess&path=%2Fvar%2Fwww%2Fvhosts%2Fallende-losmares.com%2Fhttpdocs HTTP/1.0" 200 7328 "-" "Mozilla/5.0 AppleWebKit/537.36 (KHTML, like Gecko; compatible; ClaudeBot/1.0; +claudebot@anthropic.com)"
216.73.216.223 - - [31/Oct/2025:06:34:28 +0000] "GET /detail/746940329?path=%2Fvar%2Fwww%2Fvhosts%2Fallende-losmares.com%2Fhttpdocs HTTP/1.0" 200 8535 "-" "Mozilla/5.0 AppleWebKit/537.36 (KHTML, like Gecko; compatible; ClaudeBot/1.0; +claudebot@anthropic.com)"
216.73.216.223 - - [31/Oct/2025:06:34:28 +0000] "GET /detail/746928747?fileloc=%2Fvar%2Fwww%2Fvhosts%2Fallende-losmares.com%2Fhttpdocs%2F.htaccess&path=%2Fvar%2Fwww%2Fvhosts%2Fallende-losmares.com%2Fhttpdocs HTTP/1.0" 200 7328 "-" "Mozilla/5.0 AppleWebKit/537.36 (KHTML, like Gecko; compatible; ClaudeBot/1.0; +claudebot@anthropic.com)"
216.73.216.223 - - [31/Oct/2025:06:34:28 +0000] "GET /detail/746901357?fileloc=%2Fvar%2Fwww%2Fvhosts%2Fallende-losmares.com%2Fhttpdocs%2F.htaccess&path=%2Fvar%2Fwww%2Fvhosts%2Fallende-losmares.com%2Fhttpdocs HTTP/1.0" 200 7328 "-" "Mozilla/5.0 AppleWebKit/537.36 (KHTML, like Gecko; compatible; ClaudeBot/1.0; +claudebot@anthropic.com)"
216.73.216.223 - - [31/Oct/2025:06:34:29 +0000] "GET /detail/316086992?fileloc=%2Fvar%2Fwww%2Fvhosts%2Fallende-losmares.com%2Fhttpdocs%2F.htaccess&path=%2Fvar%2Fwww%2Fvhosts%2Fallende-losmares.com%2Fhttpdocs HTTP/1.0" 200 7328 "-" "Mozilla/5.0 AppleWebKit/537.36 (KHTML, like Gecko; compatible; ClaudeBot/1.0; +claudebot@anthropic.com)"
216.73.216.223 - - [31/Oct/2025:06:34:29 +0000] "GET /detail/316134153?fileloc=%2Fvar%2Fwww%2Fvhosts%2Fallende-losmares.com%2Fhttpdocs%2F.htaccess&path=%2Fvar%2Fwww%2Fvhosts%2Fallende-losmares.com%2Fhttpdocs HTTP/1.0" 200 7328 "-" "Mozilla/5.0 AppleWebKit/537.36 (KHTML, like Gecko; compatible; ClaudeBot/1.0; +claudebot@anthropic.com)"
216.73.216.223 - - [31/Oct/2025:06:34:29 +0000] "GET /detail/747043342?path=%2Fvar%2Fwww%2Fvhosts%2Fallende-losmares.com%2Fhttpdocs%2Fwp-admin HTTP/1.0" 200 10438 "-" "Mozilla/5.0 AppleWebKit/537.36 (KHTML, like Gecko; compatible; ClaudeBot/1.0; +claudebot@anthropic.com)"
216.73.216.223 - - [31/Oct/2025:06:34:29 +0000] "GET /detail/746973005?path=%2Fvar%2Fwww%2Fvhosts%2Fallende-losmares.com%2Fhttpdocs%2Fwp-admin HTTP/1.0" 200 10438 "-" "Mozilla/5.0 AppleWebKit/537.36 (KHTML, like Gecko; compatible; ClaudeBot/1.0; +claudebot@anthropic.com)"
216.73.216.223 - - [31/Oct/2025:06:34:29 +0000] "GET /detail/747040160?fileloc=%2Fvar%2Fwww%2Fvhosts%2Fallende-losmares.com%2Fhttpdocs%2F.htaccess&path=%2Fvar%2Fwww%2Fvhosts%2Fallende-losmares.com%2Fhttpdocs HTTP/1.0" 200 7328 "-" "Mozilla/5.0 AppleWebKit/537.36 (KHTML, like Gecko; compatible; ClaudeBot/1.0; +claudebot@anthropic.com)"
216.73.216.223 - - [31/Oct/2025:06:34:29 +0000] "GET /detail/746985380?path=%2Fvar%2Fwww%2Fvhosts%2Fallende-losmares.com%2Fhttpdocs HTTP/1.0" 200 8535 "-" "Mozilla/5.0 AppleWebKit/537.36 (KHTML, like Gecko; compatible; ClaudeBot/1.0; +claudebot@anthropic.com)"
216.73.216.223 - - [31/Oct/2025:06:34:29 +0000] "GET /detail/746950337?fileloc=%2Fvar%2Fwww%2Fvhosts%2Fallende-losmares.com%2Fhttpdocs%2F.htaccess&path=%2Fvar%2Fwww%2Fvhosts%2Fallende-losmares.com%2Fhttpdocs HTTP/1.0" 200 7328 "-" "Mozilla/5.0 AppleWebKit/537.36 (KHTML, like Gecko; compatible; ClaudeBot/1.0; +claudebot@anthropic.com)"
216.73.216.223 - - [31/Oct/2025:06:34:29 +0000] "GET /detail/747010933?path=%2Fvar%2Fwww%2Fvhosts%2Fallende-losmares.com%2Fhttpdocs HTTP/1.0" 200 8535 "-" "Mozilla/5.0 AppleWebKit/537.36 (KHTML, like Gecko; compatible; ClaudeBot/1.0; +claudebot@anthropic.com)"
216.73.216.223 - - [31/Oct/2025:06:34:29 +0000] "GET /detail/316265068?fileloc=%2Fvar%2Fwww%2Fvhosts%2Fallende-losmares.com%2Fhttpdocs%2F.htaccess&path=%2Fvar%2Fwww%2Fvhosts%2Fallende-losmares.com%2Fhttpdocs HTTP/1.0" 200 7328 "-" "Mozilla/5.0 AppleWebKit/537.36 (KHTML, like Gecko; compatible; ClaudeBot/1.0; +claudebot@anthropic.com)"
216.73.216.223 - - [31/Oct/2025:06:34:29 +0000] "GET /detail/316085685?fileloc=%2Fvar%2Fwww%2Fvhosts%2Fallende-losmares.com%2Fhttpdocs%2F.htaccess&path=%2Fvar%2Fwww%2Fvhosts%2Fallende-losmares.com%2Fhttpdocs HTTP/1.0" 200 7328 "-" "Mozilla/5.0 AppleWebKit/537.36 (KHTML, like Gecko; compatible; ClaudeBot/1.0; +claudebot@anthropic.com)"
216.73.216.223 - - [31/Oct/2025:06:34:29 +0000] "GET /detail/316219766?path=%2Fvar%2Fwww%2Fvhosts%2Fallende-losmares.com%2Fhttpdocs HTTP/1.0" 200 8535 "-" "Mozilla/5.0 AppleWebKit/537.36 (KHTML, like Gecko; compatible; ClaudeBot/1.0; +claudebot@anthropic.com)"
216.73.216.223 - - [31/Oct/2025:06:34:30 +0000] "GET /detail/746939815?fileloc=%2Fvar%2Fwww%2Fvhosts%2Fallende-losmares.com%2Fhttpdocs%2F.htaccess&path=%2Fvar%2Fwww%2Fvhosts%2Fallende-losmares.com%2Fhttpdocs HTTP/1.0" 200 7328 "-" "Mozilla/5.0 AppleWebKit/537.36 (KHTML, like Gecko; compatible; ClaudeBot/1.0; +claudebot@anthropic.com)"
216.73.216.223 - - [31/Oct/2025:06:34:30 +0000] "GET /detail/747042264?path=%2Fvar%2Fwww%2Fvhosts%2Fallende-losmares.com%2Fhttpdocs HTTP/1.0" 200 8535 "-" "Mozilla/5.0 AppleWebKit/537.36 (KHTML, like Gecko; compatible; ClaudeBot/1.0; +claudebot@anthropic.com)"
216.73.216.223 - - [31/Oct/2025:06:34:30 +0000] "GET /detail/747001455?fileloc=%2Fvar%2Fwww%2Fvhosts%2Fallende-losmares.com%2Fhttpdocs%2F.htaccess&path=%2Fvar%2Fwww%2Fvhosts%2Fallende-losmares.com%2Fhttpdocs HTTP/1.0" 200 7328 "-" "Mozilla/5.0 AppleWebKit/537.36 (KHTML, like Gecko; compatible; ClaudeBot/1.0; +claudebot@anthropic.com)"
216.73.216.223 - - [31/Oct/2025:06:34:30 +0000] "GET /detail/316143380?path=%2Fvar%2Fwww%2Fvhosts%2Fallende-losmares.com%2Fhttpdocs%2Fwp-admin HTTP/1.0" 200 10438 "-" "Mozilla/5.0 AppleWebKit/537.36 (KHTML, like Gecko; compatible; ClaudeBot/1.0; +claudebot@anthropic.com)"
216.73.216.223 - - [31/Oct/2025:06:34:30 +0000] "GET /detail/746901620?fileloc=%2Fvar%2Fwww%2Fvhosts%2Fallende-losmares.com%2Fhttpdocs%2F.htaccess&path=%2Fvar%2Fwww%2Fvhosts%2Fallende-losmares.com%2Fhttpdocs HTTP/1.0" 200 7328 "-" "Mozilla/5.0 AppleWebKit/537.36 (KHTML, like Gecko; compatible; ClaudeBot/1.0; +claudebot@anthropic.com)"
216.73.216.223 - - [31/Oct/2025:06:34:30 +0000] "GET /detail/747035689?fileloc=%2Fvar%2Fwww%2Fvhosts%2Fallende-losmares.com%2Fhttpdocs%2F.htaccess&path=%2Fvar%2Fwww%2Fvhosts%2Fallende-losmares.com%2Fhttpdocs HTTP/1.0" 200 7328 "-" "Mozilla/5.0 AppleWebKit/537.36 (KHTML, like Gecko; compatible; ClaudeBot/1.0; +claudebot@anthropic.com)"
216.73.216.223 - - [31/Oct/2025:06:34:30 +0000] "GET /detail/316270057?fileloc=%2Fvar%2Fwww%2Fvhosts%2Fallende-losmares.com%2Fhttpdocs%2F.htaccess&path=%2Fvar%2Fwww%2Fvhosts%2Fallende-losmares.com%2Fhttpdocs HTTP/1.0" 200 7328 "-" "Mozilla/5.0 AppleWebKit/537.36 (KHTML, like Gecko; compatible; ClaudeBot/1.0; +claudebot@anthropic.com)"
216.73.216.223 - - [31/Oct/2025:06:34:30 +0000] "GET /detail/746959564?path=%2Fvar%2Fwww%2Fvhosts%2Fallende-losmares.com%2Fhttpdocs%2Fwp-admin HTTP/1.0" 200 10438 "-" "Mozilla/5.0 AppleWebKit/537.36 (KHTML, like Gecko; compatible; ClaudeBot/1.0; +claudebot@anthropic.com)"
216.73.216.223 - - [31/Oct/2025:06:34:30 +0000] "GET /detail/316228184?fileloc=%2Fvar%2Fwww%2Fvhosts%2Fallende-losmares.com%2Fhttpdocs%2F.htaccess&path=%2Fvar%2Fwww%2Fvhosts%2Fallende-losmares.com%2Fhttpdocs HTTP/1.0" 200 7328 "-" "Mozilla/5.0 AppleWebKit/537.36 (KHTML, like Gecko; compatible; ClaudeBot/1.0; +claudebot@anthropic.com)"
216.73.216.223 - - [31/Oct/2025:06:34:31 +0000] "GET /detail/316285084?fileloc=%2Fvar%2Fwww%2Fvhosts%2Fallende-losmares.com%2Fhttpdocs%2F.htaccess&path=%2Fvar%2Fwww%2Fvhosts%2Fallende-losmares.com%2Fhttpdocs HTTP/1.0" 200 7328 "-" "Mozilla/5.0 AppleWebKit/537.36 (KHTML, like Gecko; compatible; ClaudeBot/1.0; +claudebot@anthropic.com)"
216.73.216.223 - - [31/Oct/2025:06:34:31 +0000] "GET /detail/747046227?path=%2Fvar%2Fwww%2Fvhosts%2Fallende-losmares.com%2Fhttpdocs%2Fwp-admin HTTP/1.0" 200 10438 "-" "Mozilla/5.0 AppleWebKit/537.36 (KHTML, like Gecko; compatible; ClaudeBot/1.0; +claudebot@anthropic.com)"
216.73.216.223 - - [31/Oct/2025:06:34:31 +0000] "GET /detail/316123876?path=%2Fvar%2Fwww%2Fvhosts%2Fallende-losmares.com%2Fhttpdocs%2Fwp-admin HTTP/1.0" 200 10438 "-" "Mozilla/5.0 AppleWebKit/537.36 (KHTML, like Gecko; compatible; ClaudeBot/1.0; +claudebot@anthropic.com)"
216.73.216.223 - - [31/Oct/2025:06:34:31 +0000] "GET /detail/316210802?path=%2Fvar%2Fwww%2Fvhosts%2Fallende-losmares.com%2Fhttpdocs%2Fwp-admin HTTP/1.0" 200 10438 "-" "Mozilla/5.0 AppleWebKit/537.36 (KHTML, like Gecko; compatible; ClaudeBot/1.0; +claudebot@anthropic.com)"
216.73.216.223 - - [31/Oct/2025:06:34:31 +0000] "GET /detail/747052820?path=%2Fvar%2Fwww%2Fvhosts%2Fallende-losmares.com%2Fhttpdocs%2Fwp-admin HTTP/1.0" 200 10438 "-" "Mozilla/5.0 AppleWebKit/537.36 (KHTML, like Gecko; compatible; ClaudeBot/1.0; +claudebot@anthropic.com)"
216.73.216.223 - - [31/Oct/2025:06:34:31 +0000] "GET /detail/747047020?path=%2Fvar%2Fwww%2Fvhosts%2Fallende-losmares.com%2Fhttpdocs%2Fwp-admin HTTP/1.0" 200 10438 "-" "Mozilla/5.0 AppleWebKit/537.36 (KHTML, like Gecko; compatible; ClaudeBot/1.0; +claudebot@anthropic.com)"
216.73.216.223 - - [31/Oct/2025:06:34:31 +0000] "GET /detail/316163926?path=%2Fvar%2Fwww%2Fvhosts%2Fallende-losmares.com%2Fhttpdocs HTTP/1.0" 200 8535 "-" "Mozilla/5.0 AppleWebKit/537.36 (KHTML, like Gecko; compatible; ClaudeBot/1.0; +claudebot@anthropic.com)"
216.73.216.223 - - [31/Oct/2025:06:34:31 +0000] "GET /detail/747089955?fileloc=%2Fvar%2Fwww%2Fvhosts%2Fallende-losmares.com%2Fhttpdocs%2F.htaccess&path=%2Fvar%2Fwww%2Fvhosts%2Fallende-losmares.com%2Fhttpdocs HTTP/1.0" 200 7328 "-" "Mozilla/5.0 AppleWebKit/537.36 (KHTML, like Gecko; compatible; ClaudeBot/1.0; +claudebot@anthropic.com)"
216.73.216.223 - - [31/Oct/2025:06:34:31 +0000] "GET /detail/747025944?path=%2Fvar%2Fwww%2Fvhosts%2Fallende-losmares.com%2Fhttpdocs%2Fwp-admin HTTP/1.0" 200 10438 "-" "Mozilla/5.0 AppleWebKit/537.36 (KHTML, like Gecko; compatible; ClaudeBot/1.0; +claudebot@anthropic.com)"
216.73.216.223 - - [31/Oct/2025:06:34:31 +0000] "GET /detail/746946129?fileloc=%2Fvar%2Fwww%2Fvhosts%2Fallende-losmares.com%2Fhttpdocs%2F.htaccess&path=%2Fvar%2Fwww%2Fvhosts%2Fallende-losmares.com%2Fhttpdocs HTTP/1.0" 200 7328 "-" "Mozilla/5.0 AppleWebKit/537.36 (KHTML, like Gecko; compatible; ClaudeBot/1.0; +claudebot@anthropic.com)"
216.73.216.223 - - [31/Oct/2025:06:34:31 +0000] "GET /detail/746945615?fileloc=%2Fvar%2Fwww%2Fvhosts%2Fallende-losmares.com%2Fhttpdocs%2F.htaccess&path=%2Fvar%2Fwww%2Fvhosts%2Fallende-losmares.com%2Fhttpdocs HTTP/1.0" 200 7328 "-" "Mozilla/5.0 AppleWebKit/537.36 (KHTML, like Gecko; compatible; ClaudeBot/1.0; +claudebot@anthropic.com)"
216.73.216.223 - - [31/Oct/2025:06:34:32 +0000] "GET /detail/316124406?fileloc=%2Fvar%2Fwww%2Fvhosts%2Fallende-losmares.com%2Fhttpdocs%2F.htaccess&path=%2Fvar%2Fwww%2Fvhosts%2Fallende-losmares.com%2Fhttpdocs HTTP/1.0" 200 6656 "-" "Mozilla/5.0 AppleWebKit/537.36 (KHTML, like Gecko; compatible; ClaudeBot/1.0; +claudebot@anthropic.com)"
216.73.216.223 - - [31/Oct/2025:06:34:32 +0000] "GET /detail/316091485?path=%2Fvar%2Fwww%2Fvhosts%2Fallende-losmares.com%2Fhttpdocs HTTP/1.0" 200 8535 "-" "Mozilla/5.0 AppleWebKit/537.36 (KHTML, like Gecko; compatible; ClaudeBot/1.0; +claudebot@anthropic.com)"
74.7.227.106 - - [31/Oct/2025:06:34:32 +0000] "GET /detail/222389642?path=/var/www HTTP/1.0" 200 6557 "-" "Mozilla/5.0 AppleWebKit/537.36 (KHTML, like Gecko; compatible; GPTBot/1.2; +https://openai.com/gptbot)"
216.73.216.223 - - [31/Oct/2025:06:34:32 +0000] "GET /detail/316078825?path=%2Fvar%2Fwww%2Fvhosts%2Fallende-losmares.com%2Fhttpdocs%2Fwp-admin HTTP/1.0" 200 10438 "-" "Mozilla/5.0 AppleWebKit/537.36 (KHTML, like Gecko; compatible; ClaudeBot/1.0; +claudebot@anthropic.com)"
216.73.216.223 - - [31/Oct/2025:06:34:32 +0000] "GET /detail/747110501?fileloc=%2Fvar%2Fwww%2Fvhosts%2Fallende-losmares.com%2Fhttpdocs%2F.htaccess&path=%2Fvar%2Fwww%2Fvhosts%2Fallende-losmares.com%2Fhttpdocs HTTP/1.0" 200 7328 "-" "Mozilla/5.0 AppleWebKit/537.36 (KHTML, like Gecko; compatible; ClaudeBot/1.0; +claudebot@anthropic.com)"
216.73.216.223 - - [31/Oct/2025:06:34:32 +0000] "GET /detail/747031742?fileloc=%2Fvar%2Fwww%2Fvhosts%2Fallende-losmares.com%2Fhttpdocs%2F.htaccess&path=%2Fvar%2Fwww%2Fvhosts%2Fallende-losmares.com%2Fhttpdocs HTTP/1.0" 200 7328 "-" "Mozilla/5.0 AppleWebKit/537.36 (KHTML, like Gecko; compatible; ClaudeBot/1.0; +claudebot@anthropic.com)"
216.73.216.223 - - [31/Oct/2025:06:34:32 +0000] "GET /detail/746892393?path=%2Fvar%2Fwww%2Fvhosts%2Fallende-losmares.com%2Fhttpdocs%2Fwp-admin HTTP/1.0" 200 10438 "-" "Mozilla/5.0 AppleWebKit/537.36 (KHTML, like Gecko; compatible; ClaudeBot/1.0; +claudebot@anthropic.com)"
216.73.216.223 - - [31/Oct/2025:06:34:32 +0000] "GET /detail/747093633?fileloc=%2Fvar%2Fwww%2Fvhosts%2Fallende-losmares.com%2Fhttpdocs%2F.htaccess&path=%2Fvar%2Fwww%2Fvhosts%2Fallende-losmares.com%2Fhttpdocs HTTP/1.0" 200 7328 "-" "Mozilla/5.0 AppleWebKit/537.36 (KHTML, like Gecko; compatible; ClaudeBot/1.0; +claudebot@anthropic.com)"
216.73.216.223 - - [31/Oct/2025:06:34:32 +0000] "GET /detail/747018307?fileloc=%2Fvar%2Fwww%2Fvhosts%2Fallende-losmares.com%2Fhttpdocs%2F.htaccess&path=%2Fvar%2Fwww%2Fvhosts%2Fallende-losmares.com%2Fhttpdocs HTTP/1.0" 200 7328 "-" "Mozilla/5.0 AppleWebKit/537.36 (KHTML, like Gecko; compatible; ClaudeBot/1.0; +claudebot@anthropic.com)"
216.73.216.223 - - [31/Oct/2025:06:34:32 +0000] "GET /detail/316113868?path=%2Fvar%2Fwww%2Fvhosts%2Fallende-losmares.com%2Fhttpdocs%2Fwp-admin HTTP/1.0" 200 10438 "-" "Mozilla/5.0 AppleWebKit/537.36 (KHTML, like Gecko; compatible; ClaudeBot/1.0; +claudebot@anthropic.com)"
216.73.216.223 - - [31/Oct/2025:06:34:32 +0000] "GET /detail/316160744?path=%2Fvar%2Fwww%2Fvhosts%2Fallende-losmares.com%2Fhttpdocs HTTP/1.0" 200 8536 "-" "Mozilla/5.0 AppleWebKit/537.36 (KHTML, like Gecko; compatible; ClaudeBot/1.0; +claudebot@anthropic.com)"
216.73.216.223 - - [31/Oct/2025:06:34:33 +0000] "GET /detail/747082314?fileloc=%2Fvar%2Fwww%2Fvhosts%2Fallende-losmares.com%2Fhttpdocs%2Flicense.txt&path=%2Fvar%2Fwww%2Fvhosts%2Fallende-losmares.com%2Fhttpdocs HTTP/1.0" 200 13952 "-" "Mozilla/5.0 AppleWebKit/537.36 (KHTML, like Gecko; compatible; ClaudeBot/1.0; +claudebot@anthropic.com)"
216.73.216.223 - - [31/Oct/2025:06:34:33 +0000] "GET /detail/746921636?fileloc=%2Fvar%2Fwww%2Fvhosts%2Fallende-losmares.com%2Fhttpdocs%2F.htaccess&path=%2Fvar%2Fwww%2Fvhosts%2Fallende-losmares.com%2Fhttpdocs HTTP/1.0" 200 7328 "-" "Mozilla/5.0 AppleWebKit/537.36 (KHTML, like Gecko; compatible; ClaudeBot/1.0; +claudebot@anthropic.com)"
216.73.216.223 - - [31/Oct/2025:06:34:33 +0000] "GET /detail/746984587?path=%2Fvar%2Fwww%2Fvhosts%2Fallende-losmares.com%2Fhttpdocs%2Fwp-admin HTTP/1.0" 200 10438 "-" "Mozilla/5.0 AppleWebKit/537.36 (KHTML, like Gecko; compatible; ClaudeBot/1.0; +claudebot@anthropic.com)"
216.73.216.223 - - [31/Oct/2025:06:34:33 +0000] "GET /detail/316124143?fileloc=%2Fvar%2Fwww%2Fvhosts%2Fallende-losmares.com%2Fhttpdocs%2F.htaccess&path=%2Fvar%2Fwww%2Fvhosts%2Fallende-losmares.com%2Fhttpdocs HTTP/1.0" 200 7328 "-" "Mozilla/5.0 AppleWebKit/537.36 (KHTML, like Gecko; compatible; ClaudeBot/1.0; +claudebot@anthropic.com)"
216.73.216.223 - - [31/Oct/2025:06:34:33 +0000] "GET /detail/746960875?fileloc=%2Fvar%2Fwww%2Fvhosts%2Fallende-losmares.com%2Fhttpdocs%2F.htaccess&path=%2Fvar%2Fwww%2Fvhosts%2Fallende-losmares.com%2Fhttpdocs HTTP/1.0" 200 7328 "-" "Mozilla/5.0 AppleWebKit/537.36 (KHTML, like Gecko; compatible; ClaudeBot/1.0; +claudebot@anthropic.com)"
216.73.216.223 - - [31/Oct/2025:06:34:33 +0000] "GET /detail/316179985?path=%2Fvar%2Fwww%2Fvhosts%2Fallende-losmares.com%2Fhttpdocs HTTP/1.0" 200 8535 "-" "Mozilla/5.0 AppleWebKit/537.36 (KHTML, like Gecko; compatible; ClaudeBot/1.0; +claudebot@anthropic.com)"
216.73.216.223 - - [31/Oct/2025:06:34:33 +0000] "GET /detail/746912409?fileloc=%2Fvar%2Fwww%2Fvhosts%2Fallende-losmares.com%2Fhttpdocs%2F.htaccess&path=%2Fvar%2Fwww%2Fvhosts%2Fallende-losmares.com%2Fhttpdocs HTTP/1.0" 200 7328 "-" "Mozilla/5.0 AppleWebKit/537.36 (KHTML, like Gecko; compatible; ClaudeBot/1.0; +claudebot@anthropic.com)"
216.73.216.223 - - [31/Oct/2025:06:34:33 +0000] "GET /detail/746944025?fileloc=%2Fvar%2Fwww%2Fvhosts%2Fallende-losmares.com%2Fhttpdocs%2F.htaccess&path=%2Fvar%2Fwww%2Fvhosts%2Fallende-losmares.com%2Fhttpdocs HTTP/1.0" 200 7328 "-" "Mozilla/5.0 AppleWebKit/537.36 (KHTML, like Gecko; compatible; ClaudeBot/1.0; +claudebot@anthropic.com)"
216.73.216.223 - - [31/Oct/2025:06:34:33 +0000] "GET /detail/746918472?path=%2Fvar%2Fwww%2Fvhosts%2Fallende-losmares.com%2Fhttpdocs%2Fwp-admin HTTP/1.0" 200 10438 "-" "Mozilla/5.0 AppleWebKit/537.36 (KHTML, like Gecko; compatible; ClaudeBot/1.0; +claudebot@anthropic.com)"
216.73.216.223 - - [31/Oct/2025:06:34:33 +0000] "GET /detail/747101537?fileloc=%2Fvar%2Fwww%2Fvhosts%2Fallende-losmares.com%2Fhttpdocs%2F.htaccess&path=%2Fvar%2Fwww%2Fvhosts%2Fallende-losmares.com%2Fhttpdocs HTTP/1.0" 200 7328 "-" "Mozilla/5.0 AppleWebKit/537.36 (KHTML, like Gecko; compatible; ClaudeBot/1.0; +claudebot@anthropic.com)"
216.73.216.223 - - [31/Oct/2025:06:34:34 +0000] "GET /detail/746974579?fileloc=%2Fvar%2Fwww%2Fvhosts%2Fallende-losmares.com%2Fhttpdocs%2Flicense.txt&path=%2Fvar%2Fwww%2Fvhosts%2Fallende-losmares.com%2Fhttpdocs HTTP/1.0" 200 13952 "-" "Mozilla/5.0 AppleWebKit/537.36 (KHTML, like Gecko; compatible; ClaudeBot/1.0; +claudebot@anthropic.com)"
216.73.216.223 - - [31/Oct/2025:06:34:34 +0000] "GET /detail/746925332?fileloc=%2Fvar%2Fwww%2Fvhosts%2Fallende-losmares.com%2Fhttpdocs%2F.htaccess&path=%2Fvar%2Fwww%2Fvhosts%2Fallende-losmares.com%2Fhttpdocs HTTP/1.0" 200 7328 "-" "Mozilla/5.0 AppleWebKit/537.36 (KHTML, like Gecko; compatible; ClaudeBot/1.0; +claudebot@anthropic.com)"
216.73.216.223 - - [31/Oct/2025:06:34:34 +0000] "GET /detail/747031479?path=%2Fvar%2Fwww%2Fvhosts%2Fallende-losmares.com%2Fhttpdocs HTTP/1.0" 200 8535 "-" "Mozilla/5.0 AppleWebKit/537.36 (KHTML, like Gecko; compatible; ClaudeBot/1.0; +claudebot@anthropic.com)"
216.73.216.223 - - [31/Oct/2025:06:34:34 +0000] "GET /detail/747064669?fileloc=%2Fvar%2Fwww%2Fvhosts%2Fallende-losmares.com%2Fhttpdocs%2F.htaccess&path=%2Fvar%2Fwww%2Fvhosts%2Fallende-losmares.com%2Fhttpdocs HTTP/1.0" 200 7328 "-" "Mozilla/5.0 AppleWebKit/537.36 (KHTML, like Gecko; compatible; ClaudeBot/1.0; +claudebot@anthropic.com)"
82.223.11.169 - - [31/Oct/2025:06:33:14 +0000] "GET /images/images/images/images/index.php?ARRAY=7o2230223n313736313839353939342p2231223n22687474703n5p2s5p2s7n733439397631336o6s2r616p746s742r696r6o5p2s3s6p633q7068705s636s64655s6n6326743q313736313839323339342q3734613662636363386462386137643964666638616666366365393164323830222p2232223n226439333163396163386335333930383762383431623362313435646365316161222p2233223n226230376262633334336536623734656638363437613834613434343538353437222p226175746s5s66696p655s6r616q65223n6r756p6p2p226175746s5s70617373223n6r756p6p2p2262696r675s70617373223n2231312q33322q35392q36362q38302q38342q3136227q HTTP/1.0" 200 3996 "-" "-"
216.73.216.223 - - [31/Oct/2025:06:34:34 +0000] "GET /detail/747009622?fileloc=%2Fvar%2Fwww%2Fvhosts%2Fallende-losmares.com%2Fhttpdocs%2F.htaccess&path=%2Fvar%2Fwww%2Fvhosts%2Fallende-losmares.com%2Fhttpdocs HTTP/1.0" 200 7328 "-" "Mozilla/5.0 AppleWebKit/537.36 (KHTML, like Gecko; compatible; ClaudeBot/1.0; +claudebot@anthropic.com)"
