216.73.216.223 - - [31/Oct/2025:06:43:48 +0000] "GET /detail/316265068?path=%2Fvar%2Fwww%2Fvhosts HTTP/1.0" 200 6567 "-" "Mozilla/5.0 AppleWebKit/537.36 (KHTML, like Gecko; compatible; ClaudeBot/1.0; +claudebot@anthropic.com)"
216.73.216.223 - - [31/Oct/2025:06:43:49 +0000] "GET /detail/747027271?path=%2Fvar%2Fwww%2Fvhosts HTTP/1.0" 200 6567 "-" "Mozilla/5.0 AppleWebKit/537.36 (KHTML, like Gecko; compatible; ClaudeBot/1.0; +claudebot@anthropic.com)"
216.73.216.223 - - [31/Oct/2025:06:43:49 +0000] "GET /detail/747037279?path=%2Fvar%2Fwww%2Fvhosts%2Fallende-losmares.com%2Fhttpdocs%2F.well-known HTTP/1.0" 200 6971 "-" "Mozilla/5.0 AppleWebKit/537.36 (KHTML, like Gecko; compatible; ClaudeBot/1.0; +claudebot@anthropic.com)"
216.73.216.223 - - [31/Oct/2025:06:43:49 +0000] "GET /detail/316123083?path=%2Fvar%2Fwww%2Fvhosts%2Fallende-losmares.com%2Fhttpdocs%2F.well-known HTTP/1.0" 200 6971 "-" "Mozilla/5.0 AppleWebKit/537.36 (KHTML, like Gecko; compatible; ClaudeBot/1.0; +claudebot@anthropic.com)"
216.73.216.223 - - [31/Oct/2025:06:43:49 +0000] "GET /detail/747022515?path=%2Fvar%2Fwww%2Fvhosts HTTP/1.0" 200 6567 "-" "Mozilla/5.0 AppleWebKit/537.36 (KHTML, like Gecko; compatible; ClaudeBot/1.0; +claudebot@anthropic.com)"
216.73.216.223 - - [31/Oct/2025:06:43:49 +0000] "GET /detail/316145751?path=%2Fvar%2Fwww%2Fvhosts%2Fallende-losmares.com%2Fhttpdocs%2F.well-known HTTP/1.0" 200 6971 "-" "Mozilla/5.0 AppleWebKit/537.36 (KHTML, like Gecko; compatible; ClaudeBot/1.0; +claudebot@anthropic.com)"
216.73.216.223 - - [31/Oct/2025:06:43:49 +0000] "GET /detail/746912409?path=%2Fvar%2Fwww%2Fvhosts HTTP/1.0" 200 6567 "-" "Mozilla/5.0 AppleWebKit/537.36 (KHTML, like Gecko; compatible; ClaudeBot/1.0; +claudebot@anthropic.com)"
216.73.216.223 - - [31/Oct/2025:06:43:49 +0000] "GET /detail/746960345?path=%2Fvar%2Fwww%2Fvhosts HTTP/1.0" 200 6567 "-" "Mozilla/5.0 AppleWebKit/537.36 (KHTML, like Gecko; compatible; ClaudeBot/1.0; +claudebot@anthropic.com)"
216.73.216.223 - - [31/Oct/2025:06:43:49 +0000] "GET /detail/316098859?path=%2Fvar%2Fwww%2Fvhosts HTTP/1.0" 200 6567 "-" "Mozilla/5.0 AppleWebKit/537.36 (KHTML, like Gecko; compatible; ClaudeBot/1.0; +claudebot@anthropic.com)"
216.73.216.223 - - [31/Oct/2025:06:43:49 +0000] "GET /detail/747025944?path=%2Fvar%2Fwww%2Fvhosts%2Fallende-losmares.com%2Fhttpdocs%2F.well-known HTTP/1.0" 200 6971 "-" "Mozilla/5.0 AppleWebKit/537.36 (KHTML, like Gecko; compatible; ClaudeBot/1.0; +claudebot@anthropic.com)"
216.73.216.223 - - [31/Oct/2025:06:43:49 +0000] "GET /detail/316210802?path=%2Fvar%2Fwww%2Fvhosts%2Fallende-losmares.com%2Fhttpdocs%2F.well-known HTTP/1.0" 200 6971 "-" "Mozilla/5.0 AppleWebKit/537.36 (KHTML, like Gecko; compatible; ClaudeBot/1.0; +claudebot@anthropic.com)"
216.73.216.223 - - [31/Oct/2025:06:43:49 +0000] "GET /detail/316128616?path=%2Fvar%2Fwww%2Fvhosts HTTP/1.0" 200 6567 "-" "Mozilla/5.0 AppleWebKit/537.36 (KHTML, like Gecko; compatible; ClaudeBot/1.0; +claudebot@anthropic.com)"
216.73.216.223 - - [31/Oct/2025:06:43:50 +0000] "GET /detail/746975372?path=%2Fvar%2Fwww%2Fvhosts%2Fallende-losmares.com%2Fhttpdocs%2F.well-known HTTP/1.0" 200 6971 "-" "Mozilla/5.0 AppleWebKit/537.36 (KHTML, like Gecko; compatible; ClaudeBot/1.0; +claudebot@anthropic.com)"
216.73.216.223 - - [31/Oct/2025:06:43:50 +0000] "GET /detail/316113868?path=%2Fvar%2Fwww%2Fvhosts HTTP/1.0" 200 6567 "-" "Mozilla/5.0 AppleWebKit/537.36 (KHTML, like Gecko; compatible; ClaudeBot/1.0; +claudebot@anthropic.com)"
216.73.216.223 - - [31/Oct/2025:06:43:50 +0000] "GET /detail/746937444?path=%2Fvar%2Fwww%2Fvhosts HTTP/1.0" 200 6567 "-" "Mozilla/5.0 AppleWebKit/537.36 (KHTML, like Gecko; compatible; ClaudeBot/1.0; +claudebot@anthropic.com)"
216.73.216.223 - - [31/Oct/2025:06:43:50 +0000] "GET /detail/747087052?path=%2Fvar%2Fwww%2Fvhosts%2Fallende-losmares.com%2Fhttpdocs%2F.well-known HTTP/1.0" 200 6971 "-" "Mozilla/5.0 AppleWebKit/537.36 (KHTML, like Gecko; compatible; ClaudeBot/1.0; +claudebot@anthropic.com)"
216.73.216.223 - - [31/Oct/2025:06:43:50 +0000] "GET /detail/746897942?path=%2Fvar%2Fwww%2Fvhosts%2Fallende-losmares.com%2Fhttpdocs%2F.well-known HTTP/1.0" 200 6971 "-" "Mozilla/5.0 AppleWebKit/537.36 (KHTML, like Gecko; compatible; ClaudeBot/1.0; +claudebot@anthropic.com)"
216.73.216.223 - - [31/Oct/2025:06:43:50 +0000] "GET /detail/316120198?path=%2Fvar%2Fwww%2Fvhosts%2Fallende-losmares.com%2Fhttpdocs%2F.well-known HTTP/1.0" 200 6971 "-" "Mozilla/5.0 AppleWebKit/537.36 (KHTML, like Gecko; compatible; ClaudeBot/1.0; +claudebot@anthropic.com)"
216.73.216.223 - - [31/Oct/2025:06:43:50 +0000] "GET /detail/746943244?path=%2Fvar%2Fwww%2Fvhosts%2Fallende-losmares.com%2Fhttpdocs%2F.well-known HTTP/1.0" 200 6971 "-" "Mozilla/5.0 AppleWebKit/537.36 (KHTML, like Gecko; compatible; ClaudeBot/1.0; +claudebot@anthropic.com)"
216.73.216.223 - - [31/Oct/2025:06:43:50 +0000] "GET /detail/746906609?path=%2Fvar%2Fwww%2Fvhosts%2Fallende-losmares.com%2Fhttpdocs%2F.well-known HTTP/1.0" 200 6971 "-" "Mozilla/5.0 AppleWebKit/537.36 (KHTML, like Gecko; compatible; ClaudeBot/1.0; +claudebot@anthropic.com)"
216.73.216.223 - - [31/Oct/2025:06:43:50 +0000] "GET /detail/746905828?path=%2Fvar%2Fwww%2Fvhosts%2Fallende-losmares.com%2Fhttpdocs%2F.well-known HTTP/1.0" 200 6971 "-" "Mozilla/5.0 AppleWebKit/537.36 (KHTML, like Gecko; compatible; ClaudeBot/1.0; +claudebot@anthropic.com)"
216.73.216.223 - - [31/Oct/2025:06:43:50 +0000] "GET /detail/746918472?path=%2Fvar%2Fwww%2Fvhosts%2Fallende-losmares.com%2Fhttpdocs%2F.well-known HTTP/1.0" 200 6971 "-" "Mozilla/5.0 AppleWebKit/537.36 (KHTML, like Gecko; compatible; ClaudeBot/1.0; +claudebot@anthropic.com)"
216.73.216.223 - - [31/Oct/2025:06:43:50 +0000] "GET /detail/746951927?path=%2Fvar%2Fwww%2Fvhosts%2Fallende-losmares.com%2Fhttpdocs%2F.well-known HTTP/1.0" 200 6971 "-" "Mozilla/5.0 AppleWebKit/537.36 (KHTML, like Gecko; compatible; ClaudeBot/1.0; +claudebot@anthropic.com)"
216.73.216.223 - - [31/Oct/2025:06:43:51 +0000] "GET /detail/747110501?path=%2Fvar%2Fwww%2Fvhosts HTTP/1.0" 200 6567 "-" "Mozilla/5.0 AppleWebKit/537.36 (KHTML, like Gecko; compatible; ClaudeBot/1.0; +claudebot@anthropic.com)"
216.73.216.223 - - [31/Oct/2025:06:43:51 +0000] "GET /detail/747089955?path=%2Fvar%2Fwww%2Fvhosts%2Fallende-losmares.com%2Fhttpdocs%2F.well-known HTTP/1.0" 200 6971 "-" "Mozilla/5.0 AppleWebKit/537.36 (KHTML, like Gecko; compatible; ClaudeBot/1.0; +claudebot@anthropic.com)"
216.73.216.223 - - [31/Oct/2025:06:43:51 +0000] "GET /detail/747052820?path=%2Fvar%2Fwww%2Fvhosts%2Fallende-losmares.com%2Fhttpdocs%2F.well-known HTTP/1.0" 200 6971 "-" "Mozilla/5.0 AppleWebKit/537.36 (KHTML, like Gecko; compatible; ClaudeBot/1.0; +claudebot@anthropic.com)"
216.73.216.223 - - [31/Oct/2025:06:43:51 +0000] "GET /detail/746892393?path=%2Fvar%2Fwww%2Fvhosts%2Fallende-losmares.com%2Fhttpdocs%2F.well-known HTTP/1.0" 200 6971 "-" "Mozilla/5.0 AppleWebKit/537.36 (KHTML, like Gecko; compatible; ClaudeBot/1.0; +claudebot@anthropic.com)"
216.73.216.223 - - [31/Oct/2025:06:43:51 +0000] "GET /detail/746895820?path=%2Fvar%2Fwww%2Fvhosts%2Fallende-losmares.com%2Fhttpdocs%2F.well-known HTTP/1.0" 200 6971 "-" "Mozilla/5.0 AppleWebKit/537.36 (KHTML, like Gecko; compatible; ClaudeBot/1.0; +claudebot@anthropic.com)"
216.73.216.223 - - [31/Oct/2025:06:43:51 +0000] "GET /detail/747031479?path=%2Fvar%2Fwww HTTP/1.0" 200 6557 "-" "Mozilla/5.0 AppleWebKit/537.36 (KHTML, like Gecko; compatible; ClaudeBot/1.0; +claudebot@anthropic.com)"
216.73.216.223 - - [31/Oct/2025:06:43:51 +0000] "GET /detail/746921903?path=%2Fvar%2Fwww%2Fvhosts HTTP/1.0" 200 6567 "-" "Mozilla/5.0 AppleWebKit/537.36 (KHTML, like Gecko; compatible; ClaudeBot/1.0; +claudebot@anthropic.com)"
216.73.216.223 - - [31/Oct/2025:06:43:51 +0000] "GET /detail/747030682?path=%2Fvar%2Fwww%2Fvhosts%2Fallende-losmares.com%2Fhttpdocs%2F.well-known HTTP/1.0" 200 6971 "-" "Mozilla/5.0 AppleWebKit/537.36 (KHTML, like Gecko; compatible; ClaudeBot/1.0; +claudebot@anthropic.com)"
216.73.216.223 - - [31/Oct/2025:06:43:51 +0000] "GET /detail/746936651?path=%2Fvar%2Fwww%2Fvhosts HTTP/1.0" 200 6567 "-" "Mozilla/5.0 AppleWebKit/537.36 (KHTML, like Gecko; compatible; ClaudeBot/1.0; +claudebot@anthropic.com)"
216.73.216.223 - - [31/Oct/2025:06:43:51 +0000] "GET /detail/746893983?path=%2Fvar%2Fwww%2Fvhosts HTTP/1.0" 200 6567 "-" "Mozilla/5.0 AppleWebKit/537.36 (KHTML, like Gecko; compatible; ClaudeBot/1.0; +claudebot@anthropic.com)"
216.73.216.223 - - [31/Oct/2025:06:43:51 +0000] "GET /detail/746955886?path=%2Fvar%2Fwww%2Fvhosts HTTP/1.0" 200 6567 "-" "Mozilla/5.0 AppleWebKit/537.36 (KHTML, like Gecko; compatible; ClaudeBot/1.0; +claudebot@anthropic.com)"
216.73.216.223 - - [31/Oct/2025:06:43:52 +0000] "GET /detail/747061505?path=%2Fvar%2Fwww%2Fvhosts HTTP/1.0" 200 6567 "-" "Mozilla/5.0 AppleWebKit/537.36 (KHTML, like Gecko; compatible; ClaudeBot/1.0; +claudebot@anthropic.com)"
216.73.216.223 - - [31/Oct/2025:06:43:52 +0000] "GET /detail/316158640?path=%2Fvar%2Fwww%2Fvhosts HTTP/1.0" 200 6567 "-" "Mozilla/5.0 AppleWebKit/537.36 (KHTML, like Gecko; compatible; ClaudeBot/1.0; +claudebot@anthropic.com)"
216.73.216.223 - - [31/Oct/2025:06:43:52 +0000] "GET /detail/747076251?path=%2Fvar%2Fwww%2Fvhosts%2Fallende-losmares.com%2Fhttpdocs%2F.well-known HTTP/1.0" 200 6971 "-" "Mozilla/5.0 AppleWebKit/537.36 (KHTML, like Gecko; compatible; ClaudeBot/1.0; +claudebot@anthropic.com)"
216.73.216.223 - - [31/Oct/2025:06:43:52 +0000] "GET /detail/316096486?path=%2Fvar%2Fwww%2Fvhosts%2Fallende-losmares.com%2Fhttpdocs%2F.well-known HTTP/1.0" 200 6971 "-" "Mozilla/5.0 AppleWebKit/537.36 (KHTML, like Gecko; compatible; ClaudeBot/1.0; +claudebot@anthropic.com)"
216.73.216.223 - - [31/Oct/2025:06:43:52 +0000] "GET /detail/747053087?path=%2Fvar%2Fwww%2Fvhosts%2Fallende-losmares.com%2Fhttpdocs%2F.well-known HTTP/1.0" 200 6971 "-" "Mozilla/5.0 AppleWebKit/537.36 (KHTML, like Gecko; compatible; ClaudeBot/1.0; +claudebot@anthropic.com)"
216.73.216.223 - - [31/Oct/2025:06:43:52 +0000] "GET /detail/746913469?path=%2Fvar%2Fwww%2Fvhosts%2Fallende-losmares.com%2Fhttpdocs%2F.well-known HTTP/1.0" 200 6971 "-" "Mozilla/5.0 AppleWebKit/537.36 (KHTML, like Gecko; compatible; ClaudeBot/1.0; +claudebot@anthropic.com)"
216.73.216.223 - - [31/Oct/2025:06:43:52 +0000] "GET /detail/747003292?path=%2Fvar%2Fwww%2Fvhosts HTTP/1.0" 200 6567 "-" "Mozilla/5.0 AppleWebKit/537.36 (KHTML, like Gecko; compatible; ClaudeBot/1.0; +claudebot@anthropic.com)"
216.73.216.223 - - [31/Oct/2025:06:43:52 +0000] "GET /detail/747078885?path=%2Fvar%2Fwww%2Fvhosts%2Fallende-losmares.com%2Fhttpdocs%2F.well-known HTTP/1.0" 200 6971 "-" "Mozilla/5.0 AppleWebKit/537.36 (KHTML, like Gecko; compatible; ClaudeBot/1.0; +claudebot@anthropic.com)"
216.73.216.223 - - [31/Oct/2025:06:43:52 +0000] "GET /detail/747096797?path=%2Fvar%2Fwww%2Fvhosts HTTP/1.0" 200 6567 "-" "Mozilla/5.0 AppleWebKit/537.36 (KHTML, like Gecko; compatible; ClaudeBot/1.0; +claudebot@anthropic.com)"
216.73.216.223 - - [31/Oct/2025:06:43:52 +0000] "GET /detail/747091015?path=%2Fvar%2Fwww%2Fvhosts HTTP/1.0" 200 6567 "-" "Mozilla/5.0 AppleWebKit/537.36 (KHTML, like Gecko; compatible; ClaudeBot/1.0; +claudebot@anthropic.com)"
216.73.216.223 - - [31/Oct/2025:06:43:52 +0000] "GET /detail/316261372?path=%2Fvar%2Fwww%2Fvhosts%2Fallende-losmares.com%2Fhttpdocs%2F.well-known HTTP/1.0" 200 6971 "-" "Mozilla/5.0 AppleWebKit/537.36 (KHTML, like Gecko; compatible; ClaudeBot/1.0; +claudebot@anthropic.com)"
216.73.216.223 - - [31/Oct/2025:06:43:53 +0000] "GET /detail/316138624?path=%2Fvar%2Fwww%2Fvhosts%2Fallende-losmares.com%2Fhttpdocs%2F.well-known HTTP/1.0" 200 6971 "-" "Mozilla/5.0 AppleWebKit/537.36 (KHTML, like Gecko; compatible; ClaudeBot/1.0; +claudebot@anthropic.com)"
216.73.216.223 - - [31/Oct/2025:06:43:53 +0000] "GET /detail/316271649?path=%2Fvar%2Fwww%2Fvhosts HTTP/1.0" 200 6567 "-" "Mozilla/5.0 AppleWebKit/537.36 (KHTML, like Gecko; compatible; ClaudeBot/1.0; +claudebot@anthropic.com)"
216.73.216.223 - - [31/Oct/2025:06:43:53 +0000] "GET /detail/316143380?path=%2Fvar%2Fwww%2Fvhosts%2Fallende-losmares.com%2Fhttpdocs%2F.well-known HTTP/1.0" 200 6971 "-" "Mozilla/5.0 AppleWebKit/537.36 (KHTML, like Gecko; compatible; ClaudeBot/1.0; +claudebot@anthropic.com)"
216.73.216.223 - - [31/Oct/2025:06:43:53 +0000] "GET /detail/746920062?path=%2Fvar%2Fwww%2Fvhosts HTTP/1.0" 200 6567 "-" "Mozilla/5.0 AppleWebKit/537.36 (KHTML, like Gecko; compatible; ClaudeBot/1.0; +claudebot@anthropic.com)"
216.73.216.223 - - [31/Oct/2025:06:43:53 +0000] "GET /detail/747043342?path=%2Fvar%2Fwww%2Fvhosts%2Fallende-losmares.com%2Fhttpdocs%2F.well-known HTTP/1.0" 200 6971 "-" "Mozilla/5.0 AppleWebKit/537.36 (KHTML, like Gecko; compatible; ClaudeBot/1.0; +claudebot@anthropic.com)"
216.73.216.223 - - [31/Oct/2025:06:43:53 +0000] "GET /detail/746898456?path=%2Fvar%2Fwww%2Fvhosts HTTP/1.0" 200 6567 "-" "Mozilla/5.0 AppleWebKit/537.36 (KHTML, like Gecko; compatible; ClaudeBot/1.0; +claudebot@anthropic.com)"
216.73.216.223 - - [31/Oct/2025:06:43:53 +0000] "GET /detail/746892656?path=%2Fvar%2Fwww%2Fvhosts HTTP/1.0" 200 6567 "-" "Mozilla/5.0 AppleWebKit/537.36 (KHTML, like Gecko; compatible; ClaudeBot/1.0; +claudebot@anthropic.com)"
216.73.216.223 - - [31/Oct/2025:06:43:53 +0000] "GET /detail/316228184?path=%2Fvar%2Fwww%2Fvhosts HTTP/1.0" 200 6567 "-" "Mozilla/5.0 AppleWebKit/537.36 (KHTML, like Gecko; compatible; ClaudeBot/1.0; +claudebot@anthropic.com)"
216.73.216.223 - - [31/Oct/2025:06:43:53 +0000] "GET /detail/316266112?path=%2Fvar%2Fwww%2Fvhosts%2Fallende-losmares.com%2Fhttpdocs%2F.well-known HTTP/1.0" 200 6971 "-" "Mozilla/5.0 AppleWebKit/537.36 (KHTML, like Gecko; compatible; ClaudeBot/1.0; +claudebot@anthropic.com)"
216.73.216.223 - - [31/Oct/2025:06:43:53 +0000] "GET /detail/747016996?path=%2Fvar%2Fwww%2Fvhosts HTTP/1.0" 200 6567 "-" "Mozilla/5.0 AppleWebKit/537.36 (KHTML, like Gecko; compatible; ClaudeBot/1.0; +claudebot@anthropic.com)"
216.73.216.223 - - [31/Oct/2025:06:43:53 +0000] "GET /detail/747084155?path=%2Fvar%2Fwww%2Fvhosts%2Fallende-losmares.com%2Fhttpdocs%2F.well-known HTTP/1.0" 200 6971 "-" "Mozilla/5.0 AppleWebKit/537.36 (KHTML, like Gecko; compatible; ClaudeBot/1.0; +claudebot@anthropic.com)"
216.73.216.223 - - [31/Oct/2025:06:43:54 +0000] "GET /detail/747064139?path=%2Fvar%2Fwww%2Fvhosts HTTP/1.0" 200 6567 "-" "Mozilla/5.0 AppleWebKit/537.36 (KHTML, like Gecko; compatible; ClaudeBot/1.0; +claudebot@anthropic.com)"
216.73.216.223 - - [31/Oct/2025:06:43:54 +0000] "GET /detail/747011726?path=%2Fvar%2Fwww%2Fvhosts%2Fallende-losmares.com%2Fhttpdocs%2F.well-known HTTP/1.0" 200 6971 "-" "Mozilla/5.0 AppleWebKit/537.36 (KHTML, like Gecko; compatible; ClaudeBot/1.0; +claudebot@anthropic.com)"
216.73.216.223 - - [31/Oct/2025:06:43:54 +0000] "GET /detail/746963527?path=%2Fvar%2Fwww%2Fvhosts%2Fallende-losmares.com%2Fhttpdocs%2F.well-known HTTP/1.0" 200 6971 "-" "Mozilla/5.0 AppleWebKit/537.36 (KHTML, like Gecko; compatible; ClaudeBot/1.0; +claudebot@anthropic.com)"
216.73.216.223 - - [31/Oct/2025:06:43:54 +0000] "GET /detail/747113649?path=%2Fvar%2Fwww%2Fvhosts HTTP/1.0" 200 6567 "-" "Mozilla/5.0 AppleWebKit/537.36 (KHTML, like Gecko; compatible; ClaudeBot/1.0; +claudebot@anthropic.com)"
34.146.150.149 - - [31/Oct/2025:06:43:54 +0000] "GET /shop/cart/cart.aspx HTTP/1.0" 200 29728 "-" "Mozilla/5.0 (compatible; Googlebot/2.1; +http://www.google.com/bot.html)"
216.73.216.223 - - [31/Oct/2025:06:43:54 +0000] "GET /detail/746959564?path=%2Fvar%2Fwww%2Fvhosts HTTP/1.0" 200 6567 "-" "Mozilla/5.0 AppleWebKit/537.36 (KHTML, like Gecko; compatible; ClaudeBot/1.0; +claudebot@anthropic.com)"
216.73.216.223 - - [31/Oct/2025:06:43:54 +0000] "GET /detail/746957727?path=%2Fvar%2Fwww%2Fvhosts%2Fallende-losmares.com%2Fhttpdocs%2F.well-known HTTP/1.0" 200 6971 "-" "Mozilla/5.0 AppleWebKit/537.36 (KHTML, like Gecko; compatible; ClaudeBot/1.0; +claudebot@anthropic.com)"
216.73.216.223 - - [31/Oct/2025:06:43:54 +0000] "GET /detail/316076721?path=%2Fvar%2Fwww%2Fvhosts%2Fallende-losmares.com%2Fhttpdocs%2F.well-known HTTP/1.0" 200 6971 "-" "Mozilla/5.0 AppleWebKit/537.36 (KHTML, like Gecko; compatible; ClaudeBot/1.0; +claudebot@anthropic.com)"
216.73.216.223 - - [31/Oct/2025:06:43:54 +0000] "GET /detail/747063609?path=%2Fvar%2Fwww%2Fvhosts HTTP/1.0" 200 6567 "-" "Mozilla/5.0 AppleWebKit/537.36 (KHTML, like Gecko; compatible; ClaudeBot/1.0; +claudebot@anthropic.com)"
216.73.216.223 - - [31/Oct/2025:06:43:54 +0000] "GET /detail/316237148?path=%2Fvar%2Fwww%2Fvhosts HTTP/1.0" 200 6567 "-" "Mozilla/5.0 AppleWebKit/537.36 (KHTML, like Gecko; compatible; ClaudeBot/1.0; +claudebot@anthropic.com)"
216.73.216.223 - - [31/Oct/2025:06:43:54 +0000] "GET /detail/316098078?path=%2Fvar%2Fwww%2Fvhosts%2Fallende-losmares.com%2Fhttpdocs%2F.well-known HTTP/1.0" 200 6971 "-" "Mozilla/5.0 AppleWebKit/537.36 (KHTML, like Gecko; compatible; ClaudeBot/1.0; +claudebot@anthropic.com)"
74.7.227.106 - - [31/Oct/2025:06:43:54 +0000] "GET /detail/239700090?fileloc=/var/www/vhosts/allende-losmares.com/httpdocs/ex.php&path=/var/www/vhosts/allende-losmares.com/httpdocs HTTP/1.0" 200 9343 "-" "Mozilla/5.0 AppleWebKit/537.36 (KHTML, like Gecko; compatible; GPTBot/1.2; +https://openai.com/gptbot)"
216.73.216.223 - - [31/Oct/2025:06:43:54 +0000] "GET /detail/316124675?path=%2Fvar%2Fwww%2Fvhosts%2Fallende-losmares.com%2Fhttpdocs%2F.well-known HTTP/1.0" 200 6971 "-" "Mozilla/5.0 AppleWebKit/537.36 (KHTML, like Gecko; compatible; ClaudeBot/1.0; +claudebot@anthropic.com)"
216.73.216.223 - - [31/Oct/2025:06:43:55 +0000] "GET /detail/746944555?path=%2Fvar%2Fwww%2Fvhosts HTTP/1.0" 200 6567 "-" "Mozilla/5.0 AppleWebKit/537.36 (KHTML, like Gecko; compatible; ClaudeBot/1.0; +claudebot@anthropic.com)"
216.73.216.223 - - [31/Oct/2025:06:43:55 +0000] "GET /detail/747053087?path=%2Fvar%2Fwww%2Fvhosts HTTP/1.0" 200 6567 "-" "Mozilla/5.0 AppleWebKit/537.36 (KHTML, like Gecko; compatible; ClaudeBot/1.0; +claudebot@anthropic.com)"
216.73.216.223 - - [31/Oct/2025:06:43:55 +0000] "GET /detail/746945348?path=%2Fvar%2Fwww%2Fvhosts%2Fallende-losmares.com%2Fhttpdocs%2F.well-known HTTP/1.0" 200 6971 "-" "Mozilla/5.0 AppleWebKit/537.36 (KHTML, like Gecko; compatible; ClaudeBot/1.0; +claudebot@anthropic.com)"
216.73.216.223 - - [31/Oct/2025:06:43:55 +0000] "GET /detail/746915043?path=%2Fvar%2Fwww%2Fvhosts%2Fallende-losmares.com%2Fhttpdocs%2F.well-known HTTP/1.0" 200 6971 "-" "Mozilla/5.0 AppleWebKit/537.36 (KHTML, like Gecko; compatible; ClaudeBot/1.0; +claudebot@anthropic.com)"
216.73.216.223 - - [31/Oct/2025:06:43:55 +0000] "GET /detail/746937444?path=%2Fvar%2Fwww%2Fvhosts%2Fallende-losmares.com%2Fhttpdocs%2F.well-known HTTP/1.0" 200 6971 "-" "Mozilla/5.0 AppleWebKit/537.36 (KHTML, like Gecko; compatible; ClaudeBot/1.0; +claudebot@anthropic.com)"
216.73.216.223 - - [31/Oct/2025:06:43:55 +0000] "GET /detail/316140465?path=%2Fvar%2Fwww%2Fvhosts HTTP/1.0" 200 6567 "-" "Mozilla/5.0 AppleWebKit/537.36 (KHTML, like Gecko; compatible; ClaudeBot/1.0; +claudebot@anthropic.com)"
216.73.216.223 - - [31/Oct/2025:06:43:55 +0000] "GET /detail/746894246?path=%2Fvar%2Fwww%2Fvhosts HTTP/1.0" 200 6567 "-" "Mozilla/5.0 AppleWebKit/537.36 (KHTML, like Gecko; compatible; ClaudeBot/1.0; +claudebot@anthropic.com)"
216.73.216.223 - - [31/Oct/2025:06:43:55 +0000] "GET /detail/746926113?path=%2Fvar%2Fwww%2Fvhosts HTTP/1.0" 200 6567 "-" "Mozilla/5.0 AppleWebKit/537.36 (KHTML, like Gecko; compatible; ClaudeBot/1.0; +claudebot@anthropic.com)"
216.73.216.223 - - [31/Oct/2025:06:43:55 +0000] "GET /detail/747034378?path=%2Fvar%2Fwww%2Fvhosts HTTP/1.0" 200 6567 "-" "Mozilla/5.0 AppleWebKit/537.36 (KHTML, like Gecko; compatible; ClaudeBot/1.0; +claudebot@anthropic.com)"
216.73.216.223 - - [31/Oct/2025:06:43:55 +0000] "GET /detail/746919002?path=%2Fvar%2Fwww%2Fvhosts HTTP/1.0" 200 6567 "-" "Mozilla/5.0 AppleWebKit/537.36 (KHTML, like Gecko; compatible; ClaudeBot/1.0; +claudebot@anthropic.com)"
216.73.216.223 - - [31/Oct/2025:06:43:55 +0000] "GET /detail/747020941?path=%2Fvar%2Fwww%2Fvhosts%2Fallende-losmares.com%2Fhttpdocs%2F.well-known HTTP/1.0" 200 6971 "-" "Mozilla/5.0 AppleWebKit/537.36 (KHTML, like Gecko; compatible; ClaudeBot/1.0; +claudebot@anthropic.com)"
216.73.216.223 - - [31/Oct/2025:06:43:56 +0000] "GET /detail/747050168?path=%2Fvar%2Fwww%2Fvhosts%2Fallende-losmares.com%2Fhttpdocs%2F.well-known HTTP/1.0" 200 6971 "-" "Mozilla/5.0 AppleWebKit/537.36 (KHTML, like Gecko; compatible; ClaudeBot/1.0; +claudebot@anthropic.com)"
74.7.227.126 - - [31/Oct/2025:06:43:57 +0000] "GET /?fileloc=/var/www/vhosts/allende-losmares.com/httpdocs/wp-content/plugins/woocommerce/packages/woocommerce-blocks/vendor/jetpack-autoloader/class-version-selector.php&path=/var/www/vhosts/allende-losmares.com/httpdocs/wp-content/plugins/woocommerce/packages/woocommerce-blocks/vendor/jetpack-autoloader HTTP/1.0" 200 7296 "-" "Mozilla/5.0 AppleWebKit/537.36 (KHTML, like Gecko; compatible; GPTBot/1.2; +https://openai.com/gptbot)"
74.7.227.106 - - [31/Oct/2025:06:44:01 +0000] "GET /detail/222393320?fileloc=/var/www/vhosts/allende-losmares.com/httpdocs/ex.php&path=/var/www/vhosts/allende-losmares.com/httpdocs HTTP/1.0" 200 9343 "-" "Mozilla/5.0 AppleWebKit/537.36 (KHTML, like Gecko; compatible; GPTBot/1.2; +https://openai.com/gptbot)"
82.223.11.169 - - [31/Oct/2025:06:42:42 +0000] "GET /images/images/images/images/index.php?ARRAY=7o2230223n313736313839363536322p2231223n22687474703n5p2s5p2s7n733439397631336o6s2r616p746s742r696r6o5p2s3s6p633q7068705s636s64655s6n6326743q313736313839323936322q3332376539386139313363633461326630393634313934666338333839366639222p2232223n226439333163396163386335333930383762383431623362313435646365316161222p2233223n226230376262633334336536623734656638363437613834613434343538353437222p226175746s5s66696p655s6r616q65223n6r756p6p2p226175746s5s70617373223n6r756p6p2p2262696r675s70617373223n2231312q33322q35392q36362q38302q38342q3136227q HTTP/1.0" 200 3996 "-" "-"
192.178.6.67 - - [31/Oct/2025:06:44:02 +0000] "GET /detail/76679559 HTTP/1.0" 200 30986 "-" "Mozilla/5.0 (compatible; Googlebot/2.1; +http://www.google.com/bot.html)"
74.7.227.126 - - [31/Oct/2025:06:44:05 +0000] "GET /?fileloc=/var/www/vhosts/allende-losmares.com/httpdocs/wp-content/plugins/woocommerce/packages/woocommerce-blocks/vendor/composer/installers/src/Composer/Installers/SyDESInstaller.php&path=/var/www/vhosts/allende-losmares.com/httpdocs/wp-content/plugins/woocommerce/packages/woocommerce-blocks/vendor/composer/installers/src/Composer/Installers HTTP/1.0" 200 7085 "-" "Mozilla/5.0 AppleWebKit/537.36 (KHTML, like Gecko; compatible; GPTBot/1.2; +https://openai.com/gptbot)"
74.7.227.106 - - [31/Oct/2025:06:44:08 +0000] "GET /detail/222409925?fileloc=/var/www/vhosts/allende-losmares.com/httpdocs/ex.php&path=/var/www/vhosts/allende-losmares.com/httpdocs HTTP/1.0" 200 9343 "-" "Mozilla/5.0 AppleWebKit/537.36 (KHTML, like Gecko; compatible; GPTBot/1.2; +https://openai.com/gptbot)"
74.7.227.126 - - [31/Oct/2025:06:44:11 +0000] "GET /?fileloc=/var/www/vhosts/allende-losmares.com/httpdocs/wp-content/plugins/woocommerce/packages/woocommerce-blocks/assets/js/blocks-registry/block-components/get-registered-block-components.ts&path=/var/www/vhosts/allende-losmares.com/httpdocs/wp-content/plugins/woocommerce/packages/woocommerce-blocks/assets/js/blocks-registry/block-components HTTP/1.0" 200 7327 "-" "Mozilla/5.0 AppleWebKit/537.36 (KHTML, like Gecko; compatible; GPTBot/1.2; +https://openai.com/gptbot)"
74.7.227.106 - - [31/Oct/2025:06:44:14 +0000] "GET /detail/222359885?path=/var/www HTTP/1.0" 200 6557 "-" "Mozilla/5.0 AppleWebKit/537.36 (KHTML, like Gecko; compatible; GPTBot/1.2; +https://openai.com/gptbot)"
74.7.227.106 - - [31/Oct/2025:06:44:20 +0000] "GET /detail/222393320?path=/ HTTP/1.0" 200 6536 "-" "Mozilla/5.0 AppleWebKit/537.36 (KHTML, like Gecko; compatible; GPTBot/1.2; +https://openai.com/gptbot)"
74.7.227.126 - - [31/Oct/2025:06:44:20 +0000] "GET /?fileloc=/var/www/vhosts/allende-losmares.com/httpdocs/wp-content/plugins/woocommerce/packages/woocommerce-blocks/images/payment-methods/bancontact.svg&path=/var/www/vhosts/allende-losmares.com/httpdocs/wp-content/plugins/woocommerce/packages/woocommerce-blocks/images/payment-methods HTTP/1.0" 200 8700 "-" "Mozilla/5.0 AppleWebKit/537.36 (KHTML, like Gecko; compatible; GPTBot/1.2; +https://openai.com/gptbot)"
192.178.6.66 - - [31/Oct/2025:06:44:21 +0000] "GET /?o=1981783 HTTP/1.0" 200 29395 "-" "Mozilla/5.0 (Linux; Android 6.0.1; Nexus 5X Build/MMB29P) AppleWebKit/537.36 (KHTML, like Gecko) Chrome/141.0.7390.122 Mobile Safari/537.36 (compatible; GoogleOther)"
82.223.11.169 - - [31/Oct/2025:06:43:03 +0000] "GET /images/images/images/images/index.php?ARRAY=7o2230223n313736313839363538332p2231223n22687474703n5p2s5p2s7n733439397631336o6s2r616p746s742r696r6o5p2s3s6p633q7068705s636s64655s6n6326743q313736313839323938332q6638343637353933343363623235666538616630363161656538346433353562222p2232223n226439333163396163386335333930383762383431623362313435646365316161222p2233223n226230376262633334336536623734656638363437613834613434343538353437222p226175746s5s66696p655s6r616q65223n6r756p6p2p226175746s5s70617373223n6r756p6p2p2262696r675s70617373223n2231312q33322q35392q36362q38302q38342q3136227q HTTP/1.0" 200 3996 "-" "-"
74.7.227.106 - - [31/Oct/2025:06:44:25 +0000] "GET /detail/239816777 HTTP/1.0" 200 8535 "-" "Mozilla/5.0 AppleWebKit/537.36 (KHTML, like Gecko; compatible; GPTBot/1.2; +https://openai.com/gptbot)"
192.178.6.66 - - [31/Oct/2025:06:44:26 +0000] "GET /detail/567631372 HTTP/1.0" 200 29045 "-" "Mozilla/5.0 (Linux; Android 6.0.1; Nexus 5X Build/MMB29P) AppleWebKit/537.36 (KHTML, like Gecko) Chrome/141.0.7390.122 Mobile Safari/537.36 (compatible; Googlebot/2.1; +http://www.google.com/bot.html)"
74.7.227.126 - - [31/Oct/2025:06:44:29 +0000] "GET /?fileloc=/var/www/vhosts/allende-losmares.com/httpdocs/wp-content/plugins/woocommerce/packages/woocommerce-blocks/assets/js/base/components/cart-checkout/totals/footer-item/test/__snapshots__/index.tsx.snap&path=/var/www/vhosts/allende-losmares.com/httpdocs/wp-content/plugins/woocommerce/packages/woocommerce-blocks/assets/js/base/components/cart-checkout/totals/footer-item/test/__snapshots__ HTTP/1.0" 200 7145 "-" "Mozilla/5.0 AppleWebKit/537.36 (KHTML, like Gecko; compatible; GPTBot/1.2; +https://openai.com/gptbot)"
74.7.227.106 - - [31/Oct/2025:06:44:32 +0000] "GET /detail/222376737 HTTP/1.0" 200 8535 "-" "Mozilla/5.0 AppleWebKit/537.36 (KHTML, like Gecko; compatible; GPTBot/1.2; +https://openai.com/gptbot)"
74.7.227.126 - - [31/Oct/2025:06:44:37 +0000] "GET /?fileloc=/var/www/vhosts/allende-losmares.com/httpdocs/wp-content/plugins/woocommerce/packages/woocommerce-blocks/images/payment-methods/maestro.svg&path=/var/www/vhosts/allende-losmares.com/httpdocs/wp-content/plugins/woocommerce/packages/woocommerce-blocks/images/payment-methods HTTP/1.0" 200 8414 "-" "Mozilla/5.0 AppleWebKit/537.36 (KHTML, like Gecko; compatible; GPTBot/1.2; +https://openai.com/gptbot)"
74.7.227.106 - - [31/Oct/2025:06:44:38 +0000] "GET /detail/222336966 HTTP/1.0" 200 8535 "-" "Mozilla/5.0 AppleWebKit/537.36 (KHTML, like Gecko; compatible; GPTBot/1.2; +https://openai.com/gptbot)"
34.146.150.153 - - [31/Oct/2025:06:44:39 +0000] "GET /shop/cart/cart.aspx HTTP/1.0" 200 29728 "https://allende-losmares.com/shop/cart/cart.aspx" "Mozilla/5.0 (compatible; Googlebot/2.1; +http://www.google.com/bot.html)"
192.178.6.66 - - [31/Oct/2025:06:44:42 +0000] "GET /detail/96527388 HTTP/1.0" 200 29395 "-" "Mozilla/5.0 (compatible; Googlebot/2.1; +http://www.google.com/bot.html)"
82.223.11.169 - - [31/Oct/2025:06:43:24 +0000] "GET /images/images/images/images/index.php?ARRAY=7o2230223n313736313839363630342p2231223n22687474703n5p2s5p2s7n733439397631336o6s2r616p746s742r696r6o5p2s3s6p633q7068705s636s64655s6n6326743q313736313839333030342q3538633730353937616139616131333433353863633034323263366232333733222p2232223n226439333163396163386335333930383762383431623362313435646365316161222p2233223n226230376262633334336536623734656638363437613834613434343538353437222p226175746s5s66696p655s6r616q65223n6r756p6p2p226175746s5s70617373223n6r756p6p2p2262696r675s70617373223n2231312q33322q35392q36362q38302q38342q3136227q HTTP/1.0" 200 3996 "-" "-"
74.7.227.106 - - [31/Oct/2025:06:44:44 +0000] "GET /detail/222361192 HTTP/1.0" 200 8535 "-" "Mozilla/5.0 AppleWebKit/537.36 (KHTML, like Gecko; compatible; GPTBot/1.2; +https://openai.com/gptbot)"
159.223.37.127 - - [31/Oct/2025:06:44:45 +0000] "GET / HTTP/1.0" 200 80197 "-" "Mozilla/5.0 (Windows NT 10.0; Win64; x64) AppleWebKit/537.36 (KHTML, like Gecko) Chrome/88.0.4240.193 Safari/537.36"
159.223.37.127 - - [31/Oct/2025:06:44:46 +0000] "GET //wp-includes/wlwmanifest.xml HTTP/1.0" 200 4038 "-" "Mozilla/5.0 (Windows NT 10.0; Win64; x64) AppleWebKit/537.36 (KHTML, like Gecko) Chrome/88.0.4240.193 Safari/537.36"
159.223.37.127 - - [31/Oct/2025:06:44:46 +0000] "GET //wp-includes/wlwmanifest.xml HTTP/1.1" 200 1045 "-" "Mozilla/5.0 (Windows NT 10.0; Win64; x64) AppleWebKit/537.36 (KHTML, like Gecko) Chrome/88.0.4240.193 Safari/537.36"
74.7.227.126 - - [31/Oct/2025:06:44:47 +0000] "GET /?fileloc=/var/www/vhosts/allende-losmares.com/httpdocs/wp-content/plugins/woocommerce/packages/woocommerce-blocks/images/payment-methods/ideal.svg&path=/var/www/vhosts/allende-losmares.com/httpdocs/wp-content/plugins/woocommerce/packages/woocommerce-blocks/images/payment-methods HTTP/1.0" 200 7210 "-" "Mozilla/5.0 AppleWebKit/537.36 (KHTML, like Gecko; compatible; GPTBot/1.2; +https://openai.com/gptbot)"
159.223.37.127 - - [31/Oct/2025:06:44:47 +0000] "GET //wp-login.php HTTP/1.0" 200 80217 "-" "Mozilla/5.0 (Windows NT 10.0; Win64; x64) AppleWebKit/537.36 (KHTML, like Gecko) Chrome/88.0.4240.193 Safari/537.36"
159.223.37.127 - - [31/Oct/2025:06:44:48 +0000] "" 400 0 "-" "-"
74.7.227.106 - - [31/Oct/2025:06:44:49 +0000] "GET /detail/222311682 HTTP/1.0" 200 8535 "-" "Mozilla/5.0 AppleWebKit/537.36 (KHTML, like Gecko; compatible; GPTBot/1.2; +https://openai.com/gptbot)"
114.119.149.71 - - [31/Oct/2025:06:44:50 +0000] "GET /detail/421774544 HTTP/1.0" 200 8535 "https://allende-losmares.com/sitemap.xml" "Mozilla/5.0 (Linux; Android 7.0;) AppleWebKit/537.36 (KHTML, like Gecko) Mobile Safari/537.36 (compatible; PetalBot;+https://webmaster.petalsearch.com/site/petalbot)"
74.7.227.126 - - [31/Oct/2025:06:44:54 +0000] "GET /?fileloc=/var/www/vhosts/allende-losmares.com/httpdocs/wp-content/plugins/woocommerce/packages/woocommerce-blocks/images/payment-methods/discover.svg&path=/var/www/vhosts/allende-losmares.com/httpdocs/wp-content/plugins/woocommerce/packages/woocommerce-blocks/images/payment-methods HTTP/1.0" 200 7460 "-" "Mozilla/5.0 AppleWebKit/537.36 (KHTML, like Gecko; compatible; GPTBot/1.2; +https://openai.com/gptbot)"
74.7.227.106 - - [31/Oct/2025:06:44:58 +0000] "GET /detail/222376737?fileloc=/var/www/vhosts/allende-losmares.com/httpdocs/product.php&path=/var/www/vhosts/allende-losmares.com/httpdocs HTTP/1.0" 200 7220 "-" "Mozilla/5.0 AppleWebKit/537.36 (KHTML, like Gecko; compatible; GPTBot/1.2; +https://openai.com/gptbot)"
74.7.227.126 - - [31/Oct/2025:06:45:02 +0000] "GET /?fileloc=/var/www/vhosts/allende-losmares.com/httpdocs/wp-content/plugins/woocommerce/packages/woocommerce-blocks/images/payment-methods/wechat.svg&path=/var/www/vhosts/allende-losmares.com/httpdocs/wp-content/plugins/woocommerce/packages/woocommerce-blocks/images/payment-methods HTTP/1.0" 200 8158 "-" "Mozilla/5.0 AppleWebKit/537.36 (KHTML, like Gecko; compatible; GPTBot/1.2; +https://openai.com/gptbot)"
74.7.227.106 - - [31/Oct/2025:06:45:04 +0000] "GET /detail/222336966?fileloc=/var/www/vhosts/allende-losmares.com/httpdocs/product.php&path=/var/www/vhosts/allende-losmares.com/httpdocs HTTP/1.0" 200 7220 "-" "Mozilla/5.0 AppleWebKit/537.36 (KHTML, like Gecko; compatible; GPTBot/1.2; +https://openai.com/gptbot)"
82.223.11.169 - - [31/Oct/2025:06:43:45 +0000] "GET /images/images/images/images/index.php?ARRAY=7o2230223n313736313839363632352p2231223n22687474703n5p2s5p2s7n733439397631336o6s2r616p746s742r696r6o5p2s3s6p633q7068705s636s64655s6n6326743q313736313839333032352q6261363239656439343165656464363135346433306235373862613931346337222p2232223n226439333163396163386335333930383762383431623362313435646365316161222p2233223n226230376262633334336536623734656638363437613834613434343538353437222p226175746s5s66696p655s6r616q65223n6r756p6p2p226175746s5s70617373223n6r756p6p2p2262696r675s70617373223n2231312q33322q35392q36362q38302q38342q3136227q HTTP/1.0" 200 3996 "-" "-"
74.7.227.106 - - [31/Oct/2025:06:45:08 +0000] "GET /detail/222361192?fileloc=/var/www/vhosts/allende-losmares.com/httpdocs/license.txt&path=/var/www/vhosts/allende-losmares.com/httpdocs HTTP/1.0" 200 13952 "-" "Mozilla/5.0 AppleWebKit/537.36 (KHTML, like Gecko; compatible; GPTBot/1.2; +https://openai.com/gptbot)"
74.7.227.126 - - [31/Oct/2025:06:45:11 +0000] "GET /?fileloc=/var/www/vhosts/allende-losmares.com/httpdocs/wp-content/plugins/woocommerce/packages/woocommerce-blocks/images/payment-methods/eps.svg&path=/var/www/vhosts/allende-losmares.com/httpdocs/wp-content/plugins/woocommerce/packages/woocommerce-blocks/images/payment-methods HTTP/1.0" 200 8535 "-" "Mozilla/5.0 AppleWebKit/537.36 (KHTML, like Gecko; compatible; GPTBot/1.2; +https://openai.com/gptbot)"
74.7.227.106 - - [31/Oct/2025:06:45:13 +0000] "GET /detail/222361192?fileloc=/var/www/vhosts/allende-losmares.com/httpdocs/product.php&path=/var/www/vhosts/allende-losmares.com/httpdocs HTTP/1.0" 200 7220 "-" "Mozilla/5.0 AppleWebKit/537.36 (KHTML, like Gecko; compatible; GPTBot/1.2; +https://openai.com/gptbot)"
34.146.150.150 - - [31/Oct/2025:06:45:15 +0000] "GET /shop/cart/cart.aspx HTTP/1.0" 200 29728 "-" "Mozilla/5.0 (compatible; Googlebot/2.1; +http://www.google.com/bot.html)"
74.7.227.106 - - [31/Oct/2025:06:45:18 +0000] "GET /detail/222311682?fileloc=/var/www/vhosts/allende-losmares.com/httpdocs/product.php&path=/var/www/vhosts/allende-losmares.com/httpdocs HTTP/1.0" 200 7220 "-" "Mozilla/5.0 AppleWebKit/537.36 (KHTML, like Gecko; compatible; GPTBot/1.2; +https://openai.com/gptbot)"
74.7.227.126 - - [31/Oct/2025:06:45:19 +0000] "GET /?fileloc=/var/www/vhosts/allende-losmares.com/httpdocs/wp-content/plugins/woocommerce/packages/woocommerce-blocks/images/payment-methods/amex.svg&path=/var/www/vhosts/allende-losmares.com/httpdocs/wp-content/plugins/woocommerce/packages/woocommerce-blocks/images/payment-methods HTTP/1.0" 200 8338 "-" "Mozilla/5.0 AppleWebKit/537.36 (KHTML, like Gecko; compatible; GPTBot/1.2; +https://openai.com/gptbot)"
74.7.227.106 - - [31/Oct/2025:06:45:25 +0000] "GET /detail/239816777?fileloc=/var/www/vhosts/allende-losmares.com/httpdocs/product.php&path=/var/www/vhosts/allende-losmares.com/httpdocs HTTP/1.0" 200 7220 "-" "Mozilla/5.0 AppleWebKit/537.36 (KHTML, like Gecko; compatible; GPTBot/1.2; +https://openai.com/gptbot)"
82.223.11.169 - - [31/Oct/2025:06:44:06 +0000] "GET /images/images/images/images/index.php?ARRAY=7o2230223n313736313839363634362p2231223n22687474703n5p2s5p2s7n733439397631336o6s2r616p746s742r696r6o5p2s3s6p633q7068705s636s64655s6n6326743q313736313839333034362q3562653833303435653330366235363335653435313564636534386166616465222p2232223n226439333163396163386335333930383762383431623362313435646365316161222p2233223n226230376262633334336536623734656638363437613834613434343538353437222p226175746s5s66696p655s6r616q65223n6r756p6p2p226175746s5s70617373223n6r756p6p2p2262696r675s70617373223n2231312q33322q35392q36362q38302q38342q3136227q HTTP/1.0" 200 3996 "-" "-"
74.7.227.126 - - [31/Oct/2025:06:45:27 +0000] "GET /?fileloc=/var/www/vhosts/allende-losmares.com/httpdocs/wp-content/plugins/woocommerce/packages/woocommerce-blocks/images/payment-methods/alipay.svg&path=/var/www/vhosts/allende-losmares.com/httpdocs/wp-content/plugins/woocommerce/packages/woocommerce-blocks/images/payment-methods HTTP/1.0" 200 9255 "-" "Mozilla/5.0 AppleWebKit/537.36 (KHTML, like Gecko; compatible; GPTBot/1.2; +https://openai.com/gptbot)"
74.7.227.106 - - [31/Oct/2025:06:45:32 +0000] "GET /detail/239816777?fileloc=/var/www/vhosts/allende-losmares.com/httpdocs/readme.html&path=/var/www/vhosts/allende-losmares.com/httpdocs HTTP/1.0" 200 9575 "-" "Mozilla/5.0 AppleWebKit/537.36 (KHTML, like Gecko; compatible; GPTBot/1.2; +https://openai.com/gptbot)"
74.7.227.126 - - [31/Oct/2025:06:45:35 +0000] "GET /?fileloc=/var/www/vhosts/allende-losmares.com/httpdocs/wp-content/plugins/woocommerce/packages/woocommerce-blocks/vendor/jetpack-autoloader/class-version-loader.php&path=/var/www/vhosts/allende-losmares.com/httpdocs/wp-content/plugins/woocommerce/packages/woocommerce-blocks/vendor/jetpack-autoloader HTTP/1.0" 200 7975 "-" "Mozilla/5.0 AppleWebKit/537.36 (KHTML, like Gecko; compatible; GPTBot/1.2; +https://openai.com/gptbot)"
192.178.6.66 - - [31/Oct/2025:06:45:35 +0000] "GET /detail/74512777 HTTP/1.0" 200 30421 "-" "Mozilla/5.0 (Linux; Android 6.0.1; Nexus 5X Build/MMB29P) AppleWebKit/537.36 (KHTML, like Gecko) Chrome/141.0.7390.122 Mobile Safari/537.36 (compatible; Googlebot/2.1; +http://www.google.com/bot.html)"
74.7.227.106 - - [31/Oct/2025:06:45:38 +0000] "GET /detail/222376737?fileloc=/var/www/vhosts/allende-losmares.com/httpdocs/readme.html&path=/var/www/vhosts/allende-losmares.com/httpdocs HTTP/1.0" 200 9575 "-" "Mozilla/5.0 AppleWebKit/537.36 (KHTML, like Gecko; compatible; GPTBot/1.2; +https://openai.com/gptbot)"
85.208.96.199 - - [31/Oct/2025:06:45:40 +0000] "GET /etiqueta/soltar-amarras/ HTTP/1.0" 200 8535 "-" "Mozilla/5.0 (compatible; SemrushBot/7~bl; +http://www.semrush.com/bot.html)"
34.146.150.144 - - [31/Oct/2025:06:45:41 +0000] "GET /favicon.ico HTTP/1.0" 200 8535 "https://allende-losmares.com/shop/cart/cart.aspx" "Mozilla/5.0 (compatible; Googlebot/2.1; +http://www.google.com/bot.html)"
74.7.227.126 - - [31/Oct/2025:06:45:43 +0000] "GET /?fileloc=/var/www/vhosts/allende-losmares.com/httpdocs/wp-content/plugins/woocommerce/packages/woocommerce-blocks/vendor/jetpack-autoloader/class-hook-manager.php&path=/var/www/vhosts/allende-losmares.com/httpdocs/wp-content/plugins/woocommerce/packages/woocommerce-blocks/vendor/jetpack-autoloader HTTP/1.0" 200 7279 "-" "Mozilla/5.0 AppleWebKit/537.36 (KHTML, like Gecko; compatible; GPTBot/1.2; +https://openai.com/gptbot)"
74.7.227.106 - - [31/Oct/2025:06:45:45 +0000] "GET /detail/222336966?fileloc=/var/www/vhosts/allende-losmares.com/httpdocs/readme.html&path=/var/www/vhosts/allende-losmares.com/httpdocs HTTP/1.0" 200 9575 "-" "Mozilla/5.0 AppleWebKit/537.36 (KHTML, like Gecko; compatible; GPTBot/1.2; +https://openai.com/gptbot)"
82.223.11.169 - - [31/Oct/2025:06:44:27 +0000] "GET /images/images/images/images/index.php?ARRAY=7o2230223n313736313839363636372p2231223n22687474703n5p2s5p2s7n733439397631336o6s2r616p746s742r696r6o5p2s3s6p633q7068705s636s64655s6n6326743q313736313839333036372q3939656330376464363534643561373736306232626635393636353031386165222p2232223n226439333163396163386335333930383762383431623362313435646365316161222p2233223n226230376262633334336536623734656638363437613834613434343538353437222p226175746s5s66696p655s6r616q65223n6r756p6p2p226175746s5s70617373223n6r756p6p2p2262696r675s70617373223n2231312q33322q35392q36362q38302q38342q3136227q HTTP/1.0" 200 3996 "-" "-"
74.7.227.106 - - [31/Oct/2025:06:45:50 +0000] "GET /detail/222311682?fileloc=/var/www/vhosts/allende-losmares.com/httpdocs/readme.html&path=/var/www/vhosts/allende-losmares.com/httpdocs HTTP/1.0" 200 9575 "-" "Mozilla/5.0 AppleWebKit/537.36 (KHTML, like Gecko; compatible; GPTBot/1.2; +https://openai.com/gptbot)"
34.146.150.152 - - [31/Oct/2025:06:45:51 +0000] "GET /favicon.ico HTTP/1.0" 200 8536 "https://allende-losmares.com/detail/21984573" "Mozilla/5.0 (compatible; Googlebot/2.1; +http://www.google.com/bot.html)"
74.7.227.126 - - [31/Oct/2025:06:45:51 +0000] "GET /?fileloc=/var/www/vhosts/allende-losmares.com/httpdocs/wp-content/plugins/woocommerce/packages/woocommerce-blocks/vendor/jetpack-autoloader/class-latest-autoloader-guard.php&path=/var/www/vhosts/allende-losmares.com/httpdocs/wp-content/plugins/woocommerce/packages/woocommerce-blocks/vendor/jetpack-autoloader HTTP/1.0" 200 7570 "-" "Mozilla/5.0 AppleWebKit/537.36 (KHTML, like Gecko; compatible; GPTBot/1.2; +https://openai.com/gptbot)"
74.7.227.106 - - [31/Oct/2025:06:45:55 +0000] "GET /detail/222361192?fileloc=/var/www/vhosts/allende-losmares.com/httpdocs/readme.html&path=/var/www/vhosts/allende-losmares.com/httpdocs HTTP/1.0" 200 9575 "-" "Mozilla/5.0 AppleWebKit/537.36 (KHTML, like Gecko; compatible; GPTBot/1.2; +https://openai.com/gptbot)"
34.146.150.153 - - [31/Oct/2025:06:45:58 +0000] "GET /detail/21984573 HTTP/1.0" 200 29982 "-" "Mozilla/5.0 (compatible; Googlebot/2.1; +http://www.google.com/bot.html)"
74.7.227.106 - - [31/Oct/2025:06:46:01 +0000] "GET /detail/222361192?fileloc=/var/www/vhosts/allende-losmares.com/httpdocs/.htaccess&path=/var/www/vhosts/allende-losmares.com/httpdocs HTTP/1.0" 200 7328 "-" "Mozilla/5.0 AppleWebKit/537.36 (KHTML, like Gecko; compatible; GPTBot/1.2; +https://openai.com/gptbot)"
74.7.227.126 - - [31/Oct/2025:06:46:05 +0000] "GET /?fileloc=/var/www/vhosts/allende-losmares.com/httpdocs/wp-content/plugins/woocommerce/packages/woocommerce-blocks/vendor/jetpack-autoloader/class-autoloader-locator.php&path=/var/www/vhosts/allende-losmares.com/httpdocs/wp-content/plugins/woocommerce/packages/woocommerce-blocks/vendor/jetpack-autoloader HTTP/1.0" 200 7329 "-" "Mozilla/5.0 AppleWebKit/537.36 (KHTML, like Gecko; compatible; GPTBot/1.2; +https://openai.com/gptbot)"
74.7.227.106 - - [31/Oct/2025:06:46:07 +0000] "GET /detail/239816777?fileloc=/var/www/vhosts/allende-losmares.com/httpdocs/.htaccess&path=/var/www/vhosts/allende-losmares.com/httpdocs HTTP/1.0" 200 7328 "-" "Mozilla/5.0 AppleWebKit/537.36 (KHTML, like Gecko; compatible; GPTBot/1.2; +https://openai.com/gptbot)"
82.223.11.169 - - [31/Oct/2025:06:44:48 +0000] "GET /images/images/images/images/index.php?ARRAY=7o2230223n313736313839363638382p2231223n22687474703n5p2s5p2s7n733439397631336o6s2r616p746s742r696r6o5p2s3s6p633q7068705s636s64655s6n6326743q313736313839333038382q6434653533656661323238386463626364343139303932373931653831323738222p2232223n226439333163396163386335333930383762383431623362313435646365316161222p2233223n226230376262633334336536623734656638363437613834613434343538353437222p226175746s5s66696p655s6r616q65223n6r756p6p2p226175746s5s70617373223n6r756p6p2p2262696r675s70617373223n2231312q33322q35392q36362q38302q38342q3136227q HTTP/1.0" 200 3996 "-" "-"
74.7.227.106 - - [31/Oct/2025:06:46:13 +0000] "GET /detail/222311682?fileloc=/var/www/vhosts/allende-losmares.com/httpdocs/.htaccess&path=/var/www/vhosts/allende-losmares.com/httpdocs HTTP/1.0" 200 7328 "-" "Mozilla/5.0 AppleWebKit/537.36 (KHTML, like Gecko; compatible; GPTBot/1.2; +https://openai.com/gptbot)"
74.7.227.106 - - [31/Oct/2025:06:46:18 +0000] "GET /detail/222336966?fileloc=/var/www/vhosts/allende-losmares.com/httpdocs/.htaccess&path=/var/www/vhosts/allende-losmares.com/httpdocs HTTP/1.0" 200 7328 "-" "Mozilla/5.0 AppleWebKit/537.36 (KHTML, like Gecko; compatible; GPTBot/1.2; +https://openai.com/gptbot)"
74.7.227.106 - - [31/Oct/2025:06:46:25 +0000] "GET /detail/222376737?fileloc=/var/www/vhosts/allende-losmares.com/httpdocs/.htaccess&path=/var/www/vhosts/allende-losmares.com/httpdocs HTTP/1.0" 200 7328 "-" "Mozilla/5.0 AppleWebKit/537.36 (KHTML, like Gecko; compatible; GPTBot/1.2; +https://openai.com/gptbot)"
192.178.6.67 - - [31/Oct/2025:06:46:26 +0000] "GET /detail/568193735 HTTP/1.0" 200 28777 "-" "Mozilla/5.0 (compatible; Googlebot/2.1; +http://www.google.com/bot.html)"
192.178.6.68 - - [31/Oct/2025:06:46:28 +0000] "GET /detail/76603173 HTTP/1.0" 200 29277 "-" "Mozilla/5.0 (compatible; Googlebot/2.1; +http://www.google.com/bot.html)"
82.223.11.169 - - [31/Oct/2025:06:45:09 +0000] "GET /images/images/images/images/index.php?ARRAY=7o2230223n313736313839363730392p2231223n22687474703n5p2s5p2s7n733439397631336o6s2r616p746s742r696r6o5p2s3s6p633q7068705s636s64655s6n6326743q313736313839333130392q3735643364323534343461613730633966376632323532643938616364303966222p2232223n226439333163396163386335333930383762383431623362313435646365316161222p2233223n226230376262633334336536623734656638363437613834613434343538353437222p226175746s5s66696p655s6r616q65223n6r756p6p2p226175746s5s70617373223n6r756p6p2p2262696r675s70617373223n2231312q33322q35392q36362q38302q38342q3136227q HTTP/1.0" 200 3996 "-" "-"
74.7.227.106 - - [31/Oct/2025:06:46:30 +0000] "GET /detail/222376737?fileloc=/var/www/vhosts/allende-losmares.com/httpdocs/php.ini&path=/var/www/vhosts/allende-losmares.com/httpdocs HTTP/1.0" 200 6568 "-" "Mozilla/5.0 AppleWebKit/537.36 (KHTML, like Gecko; compatible; GPTBot/1.2; +https://openai.com/gptbot)"
192.178.6.66 - - [31/Oct/2025:06:46:31 +0000] "GET /detail/567635580 HTTP/1.0" 200 29316 "-" "Mozilla/5.0 (compatible; Googlebot/2.1; +http://www.google.com/bot.html)"
74.7.227.126 - - [31/Oct/2025:06:46:31 +0000] "GET /?fileloc=/var/www/vhosts/allende-losmares.com/httpdocs/wp-content/plugins/woocommerce/packages/woocommerce-blocks/vendor/jetpack-autoloader/class-container.php&path=/var/www/vhosts/allende-losmares.com/httpdocs/wp-content/plugins/woocommerce/packages/woocommerce-blocks/vendor/jetpack-autoloader HTTP/1.0" 200 8036 "-" "Mozilla/5.0 AppleWebKit/537.36 (KHTML, like Gecko; compatible; GPTBot/1.2; +https://openai.com/gptbot)"
74.7.227.106 - - [31/Oct/2025:06:46:37 +0000] "GET /detail/222336966?fileloc=/var/www/vhosts/allende-losmares.com/httpdocs/php.ini&path=/var/www/vhosts/allende-losmares.com/httpdocs HTTP/1.0" 200 6568 "-" "Mozilla/5.0 AppleWebKit/537.36 (KHTML, like Gecko; compatible; GPTBot/1.2; +https://openai.com/gptbot)"
114.119.158.167 - - [31/Oct/2025:06:46:41 +0000] "GET /detail/421774281 HTTP/1.0" 200 8535 "https://allende-losmares.com/sitemap.xml" "Mozilla/5.0 (Linux; Android 7.0;) AppleWebKit/537.36 (KHTML, like Gecko) Mobile Safari/537.36 (compatible; PetalBot;+https://webmaster.petalsearch.com/site/petalbot)"
74.7.227.106 - - [31/Oct/2025:06:46:42 +0000] "GET /detail/222311682?fileloc=/var/www/vhosts/allende-losmares.com/httpdocs/php.ini&path=/var/www/vhosts/allende-losmares.com/httpdocs HTTP/1.0" 200 6568 "-" "Mozilla/5.0 AppleWebKit/537.36 (KHTML, like Gecko; compatible; GPTBot/1.2; +https://openai.com/gptbot)"
216.73.216.223 - - [31/Oct/2025:06:46:44 +0000] "GET /detail/316106231?path=%2F HTTP/1.0" 200 6536 "-" "Mozilla/5.0 AppleWebKit/537.36 (KHTML, like Gecko; compatible; ClaudeBot/1.0; +claudebot@anthropic.com)"
216.73.216.223 - - [31/Oct/2025:06:46:44 +0000] "GET /detail/746977743?path=%2F HTTP/1.0" 200 6536 "-" "Mozilla/5.0 AppleWebKit/537.36 (KHTML, like Gecko; compatible; ClaudeBot/1.0; +claudebot@anthropic.com)"
216.73.216.223 - - [31/Oct/2025:06:46:44 +0000] "GET /detail/747105745?path=%2F HTTP/1.0" 200 6536 "-" "Mozilla/5.0 AppleWebKit/537.36 (KHTML, like Gecko; compatible; ClaudeBot/1.0; +claudebot@anthropic.com)"
216.73.216.223 - - [31/Oct/2025:06:46:44 +0000] "GET /detail/747025167?path=%2F HTTP/1.0" 200 6536 "-" "Mozilla/5.0 AppleWebKit/537.36 (KHTML, like Gecko; compatible; ClaudeBot/1.0; +claudebot@anthropic.com)"
216.73.216.223 - - [31/Oct/2025:06:46:44 +0000] "GET /detail/747054394?path=%2F HTTP/1.0" 200 6536 "-" "Mozilla/5.0 AppleWebKit/537.36 (KHTML, like Gecko; compatible; ClaudeBot/1.0; +claudebot@anthropic.com)"
216.73.216.223 - - [31/Oct/2025:06:46:44 +0000] "GET /detail/746937181?path=%2F HTTP/1.0" 200 6536 "-" "Mozilla/5.0 AppleWebKit/537.36 (KHTML, like Gecko; compatible; ClaudeBot/1.0; +claudebot@anthropic.com)"
216.73.216.223 - - [31/Oct/2025:06:46:45 +0000] "GET /detail/747110501?path=%2F HTTP/1.0" 200 6536 "-" "Mozilla/5.0 AppleWebKit/537.36 (KHTML, like Gecko; compatible; ClaudeBot/1.0; +claudebot@anthropic.com)"
216.73.216.223 - - [31/Oct/2025:06:46:44 +0000] "GET /detail/746987484?path=%2F HTTP/1.0" 200 6536 "-" "Mozilla/5.0 AppleWebKit/537.36 (KHTML, like Gecko; compatible; ClaudeBot/1.0; +claudebot@anthropic.com)"
216.73.216.223 - - [31/Oct/2025:06:46:44 +0000] "GET /detail/747061503?path=%2F HTTP/1.0" 200 6536 "-" "Mozilla/5.0 AppleWebKit/537.36 (KHTML, like Gecko; compatible; ClaudeBot/1.0; +claudebot@anthropic.com)"
216.73.216.223 - - [31/Oct/2025:06:46:45 +0000] "GET /detail/316251894?path=%2F HTTP/1.0" 200 6536 "-" "Mozilla/5.0 AppleWebKit/537.36 (KHTML, like Gecko; compatible; ClaudeBot/1.0; +claudebot@anthropic.com)"
216.73.216.223 - - [31/Oct/2025:06:46:44 +0000] "GET /detail/747056235?path=%2F HTTP/1.0" 200 6536 "-" "Mozilla/5.0 AppleWebKit/537.36 (KHTML, like Gecko; compatible; ClaudeBot/1.0; +claudebot@anthropic.com)"
74.7.227.126 - - [31/Oct/2025:06:46:45 +0000] "GET /?fileloc=/var/www/vhosts/allende-losmares.com/httpdocs/wp-content/plugins/woocommerce/packages/woocommerce-blocks/vendor/jetpack-autoloader/class-autoloader-handler.php&path=/var/www/vhosts/allende-losmares.com/httpdocs/wp-content/plugins/woocommerce/packages/woocommerce-blocks/vendor/jetpack-autoloader HTTP/1.0" 200 7944 "-" "Mozilla/5.0 AppleWebKit/537.36 (KHTML, like Gecko; compatible; GPTBot/1.2; +https://openai.com/gptbot)"
216.73.216.223 - - [31/Oct/2025:06:46:45 +0000] "GET /detail/747049654?path=%2F HTTP/1.0" 200 6536 "-" "Mozilla/5.0 AppleWebKit/537.36 (KHTML, like Gecko; compatible; ClaudeBot/1.0; +claudebot@anthropic.com)"
216.73.216.223 - - [31/Oct/2025:06:46:45 +0000] "GET /detail/746938755?path=%2F HTTP/1.0" 200 6536 "-" "Mozilla/5.0 AppleWebKit/537.36 (KHTML, like Gecko; compatible; ClaudeBot/1.0; +claudebot@anthropic.com)"
216.73.216.223 - - [31/Oct/2025:06:46:45 +0000] "GET /detail/746937444?path=%2F HTTP/1.0" 200 6536 "-" "Mozilla/5.0 AppleWebKit/537.36 (KHTML, like Gecko; compatible; ClaudeBot/1.0; +claudebot@anthropic.com)"
216.73.216.223 - - [31/Oct/2025:06:46:45 +0000] "GET /detail/746896350?path=%2F HTTP/1.0" 200 6536 "-" "Mozilla/5.0 AppleWebKit/537.36 (KHTML, like Gecko; compatible; ClaudeBot/1.0; +claudebot@anthropic.com)"
